{"id":2042,"date":"2020-09-16T15:42:04","date_gmt":"2020-09-16T18:42:04","guid":{"rendered":"https:\/\/ccpe.org.ar\/web\/?post_type=mec-events&#038;p=2042"},"modified":"2020-09-17T16:06:18","modified_gmt":"2020-09-17T19:06:18","slug":"humedales-santuarios-esenciales-para-la-vida","status":"publish","type":"mec-events","link":"https:\/\/ccpe.org.ar\/web\/actividades\/humedales-santuarios-esenciales-para-la-vida\/","title":{"rendered":"Humedales, santuarios esenciales para la vida"},"content":{"rendered":"<p><span style=\"font-weight: 400;\">Charla con Pablo Nisenson, director de <\/span><i><span style=\"font-weight: 400;\">La Mirada del Colibr\u00ed<\/span><\/i><span style=\"font-weight: 400;\"> (2017) y Pablo Varela, bi\u00f3logo miembro de la Asociaci\u00f3n Argentino Uruguaya de Econom\u00eda Ecol\u00f3gica y de la organizaci\u00f3n de Ambientalistas Autoconvocados; Laura Prol, antrop\u00f3loga, coordinadora del \u00e1rea \u201cHumedales y r\u00edos para la vida\u201d del Taller Ecologista; y Mar\u00eda Victoria Dunda Abogada Ambientalista. Se recomienda la visualizaci\u00f3n de la pel\u00edcula para asistir al debate. Coordina: Virginia Russo.<\/span><\/p>\n<p><span style=\"font-weight: 400;\">El encuentro (virtual) se desarrollar\u00e1 a trav\u00e9s del Facebook live @laestradarosario<\/span><\/p>\n<p><b><i>La Mirada del Colibr\u00ed:<\/i><\/b><a href=\"https:\/\/youtu.be\/1MDyMkpmdsk\"> <span style=\"font-weight: 400;\">https:\/\/youtu.be\/1MDyMkpmdsk<\/span><\/a><\/p>\n<p><iframe loading=\"lazy\" src=\"https:\/\/www.youtube.com\/embed\/1MDyMkpmdsk\" width=\"560\" height=\"315\" frameborder=\"0\" allowfullscreen=\"allowfullscreen\"><\/iframe><\/p>\n<p><span style=\"font-weight: 400;\">Pablo Le\u00f3nidas N\u00edsenson presenta a un observador de la naturaleza llamado Francisco Javier de Amorrortu, quien dedica sus d\u00edas a defender los humedales, santuarios esenciales que est\u00e1n siendo devastados por la infinita ambici\u00f3n del hombre. Las abundantes investigaciones ecosist\u00e9micas y demandas judiciales que lleva adelante\u00a0 buscan defender los humedales.<\/span><\/p>\n<p><span style=\"font-weight: 400;\">Este documental muestra una historia que a trav\u00e9s de la emoci\u00f3n y la empat\u00eda nos acerca una nueva mirada para redescubrir el valor de la vida en cuanto esta tiene de sagrada y maravillosa. En un mundo signado por una mirada mercantil de la existencia, la pel\u00edcula llega para recordarnos que es urgente construir una mirada que incorpore los opuestos, los complementarios, que nos permita ser junto a los otros, siendo los otros, y que alcance a creer que el Hombre y la Tierra son semejantes.<\/span><\/p>\n<p>Argentina, 2017<br \/>\nDirecci\u00f3n: Pablo Nisenson<br \/>\nGui\u00f3n: Pablo Nisenson y Viviana Su\u00e1rez<br \/>\nProducci\u00f3n: Pablo Nisenson<br \/>\nDistribuidora: Independiente<br \/>\nDuraci\u00f3n: 85 minutos<\/p>\n<p><b>Organiza Ojo Verde: Cine Socioambiental<\/b><\/p>\n<p><span style=\"font-weight: 400;\">Colectiva sin fines de lucro, integrada por un conjunto de organizaciones gubernamentales, de la sociedad civil y personas independientes que a trav\u00e9s de producciones audiovisuales tiene como objetivo generar un espacio de encuentros para la reflexi\u00f3n y discusi\u00f3n sobre problem\u00e1ticas socioambientales y de derechos humanos para fomentar el esp\u00edritu cr\u00edtico, el intercambio de saberes y difundir investigaciones cient\u00edficas y saberes populares que permitan producir y pensar otras maneras de habitar nuestros territorios.<\/span><\/p>\n<p><span style=\"font-weight: 400;\">Integran Ojo Verde: Centro Cultural Parque de Espa\u00f1a \/ AMTRAM \/ Museo Provincial de Ciencias Naturales \u201cDr. \u00c1ngel Gallardo\u201d \/ Propuesta Sur \/ Paren de Fumigarnos \/ Biblioteca P\u00fablica Municipal Jos\u00e9 Manuel Estrada\/ Taller de Comunicaci\u00f3n Ambiental.<\/span><\/p>\n","protected":false},"excerpt":{"rendered":"<p>Proyecci\u00f3n de La Mirada del Colibr\u00ed (2017) y charla con su director, Pablo Nisenson. Participan: Pablo Varela, Laura Prol y Mar\u00eda Victoria Dunda. <\/p>\n","protected":false},"author":2,"featured_media":2043,"comment_status":"closed","ping_status":"closed","template":"","tags":[],"mec_category":[20,19],"yoast_head":"<!-- This site is optimized with the Yoast SEO plugin v23.5 - https:\/\/yoast.com\/wordpress\/plugins\/seo\/ -->\n<title>Humedales, santuarios esenciales para la vida - Centro Cultural Parque de Espa\u00f1a\/AECID<\/title>\n<meta name=\"robots\" content=\"index, follow, max-snippet:-1, max-image-preview:large, max-video-preview:-1\" \/>\n<link rel=\"canonical\" href=\"https:\/\/ccpe.org.ar\/web\/actividades\/humedales-santuarios-esenciales-para-la-vida\/\" \/>\n<meta property=\"og:locale\" content=\"es_ES\" \/>\n<meta property=\"og:type\" content=\"article\" \/>\n<meta property=\"og:title\" content=\"Humedales, santuarios esenciales para la vida - Centro Cultural Parque de Espa\u00f1a\/AECID\" \/>\n<meta property=\"og:description\" content=\"Proyecci\u00f3n de La Mirada del Colibr\u00ed (2017) y charla con su director, Pablo Nisenson. Participan: Pablo Varela, Laura Prol y Mar\u00eda Victoria Dunda.\" \/>\n<meta property=\"og:url\" content=\"https:\/\/ccpe.org.ar\/web\/actividades\/humedales-santuarios-esenciales-para-la-vida\/\" \/>\n<meta property=\"og:site_name\" content=\"Centro Cultural Parque de Espa\u00f1a\/AECID\" \/>\n<meta property=\"article:publisher\" content=\"https:\/\/www.facebook.com\/CCPErosario\/\" \/>\n<meta property=\"article:modified_time\" content=\"2020-09-17T19:06:18+00:00\" \/>\n<meta property=\"og:image\" content=\"https:\/\/ccpe.org.ar\/web\/wp-content\/uploads\/2020\/09\/b_la-mirada-del-colibri.jpg\" \/>\n\t<meta property=\"og:image:width\" content=\"1080\" \/>\n\t<meta property=\"og:image:height\" content=\"600\" \/>\n\t<meta property=\"og:image:type\" content=\"image\/jpeg\" \/>\n<meta name=\"twitter:card\" content=\"summary_large_image\" \/>\n<meta name=\"twitter:site\" content=\"@ccpe\" \/>\n<meta name=\"twitter:label1\" content=\"Tiempo de lectura\" \/>\n\t<meta name=\"twitter:data1\" content=\"2 minutos\" \/>\n<script type=\"application\/ld+json\" class=\"yoast-schema-graph\">{\"@context\":\"https:\/\/schema.org\",\"@graph\":[{\"@type\":\"WebPage\",\"@id\":\"https:\/\/ccpe.org.ar\/web\/actividades\/humedales-santuarios-esenciales-para-la-vida\/\",\"url\":\"https:\/\/ccpe.org.ar\/web\/actividades\/humedales-santuarios-esenciales-para-la-vida\/\",\"name\":\"Humedales, santuarios esenciales para la vida - Centro Cultural Parque de Espa\u00f1a\/AECID\",\"isPartOf\":{\"@id\":\"https:\/\/ccpe.org.ar\/web\/#website\"},\"primaryImageOfPage\":{\"@id\":\"https:\/\/ccpe.org.ar\/web\/actividades\/humedales-santuarios-esenciales-para-la-vida\/#primaryimage\"},\"image\":{\"@id\":\"https:\/\/ccpe.org.ar\/web\/actividades\/humedales-santuarios-esenciales-para-la-vida\/#primaryimage\"},\"thumbnailUrl\":\"https:\/\/ccpe.org.ar\/web\/wp-content\/uploads\/2020\/09\/b_la-mirada-del-colibri.jpg\",\"datePublished\":\"2020-09-16T18:42:04+00:00\",\"dateModified\":\"2020-09-17T19:06:18+00:00\",\"breadcrumb\":{\"@id\":\"https:\/\/ccpe.org.ar\/web\/actividades\/humedales-santuarios-esenciales-para-la-vida\/#breadcrumb\"},\"inLanguage\":\"es\",\"potentialAction\":[{\"@type\":\"ReadAction\",\"target\":[\"https:\/\/ccpe.org.ar\/web\/actividades\/humedales-santuarios-esenciales-para-la-vida\/\"]}]},{\"@type\":\"ImageObject\",\"inLanguage\":\"es\",\"@id\":\"https:\/\/ccpe.org.ar\/web\/actividades\/humedales-santuarios-esenciales-para-la-vida\/#primaryimage\",\"url\":\"https:\/\/ccpe.org.ar\/web\/wp-content\/uploads\/2020\/09\/b_la-mirada-del-colibri.jpg\",\"contentUrl\":\"https:\/\/ccpe.org.ar\/web\/wp-content\/uploads\/2020\/09\/b_la-mirada-del-colibri.jpg\",\"width\":1080,\"height\":600},{\"@type\":\"BreadcrumbList\",\"@id\":\"https:\/\/ccpe.org.ar\/web\/actividades\/humedales-santuarios-esenciales-para-la-vida\/#breadcrumb\",\"itemListElement\":[{\"@type\":\"ListItem\",\"position\":1,\"name\":\"Portada\",\"item\":\"https:\/\/ccpe.org.ar\/web\/\"},{\"@type\":\"ListItem\",\"position\":2,\"name\":\"Humedales, santuarios esenciales para la vida\"}]},{\"@type\":\"WebSite\",\"@id\":\"https:\/\/ccpe.org.ar\/web\/#website\",\"url\":\"https:\/\/ccpe.org.ar\/web\/\",\"name\":\"Centro Cultural Parque de Espa\u00f1a\/AECID\",\"description\":\"Sitio web del Centro Cultural Parque de Espa\u00f1a\/AECID\",\"potentialAction\":[{\"@type\":\"SearchAction\",\"target\":{\"@type\":\"EntryPoint\",\"urlTemplate\":\"https:\/\/ccpe.org.ar\/web\/?s={search_term_string}\"},\"query-input\":{\"@type\":\"PropertyValueSpecification\",\"valueRequired\":true,\"valueName\":\"search_term_string\"}}],\"inLanguage\":\"es\"}]}<\/script>\n<!-- \/ Yoast SEO plugin. -->","yoast_head_json":{"title":"Humedales, santuarios esenciales para la vida - Centro Cultural Parque de Espa\u00f1a\/AECID","robots":{"index":"index","follow":"follow","max-snippet":"max-snippet:-1","max-image-preview":"max-image-preview:large","max-video-preview":"max-video-preview:-1"},"canonical":"https:\/\/ccpe.org.ar\/web\/actividades\/humedales-santuarios-esenciales-para-la-vida\/","og_locale":"es_ES","og_type":"article","og_title":"Humedales, santuarios esenciales para la vida - Centro Cultural Parque de Espa\u00f1a\/AECID","og_description":"Proyecci\u00f3n de La Mirada del Colibr\u00ed (2017) y charla con su director, Pablo Nisenson. Participan: Pablo Varela, Laura Prol y Mar\u00eda Victoria Dunda.","og_url":"https:\/\/ccpe.org.ar\/web\/actividades\/humedales-santuarios-esenciales-para-la-vida\/","og_site_name":"Centro Cultural Parque de Espa\u00f1a\/AECID","article_publisher":"https:\/\/www.facebook.com\/CCPErosario\/","article_modified_time":"2020-09-17T19:06:18+00:00","og_image":[{"width":1080,"height":600,"url":"https:\/\/ccpe.org.ar\/web\/wp-content\/uploads\/2020\/09\/b_la-mirada-del-colibri.jpg","type":"image\/jpeg"}],"twitter_card":"summary_large_image","twitter_site":"@ccpe","twitter_misc":{"Tiempo de lectura":"2 minutos"},"schema":{"@context":"https:\/\/schema.org","@graph":[{"@type":"WebPage","@id":"https:\/\/ccpe.org.ar\/web\/actividades\/humedales-santuarios-esenciales-para-la-vida\/","url":"https:\/\/ccpe.org.ar\/web\/actividades\/humedales-santuarios-esenciales-para-la-vida\/","name":"Humedales, santuarios esenciales para la vida - Centro Cultural Parque de Espa\u00f1a\/AECID","isPartOf":{"@id":"https:\/\/ccpe.org.ar\/web\/#website"},"primaryImageOfPage":{"@id":"https:\/\/ccpe.org.ar\/web\/actividades\/humedales-santuarios-esenciales-para-la-vida\/#primaryimage"},"image":{"@id":"https:\/\/ccpe.org.ar\/web\/actividades\/humedales-santuarios-esenciales-para-la-vida\/#primaryimage"},"thumbnailUrl":"https:\/\/ccpe.org.ar\/web\/wp-content\/uploads\/2020\/09\/b_la-mirada-del-colibri.jpg","datePublished":"2020-09-16T18:42:04+00:00","dateModified":"2020-09-17T19:06:18+00:00","breadcrumb":{"@id":"https:\/\/ccpe.org.ar\/web\/actividades\/humedales-santuarios-esenciales-para-la-vida\/#breadcrumb"},"inLanguage":"es","potentialAction":[{"@type":"ReadAction","target":["https:\/\/ccpe.org.ar\/web\/actividades\/humedales-santuarios-esenciales-para-la-vida\/"]}]},{"@type":"ImageObject","inLanguage":"es","@id":"https:\/\/ccpe.org.ar\/web\/actividades\/humedales-santuarios-esenciales-para-la-vida\/#primaryimage","url":"https:\/\/ccpe.org.ar\/web\/wp-content\/uploads\/2020\/09\/b_la-mirada-del-colibri.jpg","contentUrl":"https:\/\/ccpe.org.ar\/web\/wp-content\/uploads\/2020\/09\/b_la-mirada-del-colibri.jpg","width":1080,"height":600},{"@type":"BreadcrumbList","@id":"https:\/\/ccpe.org.ar\/web\/actividades\/humedales-santuarios-esenciales-para-la-vida\/#breadcrumb","itemListElement":[{"@type":"ListItem","position":1,"name":"Portada","item":"https:\/\/ccpe.org.ar\/web\/"},{"@type":"ListItem","position":2,"name":"Humedales, santuarios esenciales para la vida"}]},{"@type":"WebSite","@id":"https:\/\/ccpe.org.ar\/web\/#website","url":"https:\/\/ccpe.org.ar\/web\/","name":"Centro Cultural Parque de Espa\u00f1a\/AECID","description":"Sitio web del Centro Cultural Parque de Espa\u00f1a\/AECID","potentialAction":[{"@type":"SearchAction","target":{"@type":"EntryPoint","urlTemplate":"https:\/\/ccpe.org.ar\/web\/?s={search_term_string}"},"query-input":{"@type":"PropertyValueSpecification","valueRequired":true,"valueName":"search_term_string"}}],"inLanguage":"es"}]}},"_links":{"self":[{"href":"https:\/\/ccpe.org.ar\/web\/wp-json\/wp\/v2\/mec-events\/2042"}],"collection":[{"href":"https:\/\/ccpe.org.ar\/web\/wp-json\/wp\/v2\/mec-events"}],"about":[{"href":"https:\/\/ccpe.org.ar\/web\/wp-json\/wp\/v2\/types\/mec-events"}],"author":[{"embeddable":true,"href":"https:\/\/ccpe.org.ar\/web\/wp-json\/wp\/v2\/users\/2"}],"replies":[{"embeddable":true,"href":"https:\/\/ccpe.org.ar\/web\/wp-json\/wp\/v2\/comments?post=2042"}],"wp:featuredmedia":[{"embeddable":true,"href":"https:\/\/ccpe.org.ar\/web\/wp-json\/wp\/v2\/media\/2043"}],"wp:attachment":[{"href":"https:\/\/ccpe.org.ar\/web\/wp-json\/wp\/v2\/media?parent=2042"}],"wp:term":[{"taxonomy":"post_tag","embeddable":true,"href":"https:\/\/ccpe.org.ar\/web\/wp-json\/wp\/v2\/tags?post=2042"},{"taxonomy":"mec_category","embeddable":true,"href":"https:\/\/ccpe.org.ar\/web\/wp-json\/wp\/v2\/mec_category?post=2042"}],"curies":[{"name":"wp","href":"https:\/\/api.w.org\/{rel}","templated":true}]}}

<p><span style="font-weight: 400;">Charla con Pablo Nisenson, director de </span><i><span style="font-weight: 400;">La Mirada del Colibrí</span></i><span style="font-weight: 400;"> (2017) y Pablo Varela, biólogo miembro de la Asociación Argentino Uruguaya de Economía Ecológica y de la organización de Ambientalistas Autoconvocados; Laura Prol, antropóloga, coordinadora del área “Humedales y ríos para la vida” del Taller Ecologista; y María Victoria Dunda Abogada Ambientalista. Se recomienda la visualización de la película para asistir al debate. Coordina: Virginia Russo.</span></p>
<p><span style="font-weight: 400;">El encuentro (virtual) se desarrollará a través del Facebook live @laestradarosario</span></p>
<p><b><i>La Mirada del Colibrí:</i></b><a href="https://youtu.be/1MDyMkpmdsk"> <span style="font-weight: 400;">https://youtu.be/1MDyMkpmdsk</span></a></p>
<p><iframe loading="lazy" src="https://www.youtube.com/embed/1MDyMkpmdsk" width="560" height="315" frameborder="0" allowfullscreen="allowfullscreen"></iframe></p>
<p><span style="font-weight: 400;">Pablo Leónidas Nísenson presenta a un observador de la naturaleza llamado Francisco Javier de Amorrortu, quien dedica sus días a defender los humedales, santuarios esenciales que están siendo devastados por la infinita ambición del hombre. Las abundantes investigaciones ecosistémicas y demandas judiciales que lleva adelante  buscan defender los humedales.</span></p>
<p><span style="font-weight: 400;">Este documental muestra una historia que a través de la emoción y la empatía nos acerca una nueva mirada para redescubrir el valor de la vida en cuanto esta tiene de sagrada y maravillosa. En un mundo signado por una mirada mercantil de la existencia, la película llega para recordarnos que es urgente construir una mirada que incorpore los opuestos, los complementarios, que nos permita ser junto a los otros, siendo los otros, y que alcance a creer que el Hombre y la Tierra son semejantes.</span></p>
<p>Argentina, 2017<br />
Dirección: Pablo Nisenson<br />
Guión: Pablo Nisenson y Viviana Suárez<br />
Producción: Pablo Nisenson<br />
Distribuidora: Independiente<br />
Duración: 85 minutos</p>
<p><b>Organiza Ojo Verde: Cine Socioambiental</b></p>
<p><span style="font-weight: 400;">Colectiva sin fines de lucro, integrada por un conjunto de organizaciones gubernamentales, de la sociedad civil y personas independientes que a través de producciones audiovisuales tiene como objetivo generar un espacio de encuentros para la reflexión y discusión sobre problemáticas socioambientales y de derechos humanos para fomentar el espíritu crítico, el intercambio de saberes y difundir investigaciones científicas y saberes populares que permitan producir y pensar otras maneras de habitar nuestros territorios.</span></p>
<p><span style="font-weight: 400;">Integran Ojo Verde: Centro Cultural Parque de España / AMTRAM / Museo Provincial de Ciencias Naturales “Dr. Ángel Gallardo” / Propuesta Sur / Paren de Fumigarnos / Biblioteca Pública Municipal José Manuel Estrada/ Taller de Comunicación Ambiental.</span></p>

<p>Proyección de La Mirada del Colibrí (2017) y charla con su director, Pablo Nisenson. Participan: Pablo Varela, Laura Prol y María Victoria Dunda. </p>

<!-- This site is optimized with the Yoast SEO plugin v23.5 - https://yoast.com/wordpress/plugins/seo/ -->
<title>Humedales, santuarios esenciales para la vida - Centro Cultural Parque de España/AECID</title>
<meta name="robots" content="index, follow, max-snippet:-1, max-image-preview:large, max-video-preview:-1" />
<link rel="canonical" href="https://ccpe.org.ar/web/actividades/humedales-santuarios-esenciales-para-la-vida/" />
<meta property="og:locale" content="es_ES" />
<meta property="og:type" content="article" />
<meta property="og:title" content="Humedales, santuarios esenciales para la vida - Centro Cultural Parque de España/AECID" />
<meta property="og:description" content="Proyección de La Mirada del Colibrí (2017) y charla con su director, Pablo Nisenson. Participan: Pablo Varela, Laura Prol y María Victoria Dunda." />
<meta property="og:url" content="https://ccpe.org.ar/web/actividades/humedales-santuarios-esenciales-para-la-vida/" />
<meta property="og:site_name" content="Centro Cultural Parque de España/AECID" />
<meta property="article:publisher" content="https://www.facebook.com/CCPErosario/" />
<meta property="article:modified_time" content="2020-09-17T19:06:18+00:00" />
<meta property="og:image" content="https://ccpe.org.ar/web/wp-content/uploads/2020/09/b_la-mirada-del-colibri.jpg" />
	<meta property="og:image:width" content="1080" />
	<meta property="og:image:height" content="600" />
	<meta property="og:image:type" content="image/jpeg" />
<meta name="twitter:card" content="summary_large_image" />
<meta name="twitter:site" content="@ccpe" />
<meta name="twitter:label1" content="Tiempo de lectura" />
	<meta name="twitter:data1" content="2 minutos" />
<script type="application/ld+json" class="yoast-schema-graph">{"@context":"https://schema.org","@graph":[{"@type":"WebPage","@id":"https://ccpe.org.ar/web/actividades/humedales-santuarios-esenciales-para-la-vida/","url":"https://ccpe.org.ar/web/actividades/humedales-santuarios-esenciales-para-la-vida/","name":"Humedales, santuarios esenciales para la vida - Centro Cultural Parque de España/AECID","isPartOf":{"@id":"https://ccpe.org.ar/web/#website"},"primaryImageOfPage":{"@id":"https://ccpe.org.ar/web/actividades/humedales-santuarios-esenciales-para-la-vida/#primaryimage"},"image":{"@id":"https://ccpe.org.ar/web/actividades/humedales-santuarios-esenciales-para-la-vida/#primaryimage"},"thumbnailUrl":"https://ccpe.org.ar/web/wp-content/uploads/2020/09/b_la-mirada-del-colibri.jpg","datePublished":"2020-09-16T18:42:04+00:00","dateModified":"2020-09-17T19:06:18+00:00","breadcrumb":{"@id":"https://ccpe.org.ar/web/actividades/humedales-santuarios-esenciales-para-la-vida/#breadcrumb"},"inLanguage":"es","potentialAction":[{"@type":"ReadAction","target":["https://ccpe.org.ar/web/actividades/humedales-santuarios-esenciales-para-la-vida/"]}]},{"@type":"ImageObject","inLanguage":"es","@id":"https://ccpe.org.ar/web/actividades/humedales-santuarios-esenciales-para-la-vida/#primaryimage","url":"https://ccpe.org.ar/web/wp-content/uploads/2020/09/b_la-mirada-del-colibri.jpg","contentUrl":"https://ccpe.org.ar/web/wp-content/uploads/2020/09/b_la-mirada-del-colibri.jpg","width":1080,"height":600},{"@type":"BreadcrumbList","@id":"https://ccpe.org.ar/web/actividades/humedales-santuarios-esenciales-para-la-vida/#breadcrumb","itemListElement":[{"@type":"ListItem","position":1,"name":"Portada","item":"https://ccpe.org.ar/web/"},{"@type":"ListItem","position":2,"name":"Humedales, santuarios esenciales para la vida"}]},{"@type":"WebSite","@id":"https://ccpe.org.ar/web/#website","url":"https://ccpe.org.ar/web/","name":"Centro Cultural Parque de España/AECID","description":"Sitio web del Centro Cultural Parque de España/AECID","potentialAction":[{"@type":"SearchAction","target":{"@type":"EntryPoint","urlTemplate":"https://ccpe.org.ar/web/?s={search_term_string}"},"query-input":{"@type":"PropertyValueSpecification","valueRequired":true,"valueName":"search_term_string"}}],"inLanguage":"es"}]}</script>
<!-- / Yoast SEO plugin. -->

Humedales, santuarios esenciales para la vida - Centro Cultural Parque de España/AECID

Proyección de La Mirada del Colibrí (2017) y charla con su director, Pablo Nisenson. Participan: Pablo Varela, Laura Prol y María Victoria Dunda.

Centro Cultural Parque de España/AECID

Sitio web del Centro Cultural Parque de España/AECID
