{"id":2267,"date":"2020-10-19T16:58:24","date_gmt":"2020-10-19T19:58:24","guid":{"rendered":"https:\/\/ccpe.org.ar\/web\/?post_type=mec-events&#038;p=2267"},"modified":"2020-10-26T15:08:32","modified_gmt":"2020-10-26T18:08:32","slug":"pueblos-originarios-memoria-y-territorios-restituciones-que-urgen","status":"publish","type":"mec-events","link":"https:\/\/ccpe.org.ar\/web\/actividades\/pueblos-originarios-memoria-y-territorios-restituciones-que-urgen\/","title":{"rendered":"Pueblos originarios, Memoria y Territorios. Restituciones que urgen"},"content":{"rendered":"<p dir=\"ltr\">Charla con Sebasti\u00e1n D\u00edaz, director del documental 4 Lonkos: vida, muerte y profanaci\u00f3n; Nora Galv\u00e1n, s\u00e9ptima generaci\u00f3n de descendientes del cacique Juan Catriel; Claudia Gotta, Profesora y Licenciada en Historia (UNR), Creadora y Coordinadora Acad\u00e9mica de la C\u00e1tedra Libre: \u201cSaberes, creencias y luchas de los Pueblos Originarios\u201d; Rafael Curtoni, Doctor en Ciencias Naturales y Licenciado en Ciencias Antropol\u00f3gicas con orientaci\u00f3n arqueol\u00f3gica. Investigador de CONICET. Coordina Germ\u00e1n Giordano, miembro de Ojo Verde. Cine Socioambiental. En el marco del D\u00eda de la diversidad cultural.<\/p>\n<p dir=\"ltr\">A trav\u00e9s de <a href=\"https:\/\/www.facebook.com\/amtramrosario\">Facebook live de AMTRAM, @amtramrosario<\/a><\/p>\n<p dir=\"ltr\">Se recomienda la visualizaci\u00f3n de la pel\u00edcula para asistir al debate: <a href=\"https:\/\/vimeo.com\/323817586\" target=\"_blank\" rel=\"noopener noreferrer\" data-saferedirecturl=\"https:\/\/www.google.com\/url?q=https:\/\/vimeo.com\/323817586&amp;source=gmail&amp;ust=1603221425949000&amp;usg=AFQjCNFrASmJy6gHvRZNTeoobkSTcMsGmg\">https:\/\/vimeo.com\/323817586<\/a><\/p>\n<p dir=\"ltr\"><strong>Sinopsis<\/strong><\/p>\n<p dir=\"ltr\">4 Lonkos narra la vida, muerte y profanaci\u00f3n de los restos mortales de tres grandes caciques de La Pampa y Patagonia: Mariano Rosas, Cipriano Catriel y Juan Calfucur\u00e1, quienes luego de la sangrienta Campa\u00f1a del Desierto, fueron profanados en nombre de la ciencia. Tambi\u00e9n da cuenta de un cuarto lonko o cacique, el irreductible Vicente Pinc\u00e9n, quien una vez detenido por el coronel Villegas, s\u00f3lo pudo ser capturado en cuatro famosas placas fotogr\u00e1ficas.<\/p>\n<p dir=\"ltr\"><strong>Organiza Ojo Verde: Cine Socioambiental<\/strong><\/p>\n<p dir=\"ltr\">Colectiva sin fines de lucro, integrada por un conjunto de organizaciones gubernamentales, de la sociedad civil y personas independientes que a trav\u00e9s de producciones audiovisuales tiene como objetivo generar un espacio de encuentros para la reflexi\u00f3n y discusi\u00f3n sobre problem\u00e1ticas socioambientales y de derechos humanos para fomentar el esp\u00edritu cr\u00edtico, el intercambio de saberes y difundir investigaciones cient\u00edficas y saberes populares que permitan producir y pensar otras maneras de habitar nuestros territorios.<\/p>\n<p dir=\"ltr\">Integran Ojo Verde: Centro Cultural Parque de Espa\u00f1a \/ AMTRAM \/ Museo Provincial de Ciencias Naturales \u201cDr. \u00c1ngel Gallardo\u201d \/ Propuesta Sur \/ Paren de Fumigarnos \/ Biblioteca P\u00fablica Municipal Jos\u00e9 Manuel Estrada\/ Taller de Comunicaci\u00f3n Ambiental<\/p>\n","protected":false},"excerpt":{"rendered":"<p>Sebasti\u00e1n D\u00edaz, director del documental 4 Lonkos: vida, muerte y profanaci\u00f3n conversar\u00e1 con Nora Galv\u00e1n, Claudia Gotta y Rafael Curtoni. Coordina Germ\u00e1n Giordano.<\/p>\n","protected":false},"author":2,"featured_media":2268,"comment_status":"closed","ping_status":"closed","template":"","tags":[],"mec_category":[20,19],"yoast_head":"<!-- This site is optimized with the Yoast SEO plugin v23.5 - https:\/\/yoast.com\/wordpress\/plugins\/seo\/ -->\n<title>Pueblos originarios, Memoria y Territorios. Restituciones que urgen - Centro Cultural Parque de Espa\u00f1a\/AECID<\/title>\n<meta name=\"robots\" content=\"index, follow, max-snippet:-1, max-image-preview:large, max-video-preview:-1\" \/>\n<link rel=\"canonical\" href=\"https:\/\/ccpe.org.ar\/web\/actividades\/pueblos-originarios-memoria-y-territorios-restituciones-que-urgen\/\" \/>\n<meta property=\"og:locale\" content=\"es_ES\" \/>\n<meta property=\"og:type\" content=\"article\" \/>\n<meta property=\"og:title\" content=\"Pueblos originarios, Memoria y Territorios. Restituciones que urgen - Centro Cultural Parque de Espa\u00f1a\/AECID\" \/>\n<meta property=\"og:description\" content=\"Sebasti\u00e1n D\u00edaz, director del documental 4 Lonkos: vida, muerte y profanaci\u00f3n conversar\u00e1 con Nora Galv\u00e1n, Claudia Gotta y Rafael Curtoni. Coordina Germ\u00e1n Giordano.\" \/>\n<meta property=\"og:url\" content=\"https:\/\/ccpe.org.ar\/web\/actividades\/pueblos-originarios-memoria-y-territorios-restituciones-que-urgen\/\" \/>\n<meta property=\"og:site_name\" content=\"Centro Cultural Parque de Espa\u00f1a\/AECID\" \/>\n<meta property=\"article:publisher\" content=\"https:\/\/www.facebook.com\/CCPErosario\/\" \/>\n<meta property=\"article:modified_time\" content=\"2020-10-26T18:08:32+00:00\" \/>\n<meta property=\"og:image\" content=\"https:\/\/ccpe.org.ar\/web\/wp-content\/uploads\/2020\/10\/b_diversidad.jpg\" \/>\n\t<meta property=\"og:image:width\" content=\"1080\" \/>\n\t<meta property=\"og:image:height\" content=\"600\" \/>\n\t<meta property=\"og:image:type\" content=\"image\/jpeg\" \/>\n<meta name=\"twitter:card\" content=\"summary_large_image\" \/>\n<meta name=\"twitter:site\" content=\"@ccpe\" \/>\n<meta name=\"twitter:label1\" content=\"Tiempo de lectura\" \/>\n\t<meta name=\"twitter:data1\" content=\"2 minutos\" \/>\n<script type=\"application\/ld+json\" class=\"yoast-schema-graph\">{\"@context\":\"https:\/\/schema.org\",\"@graph\":[{\"@type\":\"WebPage\",\"@id\":\"https:\/\/ccpe.org.ar\/web\/actividades\/pueblos-originarios-memoria-y-territorios-restituciones-que-urgen\/\",\"url\":\"https:\/\/ccpe.org.ar\/web\/actividades\/pueblos-originarios-memoria-y-territorios-restituciones-que-urgen\/\",\"name\":\"Pueblos originarios, Memoria y Territorios. Restituciones que urgen - Centro Cultural Parque de Espa\u00f1a\/AECID\",\"isPartOf\":{\"@id\":\"https:\/\/ccpe.org.ar\/web\/#website\"},\"primaryImageOfPage\":{\"@id\":\"https:\/\/ccpe.org.ar\/web\/actividades\/pueblos-originarios-memoria-y-territorios-restituciones-que-urgen\/#primaryimage\"},\"image\":{\"@id\":\"https:\/\/ccpe.org.ar\/web\/actividades\/pueblos-originarios-memoria-y-territorios-restituciones-que-urgen\/#primaryimage\"},\"thumbnailUrl\":\"https:\/\/ccpe.org.ar\/web\/wp-content\/uploads\/2020\/10\/b_diversidad.jpg\",\"datePublished\":\"2020-10-19T19:58:24+00:00\",\"dateModified\":\"2020-10-26T18:08:32+00:00\",\"breadcrumb\":{\"@id\":\"https:\/\/ccpe.org.ar\/web\/actividades\/pueblos-originarios-memoria-y-territorios-restituciones-que-urgen\/#breadcrumb\"},\"inLanguage\":\"es\",\"potentialAction\":[{\"@type\":\"ReadAction\",\"target\":[\"https:\/\/ccpe.org.ar\/web\/actividades\/pueblos-originarios-memoria-y-territorios-restituciones-que-urgen\/\"]}]},{\"@type\":\"ImageObject\",\"inLanguage\":\"es\",\"@id\":\"https:\/\/ccpe.org.ar\/web\/actividades\/pueblos-originarios-memoria-y-territorios-restituciones-que-urgen\/#primaryimage\",\"url\":\"https:\/\/ccpe.org.ar\/web\/wp-content\/uploads\/2020\/10\/b_diversidad.jpg\",\"contentUrl\":\"https:\/\/ccpe.org.ar\/web\/wp-content\/uploads\/2020\/10\/b_diversidad.jpg\",\"width\":1080,\"height\":600},{\"@type\":\"BreadcrumbList\",\"@id\":\"https:\/\/ccpe.org.ar\/web\/actividades\/pueblos-originarios-memoria-y-territorios-restituciones-que-urgen\/#breadcrumb\",\"itemListElement\":[{\"@type\":\"ListItem\",\"position\":1,\"name\":\"Portada\",\"item\":\"https:\/\/ccpe.org.ar\/web\/\"},{\"@type\":\"ListItem\",\"position\":2,\"name\":\"Pueblos originarios, Memoria y Territorios. Restituciones que urgen\"}]},{\"@type\":\"WebSite\",\"@id\":\"https:\/\/ccpe.org.ar\/web\/#website\",\"url\":\"https:\/\/ccpe.org.ar\/web\/\",\"name\":\"Centro Cultural Parque de Espa\u00f1a\/AECID\",\"description\":\"Sitio web del Centro Cultural Parque de Espa\u00f1a\/AECID\",\"potentialAction\":[{\"@type\":\"SearchAction\",\"target\":{\"@type\":\"EntryPoint\",\"urlTemplate\":\"https:\/\/ccpe.org.ar\/web\/?s={search_term_string}\"},\"query-input\":{\"@type\":\"PropertyValueSpecification\",\"valueRequired\":true,\"valueName\":\"search_term_string\"}}],\"inLanguage\":\"es\"}]}<\/script>\n<!-- \/ Yoast SEO plugin. -->","yoast_head_json":{"title":"Pueblos originarios, Memoria y Territorios. Restituciones que urgen - Centro Cultural Parque de Espa\u00f1a\/AECID","robots":{"index":"index","follow":"follow","max-snippet":"max-snippet:-1","max-image-preview":"max-image-preview:large","max-video-preview":"max-video-preview:-1"},"canonical":"https:\/\/ccpe.org.ar\/web\/actividades\/pueblos-originarios-memoria-y-territorios-restituciones-que-urgen\/","og_locale":"es_ES","og_type":"article","og_title":"Pueblos originarios, Memoria y Territorios. Restituciones que urgen - Centro Cultural Parque de Espa\u00f1a\/AECID","og_description":"Sebasti\u00e1n D\u00edaz, director del documental 4 Lonkos: vida, muerte y profanaci\u00f3n conversar\u00e1 con Nora Galv\u00e1n, Claudia Gotta y Rafael Curtoni. Coordina Germ\u00e1n Giordano.","og_url":"https:\/\/ccpe.org.ar\/web\/actividades\/pueblos-originarios-memoria-y-territorios-restituciones-que-urgen\/","og_site_name":"Centro Cultural Parque de Espa\u00f1a\/AECID","article_publisher":"https:\/\/www.facebook.com\/CCPErosario\/","article_modified_time":"2020-10-26T18:08:32+00:00","og_image":[{"width":1080,"height":600,"url":"https:\/\/ccpe.org.ar\/web\/wp-content\/uploads\/2020\/10\/b_diversidad.jpg","type":"image\/jpeg"}],"twitter_card":"summary_large_image","twitter_site":"@ccpe","twitter_misc":{"Tiempo de lectura":"2 minutos"},"schema":{"@context":"https:\/\/schema.org","@graph":[{"@type":"WebPage","@id":"https:\/\/ccpe.org.ar\/web\/actividades\/pueblos-originarios-memoria-y-territorios-restituciones-que-urgen\/","url":"https:\/\/ccpe.org.ar\/web\/actividades\/pueblos-originarios-memoria-y-territorios-restituciones-que-urgen\/","name":"Pueblos originarios, Memoria y Territorios. Restituciones que urgen - Centro Cultural Parque de Espa\u00f1a\/AECID","isPartOf":{"@id":"https:\/\/ccpe.org.ar\/web\/#website"},"primaryImageOfPage":{"@id":"https:\/\/ccpe.org.ar\/web\/actividades\/pueblos-originarios-memoria-y-territorios-restituciones-que-urgen\/#primaryimage"},"image":{"@id":"https:\/\/ccpe.org.ar\/web\/actividades\/pueblos-originarios-memoria-y-territorios-restituciones-que-urgen\/#primaryimage"},"thumbnailUrl":"https:\/\/ccpe.org.ar\/web\/wp-content\/uploads\/2020\/10\/b_diversidad.jpg","datePublished":"2020-10-19T19:58:24+00:00","dateModified":"2020-10-26T18:08:32+00:00","breadcrumb":{"@id":"https:\/\/ccpe.org.ar\/web\/actividades\/pueblos-originarios-memoria-y-territorios-restituciones-que-urgen\/#breadcrumb"},"inLanguage":"es","potentialAction":[{"@type":"ReadAction","target":["https:\/\/ccpe.org.ar\/web\/actividades\/pueblos-originarios-memoria-y-territorios-restituciones-que-urgen\/"]}]},{"@type":"ImageObject","inLanguage":"es","@id":"https:\/\/ccpe.org.ar\/web\/actividades\/pueblos-originarios-memoria-y-territorios-restituciones-que-urgen\/#primaryimage","url":"https:\/\/ccpe.org.ar\/web\/wp-content\/uploads\/2020\/10\/b_diversidad.jpg","contentUrl":"https:\/\/ccpe.org.ar\/web\/wp-content\/uploads\/2020\/10\/b_diversidad.jpg","width":1080,"height":600},{"@type":"BreadcrumbList","@id":"https:\/\/ccpe.org.ar\/web\/actividades\/pueblos-originarios-memoria-y-territorios-restituciones-que-urgen\/#breadcrumb","itemListElement":[{"@type":"ListItem","position":1,"name":"Portada","item":"https:\/\/ccpe.org.ar\/web\/"},{"@type":"ListItem","position":2,"name":"Pueblos originarios, Memoria y Territorios. Restituciones que urgen"}]},{"@type":"WebSite","@id":"https:\/\/ccpe.org.ar\/web\/#website","url":"https:\/\/ccpe.org.ar\/web\/","name":"Centro Cultural Parque de Espa\u00f1a\/AECID","description":"Sitio web del Centro Cultural Parque de Espa\u00f1a\/AECID","potentialAction":[{"@type":"SearchAction","target":{"@type":"EntryPoint","urlTemplate":"https:\/\/ccpe.org.ar\/web\/?s={search_term_string}"},"query-input":{"@type":"PropertyValueSpecification","valueRequired":true,"valueName":"search_term_string"}}],"inLanguage":"es"}]}},"_links":{"self":[{"href":"https:\/\/ccpe.org.ar\/web\/wp-json\/wp\/v2\/mec-events\/2267"}],"collection":[{"href":"https:\/\/ccpe.org.ar\/web\/wp-json\/wp\/v2\/mec-events"}],"about":[{"href":"https:\/\/ccpe.org.ar\/web\/wp-json\/wp\/v2\/types\/mec-events"}],"author":[{"embeddable":true,"href":"https:\/\/ccpe.org.ar\/web\/wp-json\/wp\/v2\/users\/2"}],"replies":[{"embeddable":true,"href":"https:\/\/ccpe.org.ar\/web\/wp-json\/wp\/v2\/comments?post=2267"}],"wp:featuredmedia":[{"embeddable":true,"href":"https:\/\/ccpe.org.ar\/web\/wp-json\/wp\/v2\/media\/2268"}],"wp:attachment":[{"href":"https:\/\/ccpe.org.ar\/web\/wp-json\/wp\/v2\/media?parent=2267"}],"wp:term":[{"taxonomy":"post_tag","embeddable":true,"href":"https:\/\/ccpe.org.ar\/web\/wp-json\/wp\/v2\/tags?post=2267"},{"taxonomy":"mec_category","embeddable":true,"href":"https:\/\/ccpe.org.ar\/web\/wp-json\/wp\/v2\/mec_category?post=2267"}],"curies":[{"name":"wp","href":"https:\/\/api.w.org\/{rel}","templated":true}]}}

<p dir="ltr">Charla con Sebastián Díaz, director del documental 4 Lonkos: vida, muerte y profanación; Nora Galván, séptima generación de descendientes del cacique Juan Catriel; Claudia Gotta, Profesora y Licenciada en Historia (UNR), Creadora y Coordinadora Académica de la Cátedra Libre: “Saberes, creencias y luchas de los Pueblos Originarios”; Rafael Curtoni, Doctor en Ciencias Naturales y Licenciado en Ciencias Antropológicas con orientación arqueológica. Investigador de CONICET. Coordina Germán Giordano, miembro de Ojo Verde. Cine Socioambiental. En el marco del Día de la diversidad cultural.</p>
<p dir="ltr">A través de <a href="https://www.facebook.com/amtramrosario">Facebook live de AMTRAM, @amtramrosario</a></p>
<p dir="ltr">Se recomienda la visualización de la película para asistir al debate: <a href="https://vimeo.com/323817586" target="_blank" rel="noopener noreferrer" data-saferedirecturl="https://www.google.com/url?q=https://vimeo.com/323817586&amp;source=gmail&amp;ust=1603221425949000&amp;usg=AFQjCNFrASmJy6gHvRZNTeoobkSTcMsGmg">https://vimeo.com/323817586</a></p>
<p dir="ltr"><strong>Sinopsis</strong></p>
<p dir="ltr">4 Lonkos narra la vida, muerte y profanación de los restos mortales de tres grandes caciques de La Pampa y Patagonia: Mariano Rosas, Cipriano Catriel y Juan Calfucurá, quienes luego de la sangrienta Campaña del Desierto, fueron profanados en nombre de la ciencia. También da cuenta de un cuarto lonko o cacique, el irreductible Vicente Pincén, quien una vez detenido por el coronel Villegas, sólo pudo ser capturado en cuatro famosas placas fotográficas.</p>
<p dir="ltr"><strong>Organiza Ojo Verde: Cine Socioambiental</strong></p>
<p dir="ltr">Colectiva sin fines de lucro, integrada por un conjunto de organizaciones gubernamentales, de la sociedad civil y personas independientes que a través de producciones audiovisuales tiene como objetivo generar un espacio de encuentros para la reflexión y discusión sobre problemáticas socioambientales y de derechos humanos para fomentar el espíritu crítico, el intercambio de saberes y difundir investigaciones científicas y saberes populares que permitan producir y pensar otras maneras de habitar nuestros territorios.</p>
<p dir="ltr">Integran Ojo Verde: Centro Cultural Parque de España / AMTRAM / Museo Provincial de Ciencias Naturales “Dr. Ángel Gallardo” / Propuesta Sur / Paren de Fumigarnos / Biblioteca Pública Municipal José Manuel Estrada/ Taller de Comunicación Ambiental</p>

<p>Sebastián Díaz, director del documental 4 Lonkos: vida, muerte y profanación conversará con Nora Galván, Claudia Gotta y Rafael Curtoni. Coordina Germán Giordano.</p>

<!-- This site is optimized with the Yoast SEO plugin v23.5 - https://yoast.com/wordpress/plugins/seo/ -->
<title>Pueblos originarios, Memoria y Territorios. Restituciones que urgen - Centro Cultural Parque de España/AECID</title>
<meta name="robots" content="index, follow, max-snippet:-1, max-image-preview:large, max-video-preview:-1" />
<link rel="canonical" href="https://ccpe.org.ar/web/actividades/pueblos-originarios-memoria-y-territorios-restituciones-que-urgen/" />
<meta property="og:locale" content="es_ES" />
<meta property="og:type" content="article" />
<meta property="og:title" content="Pueblos originarios, Memoria y Territorios. Restituciones que urgen - Centro Cultural Parque de España/AECID" />
<meta property="og:description" content="Sebastián Díaz, director del documental 4 Lonkos: vida, muerte y profanación conversará con Nora Galván, Claudia Gotta y Rafael Curtoni. Coordina Germán Giordano." />
<meta property="og:url" content="https://ccpe.org.ar/web/actividades/pueblos-originarios-memoria-y-territorios-restituciones-que-urgen/" />
<meta property="og:site_name" content="Centro Cultural Parque de España/AECID" />
<meta property="article:publisher" content="https://www.facebook.com/CCPErosario/" />
<meta property="article:modified_time" content="2020-10-26T18:08:32+00:00" />
<meta property="og:image" content="https://ccpe.org.ar/web/wp-content/uploads/2020/10/b_diversidad.jpg" />
	<meta property="og:image:width" content="1080" />
	<meta property="og:image:height" content="600" />
	<meta property="og:image:type" content="image/jpeg" />
<meta name="twitter:card" content="summary_large_image" />
<meta name="twitter:site" content="@ccpe" />
<meta name="twitter:label1" content="Tiempo de lectura" />
	<meta name="twitter:data1" content="2 minutos" />
<script type="application/ld+json" class="yoast-schema-graph">{"@context":"https://schema.org","@graph":[{"@type":"WebPage","@id":"https://ccpe.org.ar/web/actividades/pueblos-originarios-memoria-y-territorios-restituciones-que-urgen/","url":"https://ccpe.org.ar/web/actividades/pueblos-originarios-memoria-y-territorios-restituciones-que-urgen/","name":"Pueblos originarios, Memoria y Territorios. Restituciones que urgen - Centro Cultural Parque de España/AECID","isPartOf":{"@id":"https://ccpe.org.ar/web/#website"},"primaryImageOfPage":{"@id":"https://ccpe.org.ar/web/actividades/pueblos-originarios-memoria-y-territorios-restituciones-que-urgen/#primaryimage"},"image":{"@id":"https://ccpe.org.ar/web/actividades/pueblos-originarios-memoria-y-territorios-restituciones-que-urgen/#primaryimage"},"thumbnailUrl":"https://ccpe.org.ar/web/wp-content/uploads/2020/10/b_diversidad.jpg","datePublished":"2020-10-19T19:58:24+00:00","dateModified":"2020-10-26T18:08:32+00:00","breadcrumb":{"@id":"https://ccpe.org.ar/web/actividades/pueblos-originarios-memoria-y-territorios-restituciones-que-urgen/#breadcrumb"},"inLanguage":"es","potentialAction":[{"@type":"ReadAction","target":["https://ccpe.org.ar/web/actividades/pueblos-originarios-memoria-y-territorios-restituciones-que-urgen/"]}]},{"@type":"ImageObject","inLanguage":"es","@id":"https://ccpe.org.ar/web/actividades/pueblos-originarios-memoria-y-territorios-restituciones-que-urgen/#primaryimage","url":"https://ccpe.org.ar/web/wp-content/uploads/2020/10/b_diversidad.jpg","contentUrl":"https://ccpe.org.ar/web/wp-content/uploads/2020/10/b_diversidad.jpg","width":1080,"height":600},{"@type":"BreadcrumbList","@id":"https://ccpe.org.ar/web/actividades/pueblos-originarios-memoria-y-territorios-restituciones-que-urgen/#breadcrumb","itemListElement":[{"@type":"ListItem","position":1,"name":"Portada","item":"https://ccpe.org.ar/web/"},{"@type":"ListItem","position":2,"name":"Pueblos originarios, Memoria y Territorios. Restituciones que urgen"}]},{"@type":"WebSite","@id":"https://ccpe.org.ar/web/#website","url":"https://ccpe.org.ar/web/","name":"Centro Cultural Parque de España/AECID","description":"Sitio web del Centro Cultural Parque de España/AECID","potentialAction":[{"@type":"SearchAction","target":{"@type":"EntryPoint","urlTemplate":"https://ccpe.org.ar/web/?s={search_term_string}"},"query-input":{"@type":"PropertyValueSpecification","valueRequired":true,"valueName":"search_term_string"}}],"inLanguage":"es"}]}</script>
<!-- / Yoast SEO plugin. -->

Pueblos originarios, Memoria y Territorios. Restituciones que urgen - Centro Cultural Parque de España/AECID

Sebastián Díaz, director del documental 4 Lonkos: vida, muerte y profanación conversará con Nora Galván, Claudia Gotta y Rafael Curtoni. Coordina Germán Giordano.

Centro Cultural Parque de España/AECID

Sitio web del Centro Cultural Parque de España/AECID
