{"id":3250,"date":"2021-09-07T10:32:46","date_gmt":"2021-09-07T13:32:46","guid":{"rendered":"https:\/\/ccpe.org.ar\/web\/?post_type=mec-events&#038;p=3250"},"modified":"2021-12-10T12:40:03","modified_gmt":"2021-12-10T15:40:03","slug":"ojo-verde-cine-socioambiental","status":"publish","type":"mec-events","link":"https:\/\/ccpe.org.ar\/web\/actividades\/ojo-verde-cine-socioambiental\/","title":{"rendered":"Ojo Verde. Cine socioambiental"},"content":{"rendered":"<p>El CCPE forma parte de la colectiva sin fines de lucro Ojo Verde. Cine socioambiental, integrada por un conjunto de organizaciones gubernamentales, de la sociedad civil y personas independientes que a trav\u00e9s de producciones audiovisuales tiene como objetivo generar un espacio de encuentros para la reflexi\u00f3n y discusi\u00f3n sobre problem\u00e1ticas socioambientales y de derechos humanos para fomentar el esp\u00edritu cr\u00edtico, el intercambio de saberes y difundir investigaciones cient\u00edficas y saberes populares que permitan producir y pensar maneras sustentables de habitar nuestros territorios.<\/p>\n<p>Integran Ojo Verde: Centro Cultural Parque de Espa\u00f1a \/ AMTRAM \/ Museo Provincial de Ciencias Naturales \u201cDr. \u00c1ngel Gallardo\u201d \/ Propuesta Sur \/ Paren de Fumigarnos\/ Biblioteca P\u00fablica Municipal Jos\u00e9 Manuel Estrada\/ Taller de Comunicaci\u00f3n Ambiental \/ Galp\u00f3n 11 \/ Museo de la Memoria \/ y personas comprometidas con las problem\u00e1ticas socioambientales.<\/p>\n<p>&nbsp;<\/p>\n<p><strong>ACTIVIDADES:<\/strong><\/p>\n<h5 class=\"mec-single-title\"><a href=\"https:\/\/ccpe.org.ar\/web\/actividades\/agrotoxicos-una-problematica-socioambiental\/\">AGROT\u00d3XICOS: UNA PROBLEM\u00c1TICA SOCIOAMBIENTAL<\/a><\/h5>\n<h5 class=\"mec-single-title\"><a href=\"https:\/\/ccpe.org.ar\/web\/actividades\/viaje-fotografico-a-los-pueblos-fumigados\/\">VIAJE FOTOGR\u00c1FICO A LOS PUEBLOS FUMIGADOS<\/a><\/h5>\n<h5 class=\"mec-single-title\"><a href=\"https:\/\/ccpe.org.ar\/web\/actividades\/humedales-santuarios-esenciales-para-la-vida\/\">HUMEDALES, SANTUARIOS ESENCIALES PARA LA VIDA<\/a><\/h5>\n<h5 class=\"mec-single-title\"><a href=\"https:\/\/ccpe.org.ar\/web\/actividades\/pueblos-originarios-memoria-y-territorios-restituciones-que-urgen\/\">PUEBLOS ORIGINARIOS, MEMORIA Y TERRITORIOS. RESTITUCIONES QUE URGEN<\/a><\/h5>\n<h5 class=\"mec-single-title\"><a href=\"https:\/\/ccpe.org.ar\/web\/actividades\/la-vuelta-al-campo-camino-a-la-soberania-alimentaria\/\">LA VUELTA AL CAMPO. CAMINO A LA SOBERAN\u00cdA ALIMENTARIA <\/a><\/h5>\n<h5 class=\"mec-single-title\"><a href=\"https:\/\/ccpe.org.ar\/web\/aguas-en-conflicto-muestra-another-way\/\">AGUAS EN CONFLICTO. MUESTRA ANOTHER WAY<\/a><\/h5>\n<h5 class=\"mec-single-title\"><a href=\"https:\/\/ccpe.org.ar\/web\/actividades\/tiempo-de-labranza\/\">AGROECOLOG\u00cdA TIEMPO DE LABRANZA<\/a><\/h5>\n<h5 class=\"mec-single-title\"><a href=\"https:\/\/ccpe.org.ar\/web\/actividades\/los-huerfanos-del-poopo-cuentos-de-un-lago-desaparecido\/\">LOS HU\u00c9RFANOS DEL POOP\u00d3: CUENTOS DE UN LAGO DESAPARECIDO<\/a><\/h5>\n<h5 class=\"mec-single-title\"><a href=\"https:\/\/ccpe.org.ar\/web\/actividades\/aguita-y-pacha-pensando-el-cuidado-de-la-casa-comun\/\">AG\u00dcITA Y PACHA. PENSANDO EL CUIDADO DE LA CASA COM\u00daN<\/a><\/h5>\n<h5><a href=\"https:\/\/ccpe.org.ar\/web\/actividades\/gigantes-memorias-resistencias-y-recuperaciones\/\">GIGANTES: <span style=\"font-weight: 400;\">MEMORIAS, RESISTENCIAS Y RECUPERACIONES<\/span><\/a><\/h5>\n","protected":false},"excerpt":{"rendered":"<p>Organizaciones gubernamentales, de la sociedad civil y personas independientes, que buscan generar encuentros para la reflexi\u00f3n y discusi\u00f3n.<\/p>\n","protected":false},"author":2,"featured_media":3252,"comment_status":"closed","ping_status":"closed","template":"","tags":[],"mec_category":[48],"yoast_head":"<!-- This site is optimized with the Yoast SEO plugin v23.5 - https:\/\/yoast.com\/wordpress\/plugins\/seo\/ -->\n<title>Ojo Verde. Cine socioambiental - Centro Cultural Parque de Espa\u00f1a\/AECID<\/title>\n<meta name=\"robots\" content=\"index, follow, max-snippet:-1, max-image-preview:large, max-video-preview:-1\" \/>\n<link rel=\"canonical\" href=\"https:\/\/ccpe.org.ar\/web\/actividades\/ojo-verde-cine-socioambiental\/\" \/>\n<meta property=\"og:locale\" content=\"es_ES\" \/>\n<meta property=\"og:type\" content=\"article\" \/>\n<meta property=\"og:title\" content=\"Ojo Verde. Cine socioambiental - Centro Cultural Parque de Espa\u00f1a\/AECID\" \/>\n<meta property=\"og:description\" content=\"Organizaciones gubernamentales, de la sociedad civil y personas independientes, que buscan generar encuentros para la reflexi\u00f3n y discusi\u00f3n.\" \/>\n<meta property=\"og:url\" content=\"https:\/\/ccpe.org.ar\/web\/actividades\/ojo-verde-cine-socioambiental\/\" \/>\n<meta property=\"og:site_name\" content=\"Centro Cultural Parque de Espa\u00f1a\/AECID\" \/>\n<meta property=\"article:publisher\" content=\"https:\/\/www.facebook.com\/CCPErosario\/\" \/>\n<meta property=\"article:modified_time\" content=\"2021-12-10T15:40:03+00:00\" \/>\n<meta property=\"og:image\" content=\"https:\/\/ccpe.org.ar\/web\/wp-content\/uploads\/2021\/09\/b_ojo_verde.jpg\" \/>\n\t<meta property=\"og:image:width\" content=\"1478\" \/>\n\t<meta property=\"og:image:height\" content=\"824\" \/>\n\t<meta property=\"og:image:type\" content=\"image\/jpeg\" \/>\n<meta name=\"twitter:card\" content=\"summary_large_image\" \/>\n<meta name=\"twitter:site\" content=\"@ccpe\" \/>\n<meta name=\"twitter:label1\" content=\"Tiempo de lectura\" \/>\n\t<meta name=\"twitter:data1\" content=\"1 minuto\" \/>\n<script type=\"application\/ld+json\" class=\"yoast-schema-graph\">{\"@context\":\"https:\/\/schema.org\",\"@graph\":[{\"@type\":\"WebPage\",\"@id\":\"https:\/\/ccpe.org.ar\/web\/actividades\/ojo-verde-cine-socioambiental\/\",\"url\":\"https:\/\/ccpe.org.ar\/web\/actividades\/ojo-verde-cine-socioambiental\/\",\"name\":\"Ojo Verde. Cine socioambiental - Centro Cultural Parque de Espa\u00f1a\/AECID\",\"isPartOf\":{\"@id\":\"https:\/\/ccpe.org.ar\/web\/#website\"},\"primaryImageOfPage\":{\"@id\":\"https:\/\/ccpe.org.ar\/web\/actividades\/ojo-verde-cine-socioambiental\/#primaryimage\"},\"image\":{\"@id\":\"https:\/\/ccpe.org.ar\/web\/actividades\/ojo-verde-cine-socioambiental\/#primaryimage\"},\"thumbnailUrl\":\"https:\/\/ccpe.org.ar\/web\/wp-content\/uploads\/2021\/09\/b_ojo_verde.jpg\",\"datePublished\":\"2021-09-07T13:32:46+00:00\",\"dateModified\":\"2021-12-10T15:40:03+00:00\",\"breadcrumb\":{\"@id\":\"https:\/\/ccpe.org.ar\/web\/actividades\/ojo-verde-cine-socioambiental\/#breadcrumb\"},\"inLanguage\":\"es\",\"potentialAction\":[{\"@type\":\"ReadAction\",\"target\":[\"https:\/\/ccpe.org.ar\/web\/actividades\/ojo-verde-cine-socioambiental\/\"]}]},{\"@type\":\"ImageObject\",\"inLanguage\":\"es\",\"@id\":\"https:\/\/ccpe.org.ar\/web\/actividades\/ojo-verde-cine-socioambiental\/#primaryimage\",\"url\":\"https:\/\/ccpe.org.ar\/web\/wp-content\/uploads\/2021\/09\/b_ojo_verde.jpg\",\"contentUrl\":\"https:\/\/ccpe.org.ar\/web\/wp-content\/uploads\/2021\/09\/b_ojo_verde.jpg\",\"width\":1478,\"height\":824},{\"@type\":\"BreadcrumbList\",\"@id\":\"https:\/\/ccpe.org.ar\/web\/actividades\/ojo-verde-cine-socioambiental\/#breadcrumb\",\"itemListElement\":[{\"@type\":\"ListItem\",\"position\":1,\"name\":\"Portada\",\"item\":\"https:\/\/ccpe.org.ar\/web\/\"},{\"@type\":\"ListItem\",\"position\":2,\"name\":\"Ojo Verde. Cine socioambiental\"}]},{\"@type\":\"WebSite\",\"@id\":\"https:\/\/ccpe.org.ar\/web\/#website\",\"url\":\"https:\/\/ccpe.org.ar\/web\/\",\"name\":\"Centro Cultural Parque de Espa\u00f1a\/AECID\",\"description\":\"Sitio web del Centro Cultural Parque de Espa\u00f1a\/AECID\",\"potentialAction\":[{\"@type\":\"SearchAction\",\"target\":{\"@type\":\"EntryPoint\",\"urlTemplate\":\"https:\/\/ccpe.org.ar\/web\/?s={search_term_string}\"},\"query-input\":{\"@type\":\"PropertyValueSpecification\",\"valueRequired\":true,\"valueName\":\"search_term_string\"}}],\"inLanguage\":\"es\"}]}<\/script>\n<!-- \/ Yoast SEO plugin. -->","yoast_head_json":{"title":"Ojo Verde. Cine socioambiental - Centro Cultural Parque de Espa\u00f1a\/AECID","robots":{"index":"index","follow":"follow","max-snippet":"max-snippet:-1","max-image-preview":"max-image-preview:large","max-video-preview":"max-video-preview:-1"},"canonical":"https:\/\/ccpe.org.ar\/web\/actividades\/ojo-verde-cine-socioambiental\/","og_locale":"es_ES","og_type":"article","og_title":"Ojo Verde. Cine socioambiental - Centro Cultural Parque de Espa\u00f1a\/AECID","og_description":"Organizaciones gubernamentales, de la sociedad civil y personas independientes, que buscan generar encuentros para la reflexi\u00f3n y discusi\u00f3n.","og_url":"https:\/\/ccpe.org.ar\/web\/actividades\/ojo-verde-cine-socioambiental\/","og_site_name":"Centro Cultural Parque de Espa\u00f1a\/AECID","article_publisher":"https:\/\/www.facebook.com\/CCPErosario\/","article_modified_time":"2021-12-10T15:40:03+00:00","og_image":[{"width":1478,"height":824,"url":"https:\/\/ccpe.org.ar\/web\/wp-content\/uploads\/2021\/09\/b_ojo_verde.jpg","type":"image\/jpeg"}],"twitter_card":"summary_large_image","twitter_site":"@ccpe","twitter_misc":{"Tiempo de lectura":"1 minuto"},"schema":{"@context":"https:\/\/schema.org","@graph":[{"@type":"WebPage","@id":"https:\/\/ccpe.org.ar\/web\/actividades\/ojo-verde-cine-socioambiental\/","url":"https:\/\/ccpe.org.ar\/web\/actividades\/ojo-verde-cine-socioambiental\/","name":"Ojo Verde. Cine socioambiental - Centro Cultural Parque de Espa\u00f1a\/AECID","isPartOf":{"@id":"https:\/\/ccpe.org.ar\/web\/#website"},"primaryImageOfPage":{"@id":"https:\/\/ccpe.org.ar\/web\/actividades\/ojo-verde-cine-socioambiental\/#primaryimage"},"image":{"@id":"https:\/\/ccpe.org.ar\/web\/actividades\/ojo-verde-cine-socioambiental\/#primaryimage"},"thumbnailUrl":"https:\/\/ccpe.org.ar\/web\/wp-content\/uploads\/2021\/09\/b_ojo_verde.jpg","datePublished":"2021-09-07T13:32:46+00:00","dateModified":"2021-12-10T15:40:03+00:00","breadcrumb":{"@id":"https:\/\/ccpe.org.ar\/web\/actividades\/ojo-verde-cine-socioambiental\/#breadcrumb"},"inLanguage":"es","potentialAction":[{"@type":"ReadAction","target":["https:\/\/ccpe.org.ar\/web\/actividades\/ojo-verde-cine-socioambiental\/"]}]},{"@type":"ImageObject","inLanguage":"es","@id":"https:\/\/ccpe.org.ar\/web\/actividades\/ojo-verde-cine-socioambiental\/#primaryimage","url":"https:\/\/ccpe.org.ar\/web\/wp-content\/uploads\/2021\/09\/b_ojo_verde.jpg","contentUrl":"https:\/\/ccpe.org.ar\/web\/wp-content\/uploads\/2021\/09\/b_ojo_verde.jpg","width":1478,"height":824},{"@type":"BreadcrumbList","@id":"https:\/\/ccpe.org.ar\/web\/actividades\/ojo-verde-cine-socioambiental\/#breadcrumb","itemListElement":[{"@type":"ListItem","position":1,"name":"Portada","item":"https:\/\/ccpe.org.ar\/web\/"},{"@type":"ListItem","position":2,"name":"Ojo Verde. Cine socioambiental"}]},{"@type":"WebSite","@id":"https:\/\/ccpe.org.ar\/web\/#website","url":"https:\/\/ccpe.org.ar\/web\/","name":"Centro Cultural Parque de Espa\u00f1a\/AECID","description":"Sitio web del Centro Cultural Parque de Espa\u00f1a\/AECID","potentialAction":[{"@type":"SearchAction","target":{"@type":"EntryPoint","urlTemplate":"https:\/\/ccpe.org.ar\/web\/?s={search_term_string}"},"query-input":{"@type":"PropertyValueSpecification","valueRequired":true,"valueName":"search_term_string"}}],"inLanguage":"es"}]}},"_links":{"self":[{"href":"https:\/\/ccpe.org.ar\/web\/wp-json\/wp\/v2\/mec-events\/3250"}],"collection":[{"href":"https:\/\/ccpe.org.ar\/web\/wp-json\/wp\/v2\/mec-events"}],"about":[{"href":"https:\/\/ccpe.org.ar\/web\/wp-json\/wp\/v2\/types\/mec-events"}],"author":[{"embeddable":true,"href":"https:\/\/ccpe.org.ar\/web\/wp-json\/wp\/v2\/users\/2"}],"replies":[{"embeddable":true,"href":"https:\/\/ccpe.org.ar\/web\/wp-json\/wp\/v2\/comments?post=3250"}],"wp:featuredmedia":[{"embeddable":true,"href":"https:\/\/ccpe.org.ar\/web\/wp-json\/wp\/v2\/media\/3252"}],"wp:attachment":[{"href":"https:\/\/ccpe.org.ar\/web\/wp-json\/wp\/v2\/media?parent=3250"}],"wp:term":[{"taxonomy":"post_tag","embeddable":true,"href":"https:\/\/ccpe.org.ar\/web\/wp-json\/wp\/v2\/tags?post=3250"},{"taxonomy":"mec_category","embeddable":true,"href":"https:\/\/ccpe.org.ar\/web\/wp-json\/wp\/v2\/mec_category?post=3250"}],"curies":[{"name":"wp","href":"https:\/\/api.w.org\/{rel}","templated":true}]}}

<p>El CCPE forma parte de la colectiva sin fines de lucro Ojo Verde. Cine socioambiental, integrada por un conjunto de organizaciones gubernamentales, de la sociedad civil y personas independientes que a través de producciones audiovisuales tiene como objetivo generar un espacio de encuentros para la reflexión y discusión sobre problemáticas socioambientales y de derechos humanos para fomentar el espíritu crítico, el intercambio de saberes y difundir investigaciones científicas y saberes populares que permitan producir y pensar maneras sustentables de habitar nuestros territorios.</p>
<p>Integran Ojo Verde: Centro Cultural Parque de España / AMTRAM / Museo Provincial de Ciencias Naturales “Dr. Ángel Gallardo” / Propuesta Sur / Paren de Fumigarnos/ Biblioteca Pública Municipal José Manuel Estrada/ Taller de Comunicación Ambiental / Galpón 11 / Museo de la Memoria / y personas comprometidas con las problemáticas socioambientales.</p>
<p>&nbsp;</p>
<p><strong>ACTIVIDADES:</strong></p>
<h5 class="mec-single-title"><a href="https://ccpe.org.ar/web/actividades/agrotoxicos-una-problematica-socioambiental/">AGROTÓXICOS: UNA PROBLEMÁTICA SOCIOAMBIENTAL</a></h5>
<h5 class="mec-single-title"><a href="https://ccpe.org.ar/web/actividades/viaje-fotografico-a-los-pueblos-fumigados/">VIAJE FOTOGRÁFICO A LOS PUEBLOS FUMIGADOS</a></h5>
<h5 class="mec-single-title"><a href="https://ccpe.org.ar/web/actividades/humedales-santuarios-esenciales-para-la-vida/">HUMEDALES, SANTUARIOS ESENCIALES PARA LA VIDA</a></h5>
<h5 class="mec-single-title"><a href="https://ccpe.org.ar/web/actividades/pueblos-originarios-memoria-y-territorios-restituciones-que-urgen/">PUEBLOS ORIGINARIOS, MEMORIA Y TERRITORIOS. RESTITUCIONES QUE URGEN</a></h5>
<h5 class="mec-single-title"><a href="https://ccpe.org.ar/web/actividades/la-vuelta-al-campo-camino-a-la-soberania-alimentaria/">LA VUELTA AL CAMPO. CAMINO A LA SOBERANÍA ALIMENTARIA </a></h5>
<h5 class="mec-single-title"><a href="https://ccpe.org.ar/web/aguas-en-conflicto-muestra-another-way/">AGUAS EN CONFLICTO. MUESTRA ANOTHER WAY</a></h5>
<h5 class="mec-single-title"><a href="https://ccpe.org.ar/web/actividades/tiempo-de-labranza/">AGROECOLOGÍA TIEMPO DE LABRANZA</a></h5>
<h5 class="mec-single-title"><a href="https://ccpe.org.ar/web/actividades/los-huerfanos-del-poopo-cuentos-de-un-lago-desaparecido/">LOS HUÉRFANOS DEL POOPÓ: CUENTOS DE UN LAGO DESAPARECIDO</a></h5>
<h5 class="mec-single-title"><a href="https://ccpe.org.ar/web/actividades/aguita-y-pacha-pensando-el-cuidado-de-la-casa-comun/">AGÜITA Y PACHA. PENSANDO EL CUIDADO DE LA CASA COMÚN</a></h5>
<h5><a href="https://ccpe.org.ar/web/actividades/gigantes-memorias-resistencias-y-recuperaciones/">GIGANTES: <span style="font-weight: 400;">MEMORIAS, RESISTENCIAS Y RECUPERACIONES</span></a></h5>

<p>Organizaciones gubernamentales, de la sociedad civil y personas independientes, que buscan generar encuentros para la reflexión y discusión.</p>

<!-- This site is optimized with the Yoast SEO plugin v23.5 - https://yoast.com/wordpress/plugins/seo/ -->
<title>Ojo Verde. Cine socioambiental - Centro Cultural Parque de España/AECID</title>
<meta name="robots" content="index, follow, max-snippet:-1, max-image-preview:large, max-video-preview:-1" />
<link rel="canonical" href="https://ccpe.org.ar/web/actividades/ojo-verde-cine-socioambiental/" />
<meta property="og:locale" content="es_ES" />
<meta property="og:type" content="article" />
<meta property="og:title" content="Ojo Verde. Cine socioambiental - Centro Cultural Parque de España/AECID" />
<meta property="og:description" content="Organizaciones gubernamentales, de la sociedad civil y personas independientes, que buscan generar encuentros para la reflexión y discusión." />
<meta property="og:url" content="https://ccpe.org.ar/web/actividades/ojo-verde-cine-socioambiental/" />
<meta property="og:site_name" content="Centro Cultural Parque de España/AECID" />
<meta property="article:publisher" content="https://www.facebook.com/CCPErosario/" />
<meta property="article:modified_time" content="2021-12-10T15:40:03+00:00" />
<meta property="og:image" content="https://ccpe.org.ar/web/wp-content/uploads/2021/09/b_ojo_verde.jpg" />
	<meta property="og:image:width" content="1478" />
	<meta property="og:image:height" content="824" />
	<meta property="og:image:type" content="image/jpeg" />
<meta name="twitter:card" content="summary_large_image" />
<meta name="twitter:site" content="@ccpe" />
<meta name="twitter:label1" content="Tiempo de lectura" />
	<meta name="twitter:data1" content="1 minuto" />
<script type="application/ld+json" class="yoast-schema-graph">{"@context":"https://schema.org","@graph":[{"@type":"WebPage","@id":"https://ccpe.org.ar/web/actividades/ojo-verde-cine-socioambiental/","url":"https://ccpe.org.ar/web/actividades/ojo-verde-cine-socioambiental/","name":"Ojo Verde. Cine socioambiental - Centro Cultural Parque de España/AECID","isPartOf":{"@id":"https://ccpe.org.ar/web/#website"},"primaryImageOfPage":{"@id":"https://ccpe.org.ar/web/actividades/ojo-verde-cine-socioambiental/#primaryimage"},"image":{"@id":"https://ccpe.org.ar/web/actividades/ojo-verde-cine-socioambiental/#primaryimage"},"thumbnailUrl":"https://ccpe.org.ar/web/wp-content/uploads/2021/09/b_ojo_verde.jpg","datePublished":"2021-09-07T13:32:46+00:00","dateModified":"2021-12-10T15:40:03+00:00","breadcrumb":{"@id":"https://ccpe.org.ar/web/actividades/ojo-verde-cine-socioambiental/#breadcrumb"},"inLanguage":"es","potentialAction":[{"@type":"ReadAction","target":["https://ccpe.org.ar/web/actividades/ojo-verde-cine-socioambiental/"]}]},{"@type":"ImageObject","inLanguage":"es","@id":"https://ccpe.org.ar/web/actividades/ojo-verde-cine-socioambiental/#primaryimage","url":"https://ccpe.org.ar/web/wp-content/uploads/2021/09/b_ojo_verde.jpg","contentUrl":"https://ccpe.org.ar/web/wp-content/uploads/2021/09/b_ojo_verde.jpg","width":1478,"height":824},{"@type":"BreadcrumbList","@id":"https://ccpe.org.ar/web/actividades/ojo-verde-cine-socioambiental/#breadcrumb","itemListElement":[{"@type":"ListItem","position":1,"name":"Portada","item":"https://ccpe.org.ar/web/"},{"@type":"ListItem","position":2,"name":"Ojo Verde. Cine socioambiental"}]},{"@type":"WebSite","@id":"https://ccpe.org.ar/web/#website","url":"https://ccpe.org.ar/web/","name":"Centro Cultural Parque de España/AECID","description":"Sitio web del Centro Cultural Parque de España/AECID","potentialAction":[{"@type":"SearchAction","target":{"@type":"EntryPoint","urlTemplate":"https://ccpe.org.ar/web/?s={search_term_string}"},"query-input":{"@type":"PropertyValueSpecification","valueRequired":true,"valueName":"search_term_string"}}],"inLanguage":"es"}]}</script>
<!-- / Yoast SEO plugin. -->

Ojo Verde. Cine socioambiental - Centro Cultural Parque de España/AECID

Organizaciones gubernamentales, de la sociedad civil y personas independientes, que buscan generar encuentros para la reflexión y discusión.

Centro Cultural Parque de España/AECID

Sitio web del Centro Cultural Parque de España/AECID
