{"id":3968,"date":"2022-07-26T11:51:40","date_gmt":"2022-07-26T14:51:40","guid":{"rendered":"https:\/\/ccpe.org.ar\/web\/?post_type=mec-events&#038;p=3968"},"modified":"2022-08-04T10:44:23","modified_gmt":"2022-08-04T13:44:23","slug":"rocio-gimenez-lopez-trio-presenta-un-caos-lucido","status":"publish","type":"mec-events","link":"https:\/\/ccpe.org.ar\/web\/actividades\/rocio-gimenez-lopez-trio-presenta-un-caos-lucido\/","title":{"rendered":"Roc\u00edo Gim\u00e9nez L\u00f3pez Tr\u00edo presenta Un caos l\u00facido"},"content":{"rendered":"<p><span style=\"font-weight: 400;\">La pianista de jazz Roc\u00edo Gim\u00e9nez L\u00f3pez presenta su nuevo disco \u201cUn caos l\u00facido\u201d en formato tr\u00edo, con la particularidad de reeditar el ciclo \u201cFila cero\u201d: los espectadores presenciar\u00e1n el concierto en el propio escenario del teatro.<\/span><\/p>\n<p><b>S\u00e1bado 20\/8, 20 h en el Teatro del CCPE (Sarmiento y el r\u00edo). Entrada: $ 1.200, en venta en Galer\u00edas del CCPE de martes a s\u00e1bados, de 15 a 19 h, en disquer\u00eda Paraphernalia (Rioja 1070) y online en <a href=\"http:\/\/www.1000tickets.com.ar\">www.1000tickets.com.ar<\/a>.<\/b><\/p>\n<p><span style=\"font-weight: 400;\">\u201cUn caos l\u00facido\u201d es el segundo disco de Gim\u00e9nez L\u00f3pez editado por BlueArt Records. El primero se llam\u00f3 \u201cDeseos m\u00faltiples\u201d y sali\u00f3 en 2018. Sobre el nuevo \u00e1lbum, la pianista lidera el tr\u00edo que completan Ferm\u00edn Su\u00e1rez (contrabajo) y Francisco Mart\u00ed (bater\u00eda). El Roc\u00edo Gim\u00e9nez L\u00f3pez Tr\u00edo fue muy elogiado tras su \u00faltima presentaci\u00f3n en el Festival de Jazz de Buenos Aires por su car\u00e1cter introspectivo y exploratorio.<\/span><\/p>\n<p><span style=\"font-weight: 400;\">\u201cCon Ferm\u00edn Su\u00e1rez y Francisco Mart\u00ed empezamos a juntarnos a tocar durante la cuarentena. Nadie estaba tocando en vivo as\u00ed que aprovechamos el tiempo para juntarnos, probar cosas, estudiar. Es un proyecto, si se quiere, producto del aburrimiento -algo que puede considerarse muy positivo, un motor grande de la creatividad- y de las ganas de los tres. Hicimos una sesi\u00f3n de grabaci\u00f3n hace poco donde incluimos composiciones m\u00edas y dos versiones de canciones prestadas: de Chico Buarque (Cravo e canela) y Milton Nascimento (O futebol)\u201d, record\u00f3 Roc\u00edo.<\/span><\/p>\n<p><span style=\"font-weight: 400;\">El CD contiene adem\u00e1s cinco temas compuestos por la pianista: \u201cRefr\u00e1n\u201d, \u201cObligada vuelta\u201d, \u201cButcherbird\/Vol\u00e1til\u201d, \u201cBordes\u201d y \u201cUn caos l\u00facido\u201d, que da t\u00edtulo al disco.<\/span><\/p>\n<p><span style=\"font-weight: 400;\">El disco sale en formato f\u00edsico y digital a partir de la primera semana de agosto.<\/span><\/p>\n<p><span style=\"font-weight: 400;\">Roc\u00edo Gim\u00e9nez L\u00f3pez, piano<\/span><br \/>\n<span style=\"font-weight: 400;\">Ferm\u00edn Su\u00e1rez, contrabajo<\/span><br \/>\n<span style=\"font-weight: 400;\">Facundo Mart\u00ed, bater\u00eda<\/span><br \/>\n<span style=\"font-weight: 400;\">Producci\u00f3n ejecutiva: Horacio Vargas y Roc\u00edo Gim\u00e9nez L\u00f3pez<\/span><br \/>\n<span style=\"font-weight: 400;\">Grabaci\u00f3n: Sam Natch<\/span><br \/>\n<span style=\"font-weight: 400;\">Mezcla y mastering: Mariano M\u00edguez<\/span><br \/>\n<span style=\"font-weight: 400;\">Arte de tapa: Brian Loughlin<\/span><br \/>\n<span style=\"font-weight: 400;\">Grabado en Estudio Libres el 2 de noviembre de 2021 en la ciudad de Buenos Aires.<\/span><br \/>\n<span style=\"font-weight: 400;\">\u00a0<\/span><\/p>\n<p>&nbsp;<\/p>\n","protected":false},"excerpt":{"rendered":"<p>El concierto reedita el ciclo \u201cFila cero\u201d: los espectadores presenciar\u00e1n el concierto en el propio escenario del teatro.<\/p>\n","protected":false},"author":2,"featured_media":3969,"comment_status":"closed","ping_status":"closed","template":"","tags":[],"mec_category":[20],"yoast_head":"<!-- This site is optimized with the Yoast SEO plugin v23.5 - https:\/\/yoast.com\/wordpress\/plugins\/seo\/ -->\n<title>Roc\u00edo Gim\u00e9nez L\u00f3pez Tr\u00edo presenta Un caos l\u00facido - Centro Cultural Parque de Espa\u00f1a\/AECID<\/title>\n<meta name=\"robots\" content=\"index, follow, max-snippet:-1, max-image-preview:large, max-video-preview:-1\" \/>\n<link rel=\"canonical\" href=\"https:\/\/ccpe.org.ar\/web\/actividades\/rocio-gimenez-lopez-trio-presenta-un-caos-lucido\/\" \/>\n<meta property=\"og:locale\" content=\"es_ES\" \/>\n<meta property=\"og:type\" content=\"article\" \/>\n<meta property=\"og:title\" content=\"Roc\u00edo Gim\u00e9nez L\u00f3pez Tr\u00edo presenta Un caos l\u00facido - Centro Cultural Parque de Espa\u00f1a\/AECID\" \/>\n<meta property=\"og:description\" content=\"El concierto reedita el ciclo \u201cFila cero\u201d: los espectadores presenciar\u00e1n el concierto en el propio escenario del teatro.\" \/>\n<meta property=\"og:url\" content=\"https:\/\/ccpe.org.ar\/web\/actividades\/rocio-gimenez-lopez-trio-presenta-un-caos-lucido\/\" \/>\n<meta property=\"og:site_name\" content=\"Centro Cultural Parque de Espa\u00f1a\/AECID\" \/>\n<meta property=\"article:publisher\" content=\"https:\/\/www.facebook.com\/CCPErosario\/\" \/>\n<meta property=\"article:modified_time\" content=\"2022-08-04T13:44:23+00:00\" \/>\n<meta property=\"og:image\" content=\"https:\/\/ccpe.org.ar\/web\/wp-content\/uploads\/2022\/07\/b_rocio_lopez.jpg\" \/>\n\t<meta property=\"og:image:width\" content=\"980\" \/>\n\t<meta property=\"og:image:height\" content=\"544\" \/>\n\t<meta property=\"og:image:type\" content=\"image\/jpeg\" \/>\n<meta name=\"twitter:card\" content=\"summary_large_image\" \/>\n<meta name=\"twitter:site\" content=\"@ccpe\" \/>\n<meta name=\"twitter:label1\" content=\"Tiempo de lectura\" \/>\n\t<meta name=\"twitter:data1\" content=\"2 minutos\" \/>\n<script type=\"application\/ld+json\" class=\"yoast-schema-graph\">{\"@context\":\"https:\/\/schema.org\",\"@graph\":[{\"@type\":\"WebPage\",\"@id\":\"https:\/\/ccpe.org.ar\/web\/actividades\/rocio-gimenez-lopez-trio-presenta-un-caos-lucido\/\",\"url\":\"https:\/\/ccpe.org.ar\/web\/actividades\/rocio-gimenez-lopez-trio-presenta-un-caos-lucido\/\",\"name\":\"Roc\u00edo Gim\u00e9nez L\u00f3pez Tr\u00edo presenta Un caos l\u00facido - Centro Cultural Parque de Espa\u00f1a\/AECID\",\"isPartOf\":{\"@id\":\"https:\/\/ccpe.org.ar\/web\/#website\"},\"primaryImageOfPage\":{\"@id\":\"https:\/\/ccpe.org.ar\/web\/actividades\/rocio-gimenez-lopez-trio-presenta-un-caos-lucido\/#primaryimage\"},\"image\":{\"@id\":\"https:\/\/ccpe.org.ar\/web\/actividades\/rocio-gimenez-lopez-trio-presenta-un-caos-lucido\/#primaryimage\"},\"thumbnailUrl\":\"https:\/\/ccpe.org.ar\/web\/wp-content\/uploads\/2022\/07\/b_rocio_lopez.jpg\",\"datePublished\":\"2022-07-26T14:51:40+00:00\",\"dateModified\":\"2022-08-04T13:44:23+00:00\",\"breadcrumb\":{\"@id\":\"https:\/\/ccpe.org.ar\/web\/actividades\/rocio-gimenez-lopez-trio-presenta-un-caos-lucido\/#breadcrumb\"},\"inLanguage\":\"es\",\"potentialAction\":[{\"@type\":\"ReadAction\",\"target\":[\"https:\/\/ccpe.org.ar\/web\/actividades\/rocio-gimenez-lopez-trio-presenta-un-caos-lucido\/\"]}]},{\"@type\":\"ImageObject\",\"inLanguage\":\"es\",\"@id\":\"https:\/\/ccpe.org.ar\/web\/actividades\/rocio-gimenez-lopez-trio-presenta-un-caos-lucido\/#primaryimage\",\"url\":\"https:\/\/ccpe.org.ar\/web\/wp-content\/uploads\/2022\/07\/b_rocio_lopez.jpg\",\"contentUrl\":\"https:\/\/ccpe.org.ar\/web\/wp-content\/uploads\/2022\/07\/b_rocio_lopez.jpg\",\"width\":980,\"height\":544},{\"@type\":\"BreadcrumbList\",\"@id\":\"https:\/\/ccpe.org.ar\/web\/actividades\/rocio-gimenez-lopez-trio-presenta-un-caos-lucido\/#breadcrumb\",\"itemListElement\":[{\"@type\":\"ListItem\",\"position\":1,\"name\":\"Portada\",\"item\":\"https:\/\/ccpe.org.ar\/web\/\"},{\"@type\":\"ListItem\",\"position\":2,\"name\":\"Roc\u00edo Gim\u00e9nez L\u00f3pez Tr\u00edo presenta Un caos l\u00facido\"}]},{\"@type\":\"WebSite\",\"@id\":\"https:\/\/ccpe.org.ar\/web\/#website\",\"url\":\"https:\/\/ccpe.org.ar\/web\/\",\"name\":\"Centro Cultural Parque de Espa\u00f1a\/AECID\",\"description\":\"Sitio web del Centro Cultural Parque de Espa\u00f1a\/AECID\",\"potentialAction\":[{\"@type\":\"SearchAction\",\"target\":{\"@type\":\"EntryPoint\",\"urlTemplate\":\"https:\/\/ccpe.org.ar\/web\/?s={search_term_string}\"},\"query-input\":{\"@type\":\"PropertyValueSpecification\",\"valueRequired\":true,\"valueName\":\"search_term_string\"}}],\"inLanguage\":\"es\"}]}<\/script>\n<!-- \/ Yoast SEO plugin. -->","yoast_head_json":{"title":"Roc\u00edo Gim\u00e9nez L\u00f3pez Tr\u00edo presenta Un caos l\u00facido - Centro Cultural Parque de Espa\u00f1a\/AECID","robots":{"index":"index","follow":"follow","max-snippet":"max-snippet:-1","max-image-preview":"max-image-preview:large","max-video-preview":"max-video-preview:-1"},"canonical":"https:\/\/ccpe.org.ar\/web\/actividades\/rocio-gimenez-lopez-trio-presenta-un-caos-lucido\/","og_locale":"es_ES","og_type":"article","og_title":"Roc\u00edo Gim\u00e9nez L\u00f3pez Tr\u00edo presenta Un caos l\u00facido - Centro Cultural Parque de Espa\u00f1a\/AECID","og_description":"El concierto reedita el ciclo \u201cFila cero\u201d: los espectadores presenciar\u00e1n el concierto en el propio escenario del teatro.","og_url":"https:\/\/ccpe.org.ar\/web\/actividades\/rocio-gimenez-lopez-trio-presenta-un-caos-lucido\/","og_site_name":"Centro Cultural Parque de Espa\u00f1a\/AECID","article_publisher":"https:\/\/www.facebook.com\/CCPErosario\/","article_modified_time":"2022-08-04T13:44:23+00:00","og_image":[{"width":980,"height":544,"url":"https:\/\/ccpe.org.ar\/web\/wp-content\/uploads\/2022\/07\/b_rocio_lopez.jpg","type":"image\/jpeg"}],"twitter_card":"summary_large_image","twitter_site":"@ccpe","twitter_misc":{"Tiempo de lectura":"2 minutos"},"schema":{"@context":"https:\/\/schema.org","@graph":[{"@type":"WebPage","@id":"https:\/\/ccpe.org.ar\/web\/actividades\/rocio-gimenez-lopez-trio-presenta-un-caos-lucido\/","url":"https:\/\/ccpe.org.ar\/web\/actividades\/rocio-gimenez-lopez-trio-presenta-un-caos-lucido\/","name":"Roc\u00edo Gim\u00e9nez L\u00f3pez Tr\u00edo presenta Un caos l\u00facido - Centro Cultural Parque de Espa\u00f1a\/AECID","isPartOf":{"@id":"https:\/\/ccpe.org.ar\/web\/#website"},"primaryImageOfPage":{"@id":"https:\/\/ccpe.org.ar\/web\/actividades\/rocio-gimenez-lopez-trio-presenta-un-caos-lucido\/#primaryimage"},"image":{"@id":"https:\/\/ccpe.org.ar\/web\/actividades\/rocio-gimenez-lopez-trio-presenta-un-caos-lucido\/#primaryimage"},"thumbnailUrl":"https:\/\/ccpe.org.ar\/web\/wp-content\/uploads\/2022\/07\/b_rocio_lopez.jpg","datePublished":"2022-07-26T14:51:40+00:00","dateModified":"2022-08-04T13:44:23+00:00","breadcrumb":{"@id":"https:\/\/ccpe.org.ar\/web\/actividades\/rocio-gimenez-lopez-trio-presenta-un-caos-lucido\/#breadcrumb"},"inLanguage":"es","potentialAction":[{"@type":"ReadAction","target":["https:\/\/ccpe.org.ar\/web\/actividades\/rocio-gimenez-lopez-trio-presenta-un-caos-lucido\/"]}]},{"@type":"ImageObject","inLanguage":"es","@id":"https:\/\/ccpe.org.ar\/web\/actividades\/rocio-gimenez-lopez-trio-presenta-un-caos-lucido\/#primaryimage","url":"https:\/\/ccpe.org.ar\/web\/wp-content\/uploads\/2022\/07\/b_rocio_lopez.jpg","contentUrl":"https:\/\/ccpe.org.ar\/web\/wp-content\/uploads\/2022\/07\/b_rocio_lopez.jpg","width":980,"height":544},{"@type":"BreadcrumbList","@id":"https:\/\/ccpe.org.ar\/web\/actividades\/rocio-gimenez-lopez-trio-presenta-un-caos-lucido\/#breadcrumb","itemListElement":[{"@type":"ListItem","position":1,"name":"Portada","item":"https:\/\/ccpe.org.ar\/web\/"},{"@type":"ListItem","position":2,"name":"Roc\u00edo Gim\u00e9nez L\u00f3pez Tr\u00edo presenta Un caos l\u00facido"}]},{"@type":"WebSite","@id":"https:\/\/ccpe.org.ar\/web\/#website","url":"https:\/\/ccpe.org.ar\/web\/","name":"Centro Cultural Parque de Espa\u00f1a\/AECID","description":"Sitio web del Centro Cultural Parque de Espa\u00f1a\/AECID","potentialAction":[{"@type":"SearchAction","target":{"@type":"EntryPoint","urlTemplate":"https:\/\/ccpe.org.ar\/web\/?s={search_term_string}"},"query-input":{"@type":"PropertyValueSpecification","valueRequired":true,"valueName":"search_term_string"}}],"inLanguage":"es"}]}},"_links":{"self":[{"href":"https:\/\/ccpe.org.ar\/web\/wp-json\/wp\/v2\/mec-events\/3968"}],"collection":[{"href":"https:\/\/ccpe.org.ar\/web\/wp-json\/wp\/v2\/mec-events"}],"about":[{"href":"https:\/\/ccpe.org.ar\/web\/wp-json\/wp\/v2\/types\/mec-events"}],"author":[{"embeddable":true,"href":"https:\/\/ccpe.org.ar\/web\/wp-json\/wp\/v2\/users\/2"}],"replies":[{"embeddable":true,"href":"https:\/\/ccpe.org.ar\/web\/wp-json\/wp\/v2\/comments?post=3968"}],"wp:featuredmedia":[{"embeddable":true,"href":"https:\/\/ccpe.org.ar\/web\/wp-json\/wp\/v2\/media\/3969"}],"wp:attachment":[{"href":"https:\/\/ccpe.org.ar\/web\/wp-json\/wp\/v2\/media?parent=3968"}],"wp:term":[{"taxonomy":"post_tag","embeddable":true,"href":"https:\/\/ccpe.org.ar\/web\/wp-json\/wp\/v2\/tags?post=3968"},{"taxonomy":"mec_category","embeddable":true,"href":"https:\/\/ccpe.org.ar\/web\/wp-json\/wp\/v2\/mec_category?post=3968"}],"curies":[{"name":"wp","href":"https:\/\/api.w.org\/{rel}","templated":true}]}}

Rocío Giménez López Trío presenta Un caos lúcido

<p><span style="font-weight: 400;">La pianista de jazz Rocío Giménez López presenta su nuevo disco “Un caos lúcido” en formato trío, con la particularidad de reeditar el ciclo “Fila cero”: los espectadores presenciarán el concierto en el propio escenario del teatro.</span></p>
<p><b>Sábado 20/8, 20 h en el Teatro del CCPE (Sarmiento y el río). Entrada: $ 1.200, en venta en Galerías del CCPE de martes a sábados, de 15 a 19 h, en disquería Paraphernalia (Rioja 1070) y online en <a href="http://www.1000tickets.com.ar">www.1000tickets.com.ar</a>.</b></p>
<p><span style="font-weight: 400;">“Un caos lúcido” es el segundo disco de Giménez López editado por BlueArt Records. El primero se llamó “Deseos múltiples” y salió en 2018. Sobre el nuevo álbum, la pianista lidera el trío que completan Fermín Suárez (contrabajo) y Francisco Martí (batería). El Rocío Giménez López Trío fue muy elogiado tras su última presentación en el Festival de Jazz de Buenos Aires por su carácter introspectivo y exploratorio.</span></p>
<p><span style="font-weight: 400;">“Con Fermín Suárez y Francisco Martí empezamos a juntarnos a tocar durante la cuarentena. Nadie estaba tocando en vivo así que aprovechamos el tiempo para juntarnos, probar cosas, estudiar. Es un proyecto, si se quiere, producto del aburrimiento -algo que puede considerarse muy positivo, un motor grande de la creatividad- y de las ganas de los tres. Hicimos una sesión de grabación hace poco donde incluimos composiciones mías y dos versiones de canciones prestadas: de Chico Buarque (Cravo e canela) y Milton Nascimento (O futebol)”, recordó Rocío.</span></p>
<p><span style="font-weight: 400;">El CD contiene además cinco temas compuestos por la pianista: “Refrán”, “Obligada vuelta”, “Butcherbird/Volátil”, “Bordes” y “Un caos lúcido”, que da título al disco.</span></p>
<p><span style="font-weight: 400;">El disco sale en formato físico y digital a partir de la primera semana de agosto.</span></p>
<p><span style="font-weight: 400;">Rocío Giménez López, piano</span><br />
<span style="font-weight: 400;">Fermín Suárez, contrabajo</span><br />
<span style="font-weight: 400;">Facundo Martí, batería</span><br />
<span style="font-weight: 400;">Producción ejecutiva: Horacio Vargas y Rocío Giménez López</span><br />
<span style="font-weight: 400;">Grabación: Sam Natch</span><br />
<span style="font-weight: 400;">Mezcla y mastering: Mariano Míguez</span><br />
<span style="font-weight: 400;">Arte de tapa: Brian Loughlin</span><br />
<span style="font-weight: 400;">Grabado en Estudio Libres el 2 de noviembre de 2021 en la ciudad de Buenos Aires.</span><br />
<span style="font-weight: 400;"> </span></p>
<p>&nbsp;</p>

<p>El concierto reedita el ciclo “Fila cero”: los espectadores presenciarán el concierto en el propio escenario del teatro.</p>

<!-- This site is optimized with the Yoast SEO plugin v23.5 - https://yoast.com/wordpress/plugins/seo/ -->
<title>Rocío Giménez López Trío presenta Un caos lúcido - Centro Cultural Parque de España/AECID</title>
<meta name="robots" content="index, follow, max-snippet:-1, max-image-preview:large, max-video-preview:-1" />
<link rel="canonical" href="https://ccpe.org.ar/web/actividades/rocio-gimenez-lopez-trio-presenta-un-caos-lucido/" />
<meta property="og:locale" content="es_ES" />
<meta property="og:type" content="article" />
<meta property="og:title" content="Rocío Giménez López Trío presenta Un caos lúcido - Centro Cultural Parque de España/AECID" />
<meta property="og:description" content="El concierto reedita el ciclo “Fila cero”: los espectadores presenciarán el concierto en el propio escenario del teatro." />
<meta property="og:url" content="https://ccpe.org.ar/web/actividades/rocio-gimenez-lopez-trio-presenta-un-caos-lucido/" />
<meta property="og:site_name" content="Centro Cultural Parque de España/AECID" />
<meta property="article:publisher" content="https://www.facebook.com/CCPErosario/" />
<meta property="article:modified_time" content="2022-08-04T13:44:23+00:00" />
<meta property="og:image" content="https://ccpe.org.ar/web/wp-content/uploads/2022/07/b_rocio_lopez.jpg" />
	<meta property="og:image:width" content="980" />
	<meta property="og:image:height" content="544" />
	<meta property="og:image:type" content="image/jpeg" />
<meta name="twitter:card" content="summary_large_image" />
<meta name="twitter:site" content="@ccpe" />
<meta name="twitter:label1" content="Tiempo de lectura" />
	<meta name="twitter:data1" content="2 minutos" />
<script type="application/ld+json" class="yoast-schema-graph">{"@context":"https://schema.org","@graph":[{"@type":"WebPage","@id":"https://ccpe.org.ar/web/actividades/rocio-gimenez-lopez-trio-presenta-un-caos-lucido/","url":"https://ccpe.org.ar/web/actividades/rocio-gimenez-lopez-trio-presenta-un-caos-lucido/","name":"Rocío Giménez López Trío presenta Un caos lúcido - Centro Cultural Parque de España/AECID","isPartOf":{"@id":"https://ccpe.org.ar/web/#website"},"primaryImageOfPage":{"@id":"https://ccpe.org.ar/web/actividades/rocio-gimenez-lopez-trio-presenta-un-caos-lucido/#primaryimage"},"image":{"@id":"https://ccpe.org.ar/web/actividades/rocio-gimenez-lopez-trio-presenta-un-caos-lucido/#primaryimage"},"thumbnailUrl":"https://ccpe.org.ar/web/wp-content/uploads/2022/07/b_rocio_lopez.jpg","datePublished":"2022-07-26T14:51:40+00:00","dateModified":"2022-08-04T13:44:23+00:00","breadcrumb":{"@id":"https://ccpe.org.ar/web/actividades/rocio-gimenez-lopez-trio-presenta-un-caos-lucido/#breadcrumb"},"inLanguage":"es","potentialAction":[{"@type":"ReadAction","target":["https://ccpe.org.ar/web/actividades/rocio-gimenez-lopez-trio-presenta-un-caos-lucido/"]}]},{"@type":"ImageObject","inLanguage":"es","@id":"https://ccpe.org.ar/web/actividades/rocio-gimenez-lopez-trio-presenta-un-caos-lucido/#primaryimage","url":"https://ccpe.org.ar/web/wp-content/uploads/2022/07/b_rocio_lopez.jpg","contentUrl":"https://ccpe.org.ar/web/wp-content/uploads/2022/07/b_rocio_lopez.jpg","width":980,"height":544},{"@type":"BreadcrumbList","@id":"https://ccpe.org.ar/web/actividades/rocio-gimenez-lopez-trio-presenta-un-caos-lucido/#breadcrumb","itemListElement":[{"@type":"ListItem","position":1,"name":"Portada","item":"https://ccpe.org.ar/web/"},{"@type":"ListItem","position":2,"name":"Rocío Giménez López Trío presenta Un caos lúcido"}]},{"@type":"WebSite","@id":"https://ccpe.org.ar/web/#website","url":"https://ccpe.org.ar/web/","name":"Centro Cultural Parque de España/AECID","description":"Sitio web del Centro Cultural Parque de España/AECID","potentialAction":[{"@type":"SearchAction","target":{"@type":"EntryPoint","urlTemplate":"https://ccpe.org.ar/web/?s={search_term_string}"},"query-input":{"@type":"PropertyValueSpecification","valueRequired":true,"valueName":"search_term_string"}}],"inLanguage":"es"}]}</script>
<!-- / Yoast SEO plugin. -->

Rocío Giménez López Trío presenta Un caos lúcido - Centro Cultural Parque de España/AECID

El concierto reedita el ciclo “Fila cero”: los espectadores presenciarán el concierto en el propio escenario del teatro.

Centro Cultural Parque de España/AECID

Sitio web del Centro Cultural Parque de España/AECID
