{"id":613,"date":"2019-07-02T16:30:59","date_gmt":"2019-07-02T19:30:59","guid":{"rendered":"http:\/\/ccpe.org.ar\/web\/?post_type=mec-events&#038;p=613"},"modified":"2020-07-02T09:45:18","modified_gmt":"2020-07-02T12:45:18","slug":"de-aca-a-la-luna-vacaciones-para-chicos-del-69","status":"publish","type":"mec-events","link":"https:\/\/ccpe.org.ar\/web\/actividades\/de-aca-a-la-luna-vacaciones-para-chicos-del-69\/","title":{"rendered":"De ac\u00e1 a la Luna. Vacaciones para chicos del \u201869"},"content":{"rendered":"<p>En el 50 aniversario del primer alunizaje, el Centro Cultural Parque de Espa\u00f1a invita a pasar el receso invernal con una programaci\u00f3n apta para mayores. Un encuentro con los \u00e9xitos vin\u00edlicos de 1969, la marca que el gran hito espacial dej\u00f3 en el cine, un baile como los de antes -con banda en vivo en un homenaje al cierre de la d\u00e9cada del rock &amp; roll-, un homenaje a la m\u00fasica espacial del gran David Bowie, un encuentro de fotograf\u00eda bajo la luz de la luna llena, una experiencia l\u00fadica-teatral inspirada en el suceso hist\u00f3rico, y una instalaci\u00f3n con un paisaje sonoro de la \u00e9poca, ser\u00e1n parte del itinerario en este viaje a un pasado que siempre est\u00e1 volviendo.<\/p>\n","protected":false},"excerpt":{"rendered":"<p>El Centro Cultural Parque de Espa\u00f1a invita a pasar el receso invernal con una programaci\u00f3n apta para mayores.<\/p>\n","protected":false},"author":1,"featured_media":719,"comment_status":"closed","ping_status":"closed","template":"","tags":[],"mec_category":[19],"yoast_head":"<!-- This site is optimized with the Yoast SEO plugin v23.5 - https:\/\/yoast.com\/wordpress\/plugins\/seo\/ -->\n<title>De ac\u00e1 a la Luna. Vacaciones para chicos del \u201869 - Centro Cultural Parque de Espa\u00f1a\/AECID<\/title>\n<meta name=\"robots\" content=\"index, follow, max-snippet:-1, max-image-preview:large, max-video-preview:-1\" \/>\n<link rel=\"canonical\" href=\"https:\/\/ccpe.org.ar\/web\/actividades\/de-aca-a-la-luna-vacaciones-para-chicos-del-69\/\" \/>\n<meta property=\"og:locale\" content=\"es_ES\" \/>\n<meta property=\"og:type\" content=\"article\" \/>\n<meta property=\"og:title\" content=\"De ac\u00e1 a la Luna. Vacaciones para chicos del \u201869 - Centro Cultural Parque de Espa\u00f1a\/AECID\" \/>\n<meta property=\"og:description\" content=\"El Centro Cultural Parque de Espa\u00f1a invita a pasar el receso invernal con una programaci\u00f3n apta para mayores.\" \/>\n<meta property=\"og:url\" content=\"https:\/\/ccpe.org.ar\/web\/actividades\/de-aca-a-la-luna-vacaciones-para-chicos-del-69\/\" \/>\n<meta property=\"og:site_name\" content=\"Centro Cultural Parque de Espa\u00f1a\/AECID\" \/>\n<meta property=\"article:publisher\" content=\"https:\/\/www.facebook.com\/CCPErosario\/\" \/>\n<meta property=\"article:modified_time\" content=\"2020-07-02T12:45:18+00:00\" \/>\n<meta property=\"og:image\" content=\"https:\/\/ccpe.org.ar\/web\/wp-content\/uploads\/2019\/07\/b_de_aca_a_aluna.jpg\" \/>\n\t<meta property=\"og:image:width\" content=\"1080\" \/>\n\t<meta property=\"og:image:height\" content=\"600\" \/>\n\t<meta property=\"og:image:type\" content=\"image\/jpeg\" \/>\n<meta name=\"twitter:card\" content=\"summary_large_image\" \/>\n<meta name=\"twitter:site\" content=\"@ccpe\" \/>\n<meta name=\"twitter:label1\" content=\"Tiempo de lectura\" \/>\n\t<meta name=\"twitter:data1\" content=\"1 minuto\" \/>\n<script type=\"application\/ld+json\" class=\"yoast-schema-graph\">{\"@context\":\"https:\/\/schema.org\",\"@graph\":[{\"@type\":\"WebPage\",\"@id\":\"https:\/\/ccpe.org.ar\/web\/actividades\/de-aca-a-la-luna-vacaciones-para-chicos-del-69\/\",\"url\":\"https:\/\/ccpe.org.ar\/web\/actividades\/de-aca-a-la-luna-vacaciones-para-chicos-del-69\/\",\"name\":\"De ac\u00e1 a la Luna. Vacaciones para chicos del \u201869 - Centro Cultural Parque de Espa\u00f1a\/AECID\",\"isPartOf\":{\"@id\":\"https:\/\/ccpe.org.ar\/web\/#website\"},\"primaryImageOfPage\":{\"@id\":\"https:\/\/ccpe.org.ar\/web\/actividades\/de-aca-a-la-luna-vacaciones-para-chicos-del-69\/#primaryimage\"},\"image\":{\"@id\":\"https:\/\/ccpe.org.ar\/web\/actividades\/de-aca-a-la-luna-vacaciones-para-chicos-del-69\/#primaryimage\"},\"thumbnailUrl\":\"https:\/\/ccpe.org.ar\/web\/wp-content\/uploads\/2019\/07\/b_de_aca_a_aluna.jpg\",\"datePublished\":\"2019-07-02T19:30:59+00:00\",\"dateModified\":\"2020-07-02T12:45:18+00:00\",\"breadcrumb\":{\"@id\":\"https:\/\/ccpe.org.ar\/web\/actividades\/de-aca-a-la-luna-vacaciones-para-chicos-del-69\/#breadcrumb\"},\"inLanguage\":\"es\",\"potentialAction\":[{\"@type\":\"ReadAction\",\"target\":[\"https:\/\/ccpe.org.ar\/web\/actividades\/de-aca-a-la-luna-vacaciones-para-chicos-del-69\/\"]}]},{\"@type\":\"ImageObject\",\"inLanguage\":\"es\",\"@id\":\"https:\/\/ccpe.org.ar\/web\/actividades\/de-aca-a-la-luna-vacaciones-para-chicos-del-69\/#primaryimage\",\"url\":\"https:\/\/ccpe.org.ar\/web\/wp-content\/uploads\/2019\/07\/b_de_aca_a_aluna.jpg\",\"contentUrl\":\"https:\/\/ccpe.org.ar\/web\/wp-content\/uploads\/2019\/07\/b_de_aca_a_aluna.jpg\",\"width\":1080,\"height\":600,\"caption\":\"De ac\u00e1 a la luna\"},{\"@type\":\"BreadcrumbList\",\"@id\":\"https:\/\/ccpe.org.ar\/web\/actividades\/de-aca-a-la-luna-vacaciones-para-chicos-del-69\/#breadcrumb\",\"itemListElement\":[{\"@type\":\"ListItem\",\"position\":1,\"name\":\"Portada\",\"item\":\"https:\/\/ccpe.org.ar\/web\/\"},{\"@type\":\"ListItem\",\"position\":2,\"name\":\"De ac\u00e1 a la Luna. Vacaciones para chicos del \u201869\"}]},{\"@type\":\"WebSite\",\"@id\":\"https:\/\/ccpe.org.ar\/web\/#website\",\"url\":\"https:\/\/ccpe.org.ar\/web\/\",\"name\":\"Centro Cultural Parque de Espa\u00f1a\/AECID\",\"description\":\"Sitio web del Centro Cultural Parque de Espa\u00f1a\/AECID\",\"potentialAction\":[{\"@type\":\"SearchAction\",\"target\":{\"@type\":\"EntryPoint\",\"urlTemplate\":\"https:\/\/ccpe.org.ar\/web\/?s={search_term_string}\"},\"query-input\":{\"@type\":\"PropertyValueSpecification\",\"valueRequired\":true,\"valueName\":\"search_term_string\"}}],\"inLanguage\":\"es\"}]}<\/script>\n<!-- \/ Yoast SEO plugin. -->","yoast_head_json":{"title":"De ac\u00e1 a la Luna. Vacaciones para chicos del \u201869 - Centro Cultural Parque de Espa\u00f1a\/AECID","robots":{"index":"index","follow":"follow","max-snippet":"max-snippet:-1","max-image-preview":"max-image-preview:large","max-video-preview":"max-video-preview:-1"},"canonical":"https:\/\/ccpe.org.ar\/web\/actividades\/de-aca-a-la-luna-vacaciones-para-chicos-del-69\/","og_locale":"es_ES","og_type":"article","og_title":"De ac\u00e1 a la Luna. Vacaciones para chicos del \u201869 - Centro Cultural Parque de Espa\u00f1a\/AECID","og_description":"El Centro Cultural Parque de Espa\u00f1a invita a pasar el receso invernal con una programaci\u00f3n apta para mayores.","og_url":"https:\/\/ccpe.org.ar\/web\/actividades\/de-aca-a-la-luna-vacaciones-para-chicos-del-69\/","og_site_name":"Centro Cultural Parque de Espa\u00f1a\/AECID","article_publisher":"https:\/\/www.facebook.com\/CCPErosario\/","article_modified_time":"2020-07-02T12:45:18+00:00","og_image":[{"width":1080,"height":600,"url":"https:\/\/ccpe.org.ar\/web\/wp-content\/uploads\/2019\/07\/b_de_aca_a_aluna.jpg","type":"image\/jpeg"}],"twitter_card":"summary_large_image","twitter_site":"@ccpe","twitter_misc":{"Tiempo de lectura":"1 minuto"},"schema":{"@context":"https:\/\/schema.org","@graph":[{"@type":"WebPage","@id":"https:\/\/ccpe.org.ar\/web\/actividades\/de-aca-a-la-luna-vacaciones-para-chicos-del-69\/","url":"https:\/\/ccpe.org.ar\/web\/actividades\/de-aca-a-la-luna-vacaciones-para-chicos-del-69\/","name":"De ac\u00e1 a la Luna. Vacaciones para chicos del \u201869 - Centro Cultural Parque de Espa\u00f1a\/AECID","isPartOf":{"@id":"https:\/\/ccpe.org.ar\/web\/#website"},"primaryImageOfPage":{"@id":"https:\/\/ccpe.org.ar\/web\/actividades\/de-aca-a-la-luna-vacaciones-para-chicos-del-69\/#primaryimage"},"image":{"@id":"https:\/\/ccpe.org.ar\/web\/actividades\/de-aca-a-la-luna-vacaciones-para-chicos-del-69\/#primaryimage"},"thumbnailUrl":"https:\/\/ccpe.org.ar\/web\/wp-content\/uploads\/2019\/07\/b_de_aca_a_aluna.jpg","datePublished":"2019-07-02T19:30:59+00:00","dateModified":"2020-07-02T12:45:18+00:00","breadcrumb":{"@id":"https:\/\/ccpe.org.ar\/web\/actividades\/de-aca-a-la-luna-vacaciones-para-chicos-del-69\/#breadcrumb"},"inLanguage":"es","potentialAction":[{"@type":"ReadAction","target":["https:\/\/ccpe.org.ar\/web\/actividades\/de-aca-a-la-luna-vacaciones-para-chicos-del-69\/"]}]},{"@type":"ImageObject","inLanguage":"es","@id":"https:\/\/ccpe.org.ar\/web\/actividades\/de-aca-a-la-luna-vacaciones-para-chicos-del-69\/#primaryimage","url":"https:\/\/ccpe.org.ar\/web\/wp-content\/uploads\/2019\/07\/b_de_aca_a_aluna.jpg","contentUrl":"https:\/\/ccpe.org.ar\/web\/wp-content\/uploads\/2019\/07\/b_de_aca_a_aluna.jpg","width":1080,"height":600,"caption":"De ac\u00e1 a la luna"},{"@type":"BreadcrumbList","@id":"https:\/\/ccpe.org.ar\/web\/actividades\/de-aca-a-la-luna-vacaciones-para-chicos-del-69\/#breadcrumb","itemListElement":[{"@type":"ListItem","position":1,"name":"Portada","item":"https:\/\/ccpe.org.ar\/web\/"},{"@type":"ListItem","position":2,"name":"De ac\u00e1 a la Luna. Vacaciones para chicos del \u201869"}]},{"@type":"WebSite","@id":"https:\/\/ccpe.org.ar\/web\/#website","url":"https:\/\/ccpe.org.ar\/web\/","name":"Centro Cultural Parque de Espa\u00f1a\/AECID","description":"Sitio web del Centro Cultural Parque de Espa\u00f1a\/AECID","potentialAction":[{"@type":"SearchAction","target":{"@type":"EntryPoint","urlTemplate":"https:\/\/ccpe.org.ar\/web\/?s={search_term_string}"},"query-input":{"@type":"PropertyValueSpecification","valueRequired":true,"valueName":"search_term_string"}}],"inLanguage":"es"}]}},"_links":{"self":[{"href":"https:\/\/ccpe.org.ar\/web\/wp-json\/wp\/v2\/mec-events\/613"}],"collection":[{"href":"https:\/\/ccpe.org.ar\/web\/wp-json\/wp\/v2\/mec-events"}],"about":[{"href":"https:\/\/ccpe.org.ar\/web\/wp-json\/wp\/v2\/types\/mec-events"}],"author":[{"embeddable":true,"href":"https:\/\/ccpe.org.ar\/web\/wp-json\/wp\/v2\/users\/1"}],"replies":[{"embeddable":true,"href":"https:\/\/ccpe.org.ar\/web\/wp-json\/wp\/v2\/comments?post=613"}],"wp:featuredmedia":[{"embeddable":true,"href":"https:\/\/ccpe.org.ar\/web\/wp-json\/wp\/v2\/media\/719"}],"wp:attachment":[{"href":"https:\/\/ccpe.org.ar\/web\/wp-json\/wp\/v2\/media?parent=613"}],"wp:term":[{"taxonomy":"post_tag","embeddable":true,"href":"https:\/\/ccpe.org.ar\/web\/wp-json\/wp\/v2\/tags?post=613"},{"taxonomy":"mec_category","embeddable":true,"href":"https:\/\/ccpe.org.ar\/web\/wp-json\/wp\/v2\/mec_category?post=613"}],"curies":[{"name":"wp","href":"https:\/\/api.w.org\/{rel}","templated":true}]}}

De acá a la Luna. Vacaciones para chicos del ‘69

<p>En el 50 aniversario del primer alunizaje, el Centro Cultural Parque de España invita a pasar el receso invernal con una programación apta para mayores. Un encuentro con los éxitos vinílicos de 1969, la marca que el gran hito espacial dejó en el cine, un baile como los de antes -con banda en vivo en un homenaje al cierre de la década del rock &amp; roll-, un homenaje a la música espacial del gran David Bowie, un encuentro de fotografía bajo la luz de la luna llena, una experiencia lúdica-teatral inspirada en el suceso histórico, y una instalación con un paisaje sonoro de la época, serán parte del itinerario en este viaje a un pasado que siempre está volviendo.</p>

<p>El Centro Cultural Parque de España invita a pasar el receso invernal con una programación apta para mayores.</p>

<!-- This site is optimized with the Yoast SEO plugin v23.5 - https://yoast.com/wordpress/plugins/seo/ -->
<title>De acá a la Luna. Vacaciones para chicos del ‘69 - Centro Cultural Parque de España/AECID</title>
<meta name="robots" content="index, follow, max-snippet:-1, max-image-preview:large, max-video-preview:-1" />
<link rel="canonical" href="https://ccpe.org.ar/web/actividades/de-aca-a-la-luna-vacaciones-para-chicos-del-69/" />
<meta property="og:locale" content="es_ES" />
<meta property="og:type" content="article" />
<meta property="og:title" content="De acá a la Luna. Vacaciones para chicos del ‘69 - Centro Cultural Parque de España/AECID" />
<meta property="og:description" content="El Centro Cultural Parque de España invita a pasar el receso invernal con una programación apta para mayores." />
<meta property="og:url" content="https://ccpe.org.ar/web/actividades/de-aca-a-la-luna-vacaciones-para-chicos-del-69/" />
<meta property="og:site_name" content="Centro Cultural Parque de España/AECID" />
<meta property="article:publisher" content="https://www.facebook.com/CCPErosario/" />
<meta property="article:modified_time" content="2020-07-02T12:45:18+00:00" />
<meta property="og:image" content="https://ccpe.org.ar/web/wp-content/uploads/2019/07/b_de_aca_a_aluna.jpg" />
	<meta property="og:image:width" content="1080" />
	<meta property="og:image:height" content="600" />
	<meta property="og:image:type" content="image/jpeg" />
<meta name="twitter:card" content="summary_large_image" />
<meta name="twitter:site" content="@ccpe" />
<meta name="twitter:label1" content="Tiempo de lectura" />
	<meta name="twitter:data1" content="1 minuto" />
<script type="application/ld+json" class="yoast-schema-graph">{"@context":"https://schema.org","@graph":[{"@type":"WebPage","@id":"https://ccpe.org.ar/web/actividades/de-aca-a-la-luna-vacaciones-para-chicos-del-69/","url":"https://ccpe.org.ar/web/actividades/de-aca-a-la-luna-vacaciones-para-chicos-del-69/","name":"De acá a la Luna. Vacaciones para chicos del ‘69 - Centro Cultural Parque de España/AECID","isPartOf":{"@id":"https://ccpe.org.ar/web/#website"},"primaryImageOfPage":{"@id":"https://ccpe.org.ar/web/actividades/de-aca-a-la-luna-vacaciones-para-chicos-del-69/#primaryimage"},"image":{"@id":"https://ccpe.org.ar/web/actividades/de-aca-a-la-luna-vacaciones-para-chicos-del-69/#primaryimage"},"thumbnailUrl":"https://ccpe.org.ar/web/wp-content/uploads/2019/07/b_de_aca_a_aluna.jpg","datePublished":"2019-07-02T19:30:59+00:00","dateModified":"2020-07-02T12:45:18+00:00","breadcrumb":{"@id":"https://ccpe.org.ar/web/actividades/de-aca-a-la-luna-vacaciones-para-chicos-del-69/#breadcrumb"},"inLanguage":"es","potentialAction":[{"@type":"ReadAction","target":["https://ccpe.org.ar/web/actividades/de-aca-a-la-luna-vacaciones-para-chicos-del-69/"]}]},{"@type":"ImageObject","inLanguage":"es","@id":"https://ccpe.org.ar/web/actividades/de-aca-a-la-luna-vacaciones-para-chicos-del-69/#primaryimage","url":"https://ccpe.org.ar/web/wp-content/uploads/2019/07/b_de_aca_a_aluna.jpg","contentUrl":"https://ccpe.org.ar/web/wp-content/uploads/2019/07/b_de_aca_a_aluna.jpg","width":1080,"height":600,"caption":"De acá a la luna"},{"@type":"BreadcrumbList","@id":"https://ccpe.org.ar/web/actividades/de-aca-a-la-luna-vacaciones-para-chicos-del-69/#breadcrumb","itemListElement":[{"@type":"ListItem","position":1,"name":"Portada","item":"https://ccpe.org.ar/web/"},{"@type":"ListItem","position":2,"name":"De acá a la Luna. Vacaciones para chicos del ‘69"}]},{"@type":"WebSite","@id":"https://ccpe.org.ar/web/#website","url":"https://ccpe.org.ar/web/","name":"Centro Cultural Parque de España/AECID","description":"Sitio web del Centro Cultural Parque de España/AECID","potentialAction":[{"@type":"SearchAction","target":{"@type":"EntryPoint","urlTemplate":"https://ccpe.org.ar/web/?s={search_term_string}"},"query-input":{"@type":"PropertyValueSpecification","valueRequired":true,"valueName":"search_term_string"}}],"inLanguage":"es"}]}</script>
<!-- / Yoast SEO plugin. -->

De acá a la Luna. Vacaciones para chicos del ‘69 - Centro Cultural Parque de España/AECID

El Centro Cultural Parque de España invita a pasar el receso invernal con una programación apta para mayores.

Centro Cultural Parque de España/AECID

De acá a la luna

Sitio web del Centro Cultural Parque de España/AECID
