{"id":7432,"date":"2025-06-26T10:50:39","date_gmt":"2025-06-26T13:50:39","guid":{"rendered":"https:\/\/ccpe.org.ar\/web\/?post_type=mec-events&#038;p=7432"},"modified":"2025-07-25T12:08:14","modified_gmt":"2025-07-25T15:08:14","slug":"consagrada","status":"publish","type":"mec-events","link":"https:\/\/ccpe.org.ar\/web\/actividades\/consagrada\/","title":{"rendered":"Consagrada"},"content":{"rendered":"<p><span style=\"font-weight: 400;\">El Centro Cultural Parque de Espa\u00f1a y La Comedia de Hacer Arte presentan la obra de teatro \u201cConsagrada. El fracaso del \u00e9xito\u201d, un biodrama que parte de la historia personal de Gabi Parigi como ex gimnasta ol\u00edmpica y deportista de alto rendimiento de la Selecci\u00f3n Nacional Argentina. Obra de Flor Micha y Gabi Parigi.<\/span><\/p>\n<p><b>S\u00e1bado 26 de julio, a las 20.30 h. en el Teatro del CCPE (Sarmiento y el r\u00edo). Para mayores de 12 a\u00f1os. ENTRADAS AGOTADAS.<\/b><\/p>\n<p><span style=\"font-weight: 400;\">\u00bfQu\u00e9 hay detr\u00e1s del \u00e9xito y las medallas? \u00bfC\u00f3mo elabora una ni\u00f1a la presi\u00f3n de <\/span><span style=\"font-weight: 400;\">periodistas, entrenadores y familiares, cuando compite representando a su pa\u00eds? \u00bfCu\u00e1les son los sue\u00f1os, los miedos, los deseos al volverse adolescente? \u00bfQu\u00e9 nos revela el cuerpo <\/span><span style=\"font-weight: 400;\">de una atleta adulta? El podio \u2013 nuestro altar de sacrificio contempor\u00e1neo \u2013 ser\u00e1 el lugar desde donde dar luz a esos interrogantes y volverlos cuerpo.<\/span><\/p>\n<p><span style=\"font-weight: 400;\">Gabi Parigi, actual actriz, acr\u00f3bata y bailarina, encarna mediante un lenguaje tragic\u00f3mico,<\/span><span style=\"font-weight: 400;\">los matices de la vida de una gimnasta de \u00e9lite dentro y fuera de la pista. En un viaje que va de lo personal a lo colectivo, esta pieza indaga en las l\u00f3gicas de la meritocracia y el \u00e9xito m\u00e1s all\u00e1 del deporte.<\/span><\/p>\n<p><span style=\"font-weight: 400;\">El humor, la acrobacia y el teatro f\u00edsico y de texto, se fundir\u00e1n en el cuerpo canal de la <\/span><span style=\"font-weight: 400;\">int\u00e9rprete, que invitar\u00e1 a los espectadores a desandar el camino de sus propios sacrificios <\/span><span style=\"font-weight: 400;\">o zonas sagradas. Y la pregunta que quedar\u00e1 latente: \u00bfqu\u00e9 se hace con todo esto?<\/span><\/p>\n<p>&nbsp;<\/p>\n<p><b>En Obra. Ciclo de teatro de otras latitudes<\/b><\/p>\n<p><span style=\"font-weight: 400;\">La Comedia de Hacer Arte* organiza un ciclo de funciones de obras y espect\u00e1culos con el fin de recaudar fondos para la construcci\u00f3n de su sala teatral y en el marco de la campa\u00f1a #Yo hice un teatro.\u00a0<\/span><\/p>\n<p><span style=\"font-weight: 400;\">Entre los meses de marzo y septiembre se presentar\u00e1n diferentes obras de teatro de la ciudad de Buenos Aires y otras latitudes, consagradas por el p\u00fablico y la cr\u00edtica. El Ciclo se realizar\u00e1 en grandes salas de la ciudad de Rosario.<\/span><\/p>\n<p><span style=\"font-weight: 400;\">El ciclo no solo es un espacio para disfrutar del arte, sino una oportunidad para que la comunidad se involucre en un proyecto de larga duraci\u00f3n que busca enriquecer la vida cultural de Echesortu y m\u00e1s all\u00e1. Es una forma de apoyar al proyecto de construcci\u00f3n del teatro y poder continuar con la siguiente etapa de la obra: el techo de la sala y las dependencias. Tambi\u00e9n fortalecer\u00e1 la escena teatral local y sumar\u00e1 un nuevo espacio de exhibici\u00f3n y encuentro para la comunidad art\u00edstica y el p\u00fablico de Rosario.<\/span><\/p>\n<p><span style=\"font-weight: 400;\">Sabemos que cuando nos juntamos con otros, las posibilidades se potencian, creando una forma de trabajo colaborativa. Juntos encontraremos la mejor forma para que puedas apoyar a este proyecto cultural para la ciudad.<\/span><\/p>\n<p>&nbsp;<\/p>\n<p><b>La Comedia de Hacer Arte<\/b><span style=\"font-weight: 400;\">\u00a0<\/span><\/p>\n<p><span style=\"font-weight: 400;\">Es un grupo dedicado a la pr\u00e1ctica e investigaci\u00f3n de las artes esc\u00e9nicas con m\u00e1s de 28 a\u00f1os de trayectoria en Rosario y en el pa\u00eds. Adem\u00e1s de los m\u00e1s de 10 espect\u00e1culos estrenados, que giran por todo el pa\u00eds, se destaca la Escuela de actores y actrices a la que han concurrido m\u00e1s de 250 alumnos, as\u00ed como tambi\u00e9n la organizaci\u00f3n de Festivales y eventos culturales. Desde el a\u00f1o pasado se encuentra construyendo la sala de teatro y futura Sede social de la Asociaci\u00f3n civil, en el barrio Echesortu de Rosario.<\/span><\/p>\n<p>&nbsp;<\/p>\n<p><i><span style=\"font-weight: 400;\">Si necesit\u00e1s asistencia personalizada para inscribirte o asistir, pod\u00e9s comunicarte a <\/span><\/i><a href=\"mailto:info@ccpe.org.ar\"><i><span style=\"font-weight: 400;\">info@ccpe.org.ar<\/span><\/i><\/a><i><span style=\"font-weight: 400;\"> o consultar nuestra <\/span><\/i><a href=\"https:\/\/ccpe.org.ar\/web\/accesibilidad\/\"><i><span style=\"font-weight: 400;\">secci\u00f3n de accesibilidad.<\/span><\/i><\/a><\/p>\n","protected":false},"excerpt":{"rendered":"<p>Biodrama que parte de la historia personal de Gabi Parigi como ex gimnasta ol\u00edmpica y deportista de alto rendimiento de la Selecci\u00f3n Nacional Argentina.<\/p>\n","protected":false},"author":2,"featured_media":4656,"comment_status":"closed","ping_status":"closed","template":"","tags":[],"mec_category":[20,19],"yoast_head":"<!-- This site is optimized with the Yoast SEO plugin v23.5 - https:\/\/yoast.com\/wordpress\/plugins\/seo\/ -->\n<title>Consagrada - Centro Cultural Parque de Espa\u00f1a\/AECID<\/title>\n<meta name=\"robots\" content=\"index, follow, max-snippet:-1, max-image-preview:large, max-video-preview:-1\" \/>\n<link rel=\"canonical\" href=\"https:\/\/ccpe.org.ar\/web\/actividades\/consagrada\/\" \/>\n<meta property=\"og:locale\" content=\"es_ES\" \/>\n<meta property=\"og:type\" content=\"article\" \/>\n<meta property=\"og:title\" content=\"Consagrada - Centro Cultural Parque de Espa\u00f1a\/AECID\" \/>\n<meta property=\"og:description\" content=\"Biodrama que parte de la historia personal de Gabi Parigi como ex gimnasta ol\u00edmpica y deportista de alto rendimiento de la Selecci\u00f3n Nacional Argentina.\" \/>\n<meta property=\"og:url\" content=\"https:\/\/ccpe.org.ar\/web\/actividades\/consagrada\/\" \/>\n<meta property=\"og:site_name\" content=\"Centro Cultural Parque de Espa\u00f1a\/AECID\" \/>\n<meta property=\"article:publisher\" content=\"https:\/\/www.facebook.com\/CCPErosario\/\" \/>\n<meta property=\"article:modified_time\" content=\"2025-07-25T15:08:14+00:00\" \/>\n<meta property=\"og:image\" content=\"https:\/\/ccpe.org.ar\/web\/wp-content\/uploads\/2023\/10\/b_consagrada.jpg\" \/>\n\t<meta property=\"og:image:width\" content=\"980\" \/>\n\t<meta property=\"og:image:height\" content=\"544\" \/>\n\t<meta property=\"og:image:type\" content=\"image\/jpeg\" \/>\n<meta name=\"twitter:card\" content=\"summary_large_image\" \/>\n<meta name=\"twitter:site\" content=\"@ccpe\" \/>\n<meta name=\"twitter:label1\" content=\"Tiempo de lectura\" \/>\n\t<meta name=\"twitter:data1\" content=\"3 minutos\" \/>\n<script type=\"application\/ld+json\" class=\"yoast-schema-graph\">{\"@context\":\"https:\/\/schema.org\",\"@graph\":[{\"@type\":\"WebPage\",\"@id\":\"https:\/\/ccpe.org.ar\/web\/actividades\/consagrada\/\",\"url\":\"https:\/\/ccpe.org.ar\/web\/actividades\/consagrada\/\",\"name\":\"Consagrada - Centro Cultural Parque de Espa\u00f1a\/AECID\",\"isPartOf\":{\"@id\":\"https:\/\/ccpe.org.ar\/web\/#website\"},\"primaryImageOfPage\":{\"@id\":\"https:\/\/ccpe.org.ar\/web\/actividades\/consagrada\/#primaryimage\"},\"image\":{\"@id\":\"https:\/\/ccpe.org.ar\/web\/actividades\/consagrada\/#primaryimage\"},\"thumbnailUrl\":\"https:\/\/ccpe.org.ar\/web\/wp-content\/uploads\/2023\/10\/b_consagrada.jpg\",\"datePublished\":\"2025-06-26T13:50:39+00:00\",\"dateModified\":\"2025-07-25T15:08:14+00:00\",\"breadcrumb\":{\"@id\":\"https:\/\/ccpe.org.ar\/web\/actividades\/consagrada\/#breadcrumb\"},\"inLanguage\":\"es\",\"potentialAction\":[{\"@type\":\"ReadAction\",\"target\":[\"https:\/\/ccpe.org.ar\/web\/actividades\/consagrada\/\"]}]},{\"@type\":\"ImageObject\",\"inLanguage\":\"es\",\"@id\":\"https:\/\/ccpe.org.ar\/web\/actividades\/consagrada\/#primaryimage\",\"url\":\"https:\/\/ccpe.org.ar\/web\/wp-content\/uploads\/2023\/10\/b_consagrada.jpg\",\"contentUrl\":\"https:\/\/ccpe.org.ar\/web\/wp-content\/uploads\/2023\/10\/b_consagrada.jpg\",\"width\":980,\"height\":544},{\"@type\":\"BreadcrumbList\",\"@id\":\"https:\/\/ccpe.org.ar\/web\/actividades\/consagrada\/#breadcrumb\",\"itemListElement\":[{\"@type\":\"ListItem\",\"position\":1,\"name\":\"Portada\",\"item\":\"https:\/\/ccpe.org.ar\/web\/\"},{\"@type\":\"ListItem\",\"position\":2,\"name\":\"Consagrada\"}]},{\"@type\":\"WebSite\",\"@id\":\"https:\/\/ccpe.org.ar\/web\/#website\",\"url\":\"https:\/\/ccpe.org.ar\/web\/\",\"name\":\"Centro Cultural Parque de Espa\u00f1a\/AECID\",\"description\":\"Sitio web del Centro Cultural Parque de Espa\u00f1a\/AECID\",\"potentialAction\":[{\"@type\":\"SearchAction\",\"target\":{\"@type\":\"EntryPoint\",\"urlTemplate\":\"https:\/\/ccpe.org.ar\/web\/?s={search_term_string}\"},\"query-input\":{\"@type\":\"PropertyValueSpecification\",\"valueRequired\":true,\"valueName\":\"search_term_string\"}}],\"inLanguage\":\"es\"}]}<\/script>\n<!-- \/ Yoast SEO plugin. -->","yoast_head_json":{"title":"Consagrada - Centro Cultural Parque de Espa\u00f1a\/AECID","robots":{"index":"index","follow":"follow","max-snippet":"max-snippet:-1","max-image-preview":"max-image-preview:large","max-video-preview":"max-video-preview:-1"},"canonical":"https:\/\/ccpe.org.ar\/web\/actividades\/consagrada\/","og_locale":"es_ES","og_type":"article","og_title":"Consagrada - Centro Cultural Parque de Espa\u00f1a\/AECID","og_description":"Biodrama que parte de la historia personal de Gabi Parigi como ex gimnasta ol\u00edmpica y deportista de alto rendimiento de la Selecci\u00f3n Nacional Argentina.","og_url":"https:\/\/ccpe.org.ar\/web\/actividades\/consagrada\/","og_site_name":"Centro Cultural Parque de Espa\u00f1a\/AECID","article_publisher":"https:\/\/www.facebook.com\/CCPErosario\/","article_modified_time":"2025-07-25T15:08:14+00:00","og_image":[{"width":980,"height":544,"url":"https:\/\/ccpe.org.ar\/web\/wp-content\/uploads\/2023\/10\/b_consagrada.jpg","type":"image\/jpeg"}],"twitter_card":"summary_large_image","twitter_site":"@ccpe","twitter_misc":{"Tiempo de lectura":"3 minutos"},"schema":{"@context":"https:\/\/schema.org","@graph":[{"@type":"WebPage","@id":"https:\/\/ccpe.org.ar\/web\/actividades\/consagrada\/","url":"https:\/\/ccpe.org.ar\/web\/actividades\/consagrada\/","name":"Consagrada - Centro Cultural Parque de Espa\u00f1a\/AECID","isPartOf":{"@id":"https:\/\/ccpe.org.ar\/web\/#website"},"primaryImageOfPage":{"@id":"https:\/\/ccpe.org.ar\/web\/actividades\/consagrada\/#primaryimage"},"image":{"@id":"https:\/\/ccpe.org.ar\/web\/actividades\/consagrada\/#primaryimage"},"thumbnailUrl":"https:\/\/ccpe.org.ar\/web\/wp-content\/uploads\/2023\/10\/b_consagrada.jpg","datePublished":"2025-06-26T13:50:39+00:00","dateModified":"2025-07-25T15:08:14+00:00","breadcrumb":{"@id":"https:\/\/ccpe.org.ar\/web\/actividades\/consagrada\/#breadcrumb"},"inLanguage":"es","potentialAction":[{"@type":"ReadAction","target":["https:\/\/ccpe.org.ar\/web\/actividades\/consagrada\/"]}]},{"@type":"ImageObject","inLanguage":"es","@id":"https:\/\/ccpe.org.ar\/web\/actividades\/consagrada\/#primaryimage","url":"https:\/\/ccpe.org.ar\/web\/wp-content\/uploads\/2023\/10\/b_consagrada.jpg","contentUrl":"https:\/\/ccpe.org.ar\/web\/wp-content\/uploads\/2023\/10\/b_consagrada.jpg","width":980,"height":544},{"@type":"BreadcrumbList","@id":"https:\/\/ccpe.org.ar\/web\/actividades\/consagrada\/#breadcrumb","itemListElement":[{"@type":"ListItem","position":1,"name":"Portada","item":"https:\/\/ccpe.org.ar\/web\/"},{"@type":"ListItem","position":2,"name":"Consagrada"}]},{"@type":"WebSite","@id":"https:\/\/ccpe.org.ar\/web\/#website","url":"https:\/\/ccpe.org.ar\/web\/","name":"Centro Cultural Parque de Espa\u00f1a\/AECID","description":"Sitio web del Centro Cultural Parque de Espa\u00f1a\/AECID","potentialAction":[{"@type":"SearchAction","target":{"@type":"EntryPoint","urlTemplate":"https:\/\/ccpe.org.ar\/web\/?s={search_term_string}"},"query-input":{"@type":"PropertyValueSpecification","valueRequired":true,"valueName":"search_term_string"}}],"inLanguage":"es"}]}},"_links":{"self":[{"href":"https:\/\/ccpe.org.ar\/web\/wp-json\/wp\/v2\/mec-events\/7432"}],"collection":[{"href":"https:\/\/ccpe.org.ar\/web\/wp-json\/wp\/v2\/mec-events"}],"about":[{"href":"https:\/\/ccpe.org.ar\/web\/wp-json\/wp\/v2\/types\/mec-events"}],"author":[{"embeddable":true,"href":"https:\/\/ccpe.org.ar\/web\/wp-json\/wp\/v2\/users\/2"}],"replies":[{"embeddable":true,"href":"https:\/\/ccpe.org.ar\/web\/wp-json\/wp\/v2\/comments?post=7432"}],"wp:featuredmedia":[{"embeddable":true,"href":"https:\/\/ccpe.org.ar\/web\/wp-json\/wp\/v2\/media\/4656"}],"wp:attachment":[{"href":"https:\/\/ccpe.org.ar\/web\/wp-json\/wp\/v2\/media?parent=7432"}],"wp:term":[{"taxonomy":"post_tag","embeddable":true,"href":"https:\/\/ccpe.org.ar\/web\/wp-json\/wp\/v2\/tags?post=7432"},{"taxonomy":"mec_category","embeddable":true,"href":"https:\/\/ccpe.org.ar\/web\/wp-json\/wp\/v2\/mec_category?post=7432"}],"curies":[{"name":"wp","href":"https:\/\/api.w.org\/{rel}","templated":true}]}}

<p><span style="font-weight: 400;">El Centro Cultural Parque de España y La Comedia de Hacer Arte presentan la obra de teatro “Consagrada. El fracaso del éxito”, un biodrama que parte de la historia personal de Gabi Parigi como ex gimnasta olímpica y deportista de alto rendimiento de la Selección Nacional Argentina. Obra de Flor Micha y Gabi Parigi.</span></p>
<p><b>Sábado 26 de julio, a las 20.30 h. en el Teatro del CCPE (Sarmiento y el río). Para mayores de 12 años. ENTRADAS AGOTADAS.</b></p>
<p><span style="font-weight: 400;">¿Qué hay detrás del éxito y las medallas? ¿Cómo elabora una niña la presión de </span><span style="font-weight: 400;">periodistas, entrenadores y familiares, cuando compite representando a su país? ¿Cuáles son los sueños, los miedos, los deseos al volverse adolescente? ¿Qué nos revela el cuerpo </span><span style="font-weight: 400;">de una atleta adulta? El podio – nuestro altar de sacrificio contemporáneo – será el lugar desde donde dar luz a esos interrogantes y volverlos cuerpo.</span></p>
<p><span style="font-weight: 400;">Gabi Parigi, actual actriz, acróbata y bailarina, encarna mediante un lenguaje tragicómico,</span><span style="font-weight: 400;">los matices de la vida de una gimnasta de élite dentro y fuera de la pista. En un viaje que va de lo personal a lo colectivo, esta pieza indaga en las lógicas de la meritocracia y el éxito más allá del deporte.</span></p>
<p><span style="font-weight: 400;">El humor, la acrobacia y el teatro físico y de texto, se fundirán en el cuerpo canal de la </span><span style="font-weight: 400;">intérprete, que invitará a los espectadores a desandar el camino de sus propios sacrificios </span><span style="font-weight: 400;">o zonas sagradas. Y la pregunta que quedará latente: ¿qué se hace con todo esto?</span></p>
<p>&nbsp;</p>
<p><b>En Obra. Ciclo de teatro de otras latitudes</b></p>
<p><span style="font-weight: 400;">La Comedia de Hacer Arte* organiza un ciclo de funciones de obras y espectáculos con el fin de recaudar fondos para la construcción de su sala teatral y en el marco de la campaña #Yo hice un teatro. </span></p>
<p><span style="font-weight: 400;">Entre los meses de marzo y septiembre se presentarán diferentes obras de teatro de la ciudad de Buenos Aires y otras latitudes, consagradas por el público y la crítica. El Ciclo se realizará en grandes salas de la ciudad de Rosario.</span></p>
<p><span style="font-weight: 400;">El ciclo no solo es un espacio para disfrutar del arte, sino una oportunidad para que la comunidad se involucre en un proyecto de larga duración que busca enriquecer la vida cultural de Echesortu y más allá. Es una forma de apoyar al proyecto de construcción del teatro y poder continuar con la siguiente etapa de la obra: el techo de la sala y las dependencias. También fortalecerá la escena teatral local y sumará un nuevo espacio de exhibición y encuentro para la comunidad artística y el público de Rosario.</span></p>
<p><span style="font-weight: 400;">Sabemos que cuando nos juntamos con otros, las posibilidades se potencian, creando una forma de trabajo colaborativa. Juntos encontraremos la mejor forma para que puedas apoyar a este proyecto cultural para la ciudad.</span></p>
<p>&nbsp;</p>
<p><b>La Comedia de Hacer Arte</b><span style="font-weight: 400;"> </span></p>
<p><span style="font-weight: 400;">Es un grupo dedicado a la práctica e investigación de las artes escénicas con más de 28 años de trayectoria en Rosario y en el país. Además de los más de 10 espectáculos estrenados, que giran por todo el país, se destaca la Escuela de actores y actrices a la que han concurrido más de 250 alumnos, así como también la organización de Festivales y eventos culturales. Desde el año pasado se encuentra construyendo la sala de teatro y futura Sede social de la Asociación civil, en el barrio Echesortu de Rosario.</span></p>
<p>&nbsp;</p>
<p><i><span style="font-weight: 400;">Si necesitás asistencia personalizada para inscribirte o asistir, podés comunicarte a </span></i><a href="mailto:info@ccpe.org.ar"><i><span style="font-weight: 400;">info@ccpe.org.ar</span></i></a><i><span style="font-weight: 400;"> o consultar nuestra </span></i><a href="https://ccpe.org.ar/web/accesibilidad/"><i><span style="font-weight: 400;">sección de accesibilidad.</span></i></a></p>

<p>Biodrama que parte de la historia personal de Gabi Parigi como ex gimnasta olímpica y deportista de alto rendimiento de la Selección Nacional Argentina.</p>

<!-- This site is optimized with the Yoast SEO plugin v23.5 - https://yoast.com/wordpress/plugins/seo/ -->
<title>Consagrada - Centro Cultural Parque de España/AECID</title>
<meta name="robots" content="index, follow, max-snippet:-1, max-image-preview:large, max-video-preview:-1" />
<link rel="canonical" href="https://ccpe.org.ar/web/actividades/consagrada/" />
<meta property="og:locale" content="es_ES" />
<meta property="og:type" content="article" />
<meta property="og:title" content="Consagrada - Centro Cultural Parque de España/AECID" />
<meta property="og:description" content="Biodrama que parte de la historia personal de Gabi Parigi como ex gimnasta olímpica y deportista de alto rendimiento de la Selección Nacional Argentina." />
<meta property="og:url" content="https://ccpe.org.ar/web/actividades/consagrada/" />
<meta property="og:site_name" content="Centro Cultural Parque de España/AECID" />
<meta property="article:publisher" content="https://www.facebook.com/CCPErosario/" />
<meta property="article:modified_time" content="2025-07-25T15:08:14+00:00" />
<meta property="og:image" content="https://ccpe.org.ar/web/wp-content/uploads/2023/10/b_consagrada.jpg" />
	<meta property="og:image:width" content="980" />
	<meta property="og:image:height" content="544" />
	<meta property="og:image:type" content="image/jpeg" />
<meta name="twitter:card" content="summary_large_image" />
<meta name="twitter:site" content="@ccpe" />
<meta name="twitter:label1" content="Tiempo de lectura" />
	<meta name="twitter:data1" content="3 minutos" />
<script type="application/ld+json" class="yoast-schema-graph">{"@context":"https://schema.org","@graph":[{"@type":"WebPage","@id":"https://ccpe.org.ar/web/actividades/consagrada/","url":"https://ccpe.org.ar/web/actividades/consagrada/","name":"Consagrada - Centro Cultural Parque de España/AECID","isPartOf":{"@id":"https://ccpe.org.ar/web/#website"},"primaryImageOfPage":{"@id":"https://ccpe.org.ar/web/actividades/consagrada/#primaryimage"},"image":{"@id":"https://ccpe.org.ar/web/actividades/consagrada/#primaryimage"},"thumbnailUrl":"https://ccpe.org.ar/web/wp-content/uploads/2023/10/b_consagrada.jpg","datePublished":"2025-06-26T13:50:39+00:00","dateModified":"2025-07-25T15:08:14+00:00","breadcrumb":{"@id":"https://ccpe.org.ar/web/actividades/consagrada/#breadcrumb"},"inLanguage":"es","potentialAction":[{"@type":"ReadAction","target":["https://ccpe.org.ar/web/actividades/consagrada/"]}]},{"@type":"ImageObject","inLanguage":"es","@id":"https://ccpe.org.ar/web/actividades/consagrada/#primaryimage","url":"https://ccpe.org.ar/web/wp-content/uploads/2023/10/b_consagrada.jpg","contentUrl":"https://ccpe.org.ar/web/wp-content/uploads/2023/10/b_consagrada.jpg","width":980,"height":544},{"@type":"BreadcrumbList","@id":"https://ccpe.org.ar/web/actividades/consagrada/#breadcrumb","itemListElement":[{"@type":"ListItem","position":1,"name":"Portada","item":"https://ccpe.org.ar/web/"},{"@type":"ListItem","position":2,"name":"Consagrada"}]},{"@type":"WebSite","@id":"https://ccpe.org.ar/web/#website","url":"https://ccpe.org.ar/web/","name":"Centro Cultural Parque de España/AECID","description":"Sitio web del Centro Cultural Parque de España/AECID","potentialAction":[{"@type":"SearchAction","target":{"@type":"EntryPoint","urlTemplate":"https://ccpe.org.ar/web/?s={search_term_string}"},"query-input":{"@type":"PropertyValueSpecification","valueRequired":true,"valueName":"search_term_string"}}],"inLanguage":"es"}]}</script>
<!-- / Yoast SEO plugin. -->

Consagrada - Centro Cultural Parque de España/AECID

Biodrama que parte de la historia personal de Gabi Parigi como ex gimnasta olímpica y deportista de alto rendimiento de la Selección Nacional Argentina.

Centro Cultural Parque de España/AECID

Sitio web del Centro Cultural Parque de España/AECID
