{"id":7842,"date":"2026-03-25T12:18:50","date_gmt":"2026-03-25T15:18:50","guid":{"rendered":"https:\/\/ccpe.org.ar\/web\/?post_type=mec-events&#038;p=7842"},"modified":"2026-04-14T13:36:49","modified_gmt":"2026-04-14T16:36:49","slug":"memorias-de-exilio-espana-1939-1975-argentina-1976-1983","status":"publish","type":"mec-events","link":"https:\/\/ccpe.org.ar\/web\/actividades\/memorias-de-exilio-espana-1939-1975-argentina-1976-1983\/","title":{"rendered":"Memorias de exilio. Espa\u00f1a 1939\/1975 &#8211; Argentina 1976\/1983"},"content":{"rendered":"<p><span style=\"font-weight: 400;\">A trav\u00e9s de este proyecto el CCPE propone explorar las historias de exilio ocurridas durante las dos dictaduras del Siglo XX que atravesaron a Espa\u00f1a y Argentina, para poder pensar la memoria como una experiencia colectiva y situada, donde las voces del pasado se activan en el presente y permiten construir imaginarios futuros.<\/span><\/p>\n<p><span style=\"font-weight: 400;\">Se trata de encontrar las zonas comunes o puntos de encuentro entre los ciudadanos espa\u00f1oles que, perseguidos por el r\u00e9gimen franquista, se vieron obligados a emigrar de sus ciudades entre 1939 y 1975, y los argentinos que lograron escapar de la Dictadura c\u00edvico-militar que asol\u00f3 el pa\u00eds entre 1976 y 1983.<\/span><\/p>\n<p><span style=\"font-weight: 400;\">A 50 a\u00f1os de dos hechos hist\u00f3ricos coincidentes -la recuperaci\u00f3n de la democracia en Espa\u00f1a y el Golpe de Estado en la Argentina-, desmenuzar esos exilios, esas peque\u00f1as historias de desarraigos individuales, familiares, parece una clave para poder reconstruir la memoria del pasado reciente.<\/span><\/p>\n<p><span style=\"font-weight: 400;\">A trav\u00e9s de los archivos personales (fotos, cartas, peque\u00f1os objetos enviados a trav\u00e9s del mar como prueba de vida, como modo de acortar la distancia emocional, como forma de conjurar el olvido), se propone configurar un gran mosaico hecho de todas esas historias cotidianas, de todas esas vidas marcadas por la violencia pol\u00edtica para poner en perspectiva el valor intr\u00ednseco de la democracia.<\/span><\/p>\n<p><span style=\"font-weight: 400;\">A este fin convocamos a quienes quieran acercar sus archivos personales\/familiares a contactarnos inicialmente por correo a: memoriasdeexilio@ccpe.org.ar. El equipo del CCPE recibir\u00e1 a los interesados en participar de esta iniciativa de manera directa, para conversar sobre cada historia y recibir consultas e inquietudes.<\/span><\/p>\n<p><span style=\"font-weight: 400;\">Asimismo, durante el a\u00f1o el CCPE organizar\u00e1 una serie de talleres con profesionales de la conservaci\u00f3n, para que nos asistan en el abordaje del archivo o \u00e1lbum familiar, de modo de convertir el encuentro en una excusa para reflexionar sobre los recuerdos atesorados y sus historias.\u00a0<\/span><\/p>\n<p><span style=\"font-weight: 400;\">En una etapa posterior, y en asociaci\u00f3n con el Centro de Estudios Hist\u00f3ricos Parque de Espa\u00f1a (CEHIPE), se desarrollar\u00e1 el proceso de digitalizaci\u00f3n de aquellos materiales que hayan sido cedidos en pr\u00e9stamo, a fin de generar un repositorio que aloje estas <\/span><b>\u201cMemorias de exilio\u201d.<\/b><\/p>\n<p><span style=\"font-weight: 400;\">\u00a0<\/span><\/p>\n","protected":false},"excerpt":{"rendered":"<p>A trav\u00e9s de los archivos personales se propone configurar un gran mosaico hecho de todas esas vidas marcadas por la violencia pol\u00edtica.<\/p>\n","protected":false},"author":2,"featured_media":7843,"comment_status":"closed","ping_status":"closed","template":"","tags":[],"mec_category":[20],"yoast_head":"<!-- This site is optimized with the Yoast SEO plugin v23.5 - https:\/\/yoast.com\/wordpress\/plugins\/seo\/ -->\n<title>Memorias de exilio. Espa\u00f1a 1939\/1975 - Argentina 1976\/1983 - Centro Cultural Parque de Espa\u00f1a\/AECID<\/title>\n<meta name=\"robots\" content=\"index, follow, max-snippet:-1, max-image-preview:large, max-video-preview:-1\" \/>\n<link rel=\"canonical\" href=\"https:\/\/ccpe.org.ar\/web\/actividades\/memorias-de-exilio-espana-1939-1975-argentina-1976-1983\/\" \/>\n<meta property=\"og:locale\" content=\"es_ES\" \/>\n<meta property=\"og:type\" content=\"article\" \/>\n<meta property=\"og:title\" content=\"Memorias de exilio. Espa\u00f1a 1939\/1975 - Argentina 1976\/1983 - Centro Cultural Parque de Espa\u00f1a\/AECID\" \/>\n<meta property=\"og:description\" content=\"A trav\u00e9s de los archivos personales se propone configurar un gran mosaico hecho de todas esas vidas marcadas por la violencia pol\u00edtica.\" \/>\n<meta property=\"og:url\" content=\"https:\/\/ccpe.org.ar\/web\/actividades\/memorias-de-exilio-espana-1939-1975-argentina-1976-1983\/\" \/>\n<meta property=\"og:site_name\" content=\"Centro Cultural Parque de Espa\u00f1a\/AECID\" \/>\n<meta property=\"article:publisher\" content=\"https:\/\/www.facebook.com\/CCPErosario\/\" \/>\n<meta property=\"article:modified_time\" content=\"2026-04-14T16:36:49+00:00\" \/>\n<meta property=\"og:image\" content=\"https:\/\/ccpe.org.ar\/web\/wp-content\/uploads\/2026\/03\/b_memoria_del_exilio.jpg\" \/>\n\t<meta property=\"og:image:width\" content=\"980\" \/>\n\t<meta property=\"og:image:height\" content=\"544\" \/>\n\t<meta property=\"og:image:type\" content=\"image\/jpeg\" \/>\n<meta name=\"twitter:card\" content=\"summary_large_image\" \/>\n<meta name=\"twitter:site\" content=\"@ccpe\" \/>\n<meta name=\"twitter:label1\" content=\"Tiempo de lectura\" \/>\n\t<meta name=\"twitter:data1\" content=\"2 minutos\" \/>\n<script type=\"application\/ld+json\" class=\"yoast-schema-graph\">{\"@context\":\"https:\/\/schema.org\",\"@graph\":[{\"@type\":\"WebPage\",\"@id\":\"https:\/\/ccpe.org.ar\/web\/actividades\/memorias-de-exilio-espana-1939-1975-argentina-1976-1983\/\",\"url\":\"https:\/\/ccpe.org.ar\/web\/actividades\/memorias-de-exilio-espana-1939-1975-argentina-1976-1983\/\",\"name\":\"Memorias de exilio. Espa\u00f1a 1939\/1975 - Argentina 1976\/1983 - Centro Cultural Parque de Espa\u00f1a\/AECID\",\"isPartOf\":{\"@id\":\"https:\/\/ccpe.org.ar\/web\/#website\"},\"primaryImageOfPage\":{\"@id\":\"https:\/\/ccpe.org.ar\/web\/actividades\/memorias-de-exilio-espana-1939-1975-argentina-1976-1983\/#primaryimage\"},\"image\":{\"@id\":\"https:\/\/ccpe.org.ar\/web\/actividades\/memorias-de-exilio-espana-1939-1975-argentina-1976-1983\/#primaryimage\"},\"thumbnailUrl\":\"https:\/\/ccpe.org.ar\/web\/wp-content\/uploads\/2026\/03\/b_memoria_del_exilio.jpg\",\"datePublished\":\"2026-03-25T15:18:50+00:00\",\"dateModified\":\"2026-04-14T16:36:49+00:00\",\"breadcrumb\":{\"@id\":\"https:\/\/ccpe.org.ar\/web\/actividades\/memorias-de-exilio-espana-1939-1975-argentina-1976-1983\/#breadcrumb\"},\"inLanguage\":\"es\",\"potentialAction\":[{\"@type\":\"ReadAction\",\"target\":[\"https:\/\/ccpe.org.ar\/web\/actividades\/memorias-de-exilio-espana-1939-1975-argentina-1976-1983\/\"]}]},{\"@type\":\"ImageObject\",\"inLanguage\":\"es\",\"@id\":\"https:\/\/ccpe.org.ar\/web\/actividades\/memorias-de-exilio-espana-1939-1975-argentina-1976-1983\/#primaryimage\",\"url\":\"https:\/\/ccpe.org.ar\/web\/wp-content\/uploads\/2026\/03\/b_memoria_del_exilio.jpg\",\"contentUrl\":\"https:\/\/ccpe.org.ar\/web\/wp-content\/uploads\/2026\/03\/b_memoria_del_exilio.jpg\",\"width\":980,\"height\":544,\"caption\":\"collage de fotos de valijas, barcos, postales antiguas\"},{\"@type\":\"BreadcrumbList\",\"@id\":\"https:\/\/ccpe.org.ar\/web\/actividades\/memorias-de-exilio-espana-1939-1975-argentina-1976-1983\/#breadcrumb\",\"itemListElement\":[{\"@type\":\"ListItem\",\"position\":1,\"name\":\"Portada\",\"item\":\"https:\/\/ccpe.org.ar\/web\/\"},{\"@type\":\"ListItem\",\"position\":2,\"name\":\"Memorias de exilio. Espa\u00f1a 1939\/1975 &#8211; Argentina 1976\/1983\"}]},{\"@type\":\"WebSite\",\"@id\":\"https:\/\/ccpe.org.ar\/web\/#website\",\"url\":\"https:\/\/ccpe.org.ar\/web\/\",\"name\":\"Centro Cultural Parque de Espa\u00f1a\/AECID\",\"description\":\"Sitio web del Centro Cultural Parque de Espa\u00f1a\/AECID\",\"potentialAction\":[{\"@type\":\"SearchAction\",\"target\":{\"@type\":\"EntryPoint\",\"urlTemplate\":\"https:\/\/ccpe.org.ar\/web\/?s={search_term_string}\"},\"query-input\":{\"@type\":\"PropertyValueSpecification\",\"valueRequired\":true,\"valueName\":\"search_term_string\"}}],\"inLanguage\":\"es\"}]}<\/script>\n<!-- \/ Yoast SEO plugin. -->","yoast_head_json":{"title":"Memorias de exilio. Espa\u00f1a 1939\/1975 - Argentina 1976\/1983 - Centro Cultural Parque de Espa\u00f1a\/AECID","robots":{"index":"index","follow":"follow","max-snippet":"max-snippet:-1","max-image-preview":"max-image-preview:large","max-video-preview":"max-video-preview:-1"},"canonical":"https:\/\/ccpe.org.ar\/web\/actividades\/memorias-de-exilio-espana-1939-1975-argentina-1976-1983\/","og_locale":"es_ES","og_type":"article","og_title":"Memorias de exilio. Espa\u00f1a 1939\/1975 - Argentina 1976\/1983 - Centro Cultural Parque de Espa\u00f1a\/AECID","og_description":"A trav\u00e9s de los archivos personales se propone configurar un gran mosaico hecho de todas esas vidas marcadas por la violencia pol\u00edtica.","og_url":"https:\/\/ccpe.org.ar\/web\/actividades\/memorias-de-exilio-espana-1939-1975-argentina-1976-1983\/","og_site_name":"Centro Cultural Parque de Espa\u00f1a\/AECID","article_publisher":"https:\/\/www.facebook.com\/CCPErosario\/","article_modified_time":"2026-04-14T16:36:49+00:00","og_image":[{"width":980,"height":544,"url":"https:\/\/ccpe.org.ar\/web\/wp-content\/uploads\/2026\/03\/b_memoria_del_exilio.jpg","type":"image\/jpeg"}],"twitter_card":"summary_large_image","twitter_site":"@ccpe","twitter_misc":{"Tiempo de lectura":"2 minutos"},"schema":{"@context":"https:\/\/schema.org","@graph":[{"@type":"WebPage","@id":"https:\/\/ccpe.org.ar\/web\/actividades\/memorias-de-exilio-espana-1939-1975-argentina-1976-1983\/","url":"https:\/\/ccpe.org.ar\/web\/actividades\/memorias-de-exilio-espana-1939-1975-argentina-1976-1983\/","name":"Memorias de exilio. Espa\u00f1a 1939\/1975 - Argentina 1976\/1983 - Centro Cultural Parque de Espa\u00f1a\/AECID","isPartOf":{"@id":"https:\/\/ccpe.org.ar\/web\/#website"},"primaryImageOfPage":{"@id":"https:\/\/ccpe.org.ar\/web\/actividades\/memorias-de-exilio-espana-1939-1975-argentina-1976-1983\/#primaryimage"},"image":{"@id":"https:\/\/ccpe.org.ar\/web\/actividades\/memorias-de-exilio-espana-1939-1975-argentina-1976-1983\/#primaryimage"},"thumbnailUrl":"https:\/\/ccpe.org.ar\/web\/wp-content\/uploads\/2026\/03\/b_memoria_del_exilio.jpg","datePublished":"2026-03-25T15:18:50+00:00","dateModified":"2026-04-14T16:36:49+00:00","breadcrumb":{"@id":"https:\/\/ccpe.org.ar\/web\/actividades\/memorias-de-exilio-espana-1939-1975-argentina-1976-1983\/#breadcrumb"},"inLanguage":"es","potentialAction":[{"@type":"ReadAction","target":["https:\/\/ccpe.org.ar\/web\/actividades\/memorias-de-exilio-espana-1939-1975-argentina-1976-1983\/"]}]},{"@type":"ImageObject","inLanguage":"es","@id":"https:\/\/ccpe.org.ar\/web\/actividades\/memorias-de-exilio-espana-1939-1975-argentina-1976-1983\/#primaryimage","url":"https:\/\/ccpe.org.ar\/web\/wp-content\/uploads\/2026\/03\/b_memoria_del_exilio.jpg","contentUrl":"https:\/\/ccpe.org.ar\/web\/wp-content\/uploads\/2026\/03\/b_memoria_del_exilio.jpg","width":980,"height":544,"caption":"collage de fotos de valijas, barcos, postales antiguas"},{"@type":"BreadcrumbList","@id":"https:\/\/ccpe.org.ar\/web\/actividades\/memorias-de-exilio-espana-1939-1975-argentina-1976-1983\/#breadcrumb","itemListElement":[{"@type":"ListItem","position":1,"name":"Portada","item":"https:\/\/ccpe.org.ar\/web\/"},{"@type":"ListItem","position":2,"name":"Memorias de exilio. Espa\u00f1a 1939\/1975 &#8211; Argentina 1976\/1983"}]},{"@type":"WebSite","@id":"https:\/\/ccpe.org.ar\/web\/#website","url":"https:\/\/ccpe.org.ar\/web\/","name":"Centro Cultural Parque de Espa\u00f1a\/AECID","description":"Sitio web del Centro Cultural Parque de Espa\u00f1a\/AECID","potentialAction":[{"@type":"SearchAction","target":{"@type":"EntryPoint","urlTemplate":"https:\/\/ccpe.org.ar\/web\/?s={search_term_string}"},"query-input":{"@type":"PropertyValueSpecification","valueRequired":true,"valueName":"search_term_string"}}],"inLanguage":"es"}]}},"_links":{"self":[{"href":"https:\/\/ccpe.org.ar\/web\/wp-json\/wp\/v2\/mec-events\/7842"}],"collection":[{"href":"https:\/\/ccpe.org.ar\/web\/wp-json\/wp\/v2\/mec-events"}],"about":[{"href":"https:\/\/ccpe.org.ar\/web\/wp-json\/wp\/v2\/types\/mec-events"}],"author":[{"embeddable":true,"href":"https:\/\/ccpe.org.ar\/web\/wp-json\/wp\/v2\/users\/2"}],"replies":[{"embeddable":true,"href":"https:\/\/ccpe.org.ar\/web\/wp-json\/wp\/v2\/comments?post=7842"}],"wp:featuredmedia":[{"embeddable":true,"href":"https:\/\/ccpe.org.ar\/web\/wp-json\/wp\/v2\/media\/7843"}],"wp:attachment":[{"href":"https:\/\/ccpe.org.ar\/web\/wp-json\/wp\/v2\/media?parent=7842"}],"wp:term":[{"taxonomy":"post_tag","embeddable":true,"href":"https:\/\/ccpe.org.ar\/web\/wp-json\/wp\/v2\/tags?post=7842"},{"taxonomy":"mec_category","embeddable":true,"href":"https:\/\/ccpe.org.ar\/web\/wp-json\/wp\/v2\/mec_category?post=7842"}],"curies":[{"name":"wp","href":"https:\/\/api.w.org\/{rel}","templated":true}]}}

Memorias de exilio. España 1939/1975 &#8211; Argentina 1976/1983

<p><span style="font-weight: 400;">A través de este proyecto el CCPE propone explorar las historias de exilio ocurridas durante las dos dictaduras del Siglo XX que atravesaron a España y Argentina, para poder pensar la memoria como una experiencia colectiva y situada, donde las voces del pasado se activan en el presente y permiten construir imaginarios futuros.</span></p>
<p><span style="font-weight: 400;">Se trata de encontrar las zonas comunes o puntos de encuentro entre los ciudadanos españoles que, perseguidos por el régimen franquista, se vieron obligados a emigrar de sus ciudades entre 1939 y 1975, y los argentinos que lograron escapar de la Dictadura cívico-militar que asoló el país entre 1976 y 1983.</span></p>
<p><span style="font-weight: 400;">A 50 años de dos hechos históricos coincidentes -la recuperación de la democracia en España y el Golpe de Estado en la Argentina-, desmenuzar esos exilios, esas pequeñas historias de desarraigos individuales, familiares, parece una clave para poder reconstruir la memoria del pasado reciente.</span></p>
<p><span style="font-weight: 400;">A través de los archivos personales (fotos, cartas, pequeños objetos enviados a través del mar como prueba de vida, como modo de acortar la distancia emocional, como forma de conjurar el olvido), se propone configurar un gran mosaico hecho de todas esas historias cotidianas, de todas esas vidas marcadas por la violencia política para poner en perspectiva el valor intrínseco de la democracia.</span></p>
<p><span style="font-weight: 400;">A este fin convocamos a quienes quieran acercar sus archivos personales/familiares a contactarnos inicialmente por correo a: memoriasdeexilio@ccpe.org.ar. El equipo del CCPE recibirá a los interesados en participar de esta iniciativa de manera directa, para conversar sobre cada historia y recibir consultas e inquietudes.</span></p>
<p><span style="font-weight: 400;">Asimismo, durante el año el CCPE organizará una serie de talleres con profesionales de la conservación, para que nos asistan en el abordaje del archivo o álbum familiar, de modo de convertir el encuentro en una excusa para reflexionar sobre los recuerdos atesorados y sus historias. </span></p>
<p><span style="font-weight: 400;">En una etapa posterior, y en asociación con el Centro de Estudios Históricos Parque de España (CEHIPE), se desarrollará el proceso de digitalización de aquellos materiales que hayan sido cedidos en préstamo, a fin de generar un repositorio que aloje estas </span><b>“Memorias de exilio”.</b></p>
<p><span style="font-weight: 400;"> </span></p>

<p>A través de los archivos personales se propone configurar un gran mosaico hecho de todas esas vidas marcadas por la violencia política.</p>

<!-- This site is optimized with the Yoast SEO plugin v23.5 - https://yoast.com/wordpress/plugins/seo/ -->
<title>Memorias de exilio. España 1939/1975 - Argentina 1976/1983 - Centro Cultural Parque de España/AECID</title>
<meta name="robots" content="index, follow, max-snippet:-1, max-image-preview:large, max-video-preview:-1" />
<link rel="canonical" href="https://ccpe.org.ar/web/actividades/memorias-de-exilio-espana-1939-1975-argentina-1976-1983/" />
<meta property="og:locale" content="es_ES" />
<meta property="og:type" content="article" />
<meta property="og:title" content="Memorias de exilio. España 1939/1975 - Argentina 1976/1983 - Centro Cultural Parque de España/AECID" />
<meta property="og:description" content="A través de los archivos personales se propone configurar un gran mosaico hecho de todas esas vidas marcadas por la violencia política." />
<meta property="og:url" content="https://ccpe.org.ar/web/actividades/memorias-de-exilio-espana-1939-1975-argentina-1976-1983/" />
<meta property="og:site_name" content="Centro Cultural Parque de España/AECID" />
<meta property="article:publisher" content="https://www.facebook.com/CCPErosario/" />
<meta property="article:modified_time" content="2026-04-14T16:36:49+00:00" />
<meta property="og:image" content="https://ccpe.org.ar/web/wp-content/uploads/2026/03/b_memoria_del_exilio.jpg" />
	<meta property="og:image:width" content="980" />
	<meta property="og:image:height" content="544" />
	<meta property="og:image:type" content="image/jpeg" />
<meta name="twitter:card" content="summary_large_image" />
<meta name="twitter:site" content="@ccpe" />
<meta name="twitter:label1" content="Tiempo de lectura" />
	<meta name="twitter:data1" content="2 minutos" />
<script type="application/ld+json" class="yoast-schema-graph">{"@context":"https://schema.org","@graph":[{"@type":"WebPage","@id":"https://ccpe.org.ar/web/actividades/memorias-de-exilio-espana-1939-1975-argentina-1976-1983/","url":"https://ccpe.org.ar/web/actividades/memorias-de-exilio-espana-1939-1975-argentina-1976-1983/","name":"Memorias de exilio. España 1939/1975 - Argentina 1976/1983 - Centro Cultural Parque de España/AECID","isPartOf":{"@id":"https://ccpe.org.ar/web/#website"},"primaryImageOfPage":{"@id":"https://ccpe.org.ar/web/actividades/memorias-de-exilio-espana-1939-1975-argentina-1976-1983/#primaryimage"},"image":{"@id":"https://ccpe.org.ar/web/actividades/memorias-de-exilio-espana-1939-1975-argentina-1976-1983/#primaryimage"},"thumbnailUrl":"https://ccpe.org.ar/web/wp-content/uploads/2026/03/b_memoria_del_exilio.jpg","datePublished":"2026-03-25T15:18:50+00:00","dateModified":"2026-04-14T16:36:49+00:00","breadcrumb":{"@id":"https://ccpe.org.ar/web/actividades/memorias-de-exilio-espana-1939-1975-argentina-1976-1983/#breadcrumb"},"inLanguage":"es","potentialAction":[{"@type":"ReadAction","target":["https://ccpe.org.ar/web/actividades/memorias-de-exilio-espana-1939-1975-argentina-1976-1983/"]}]},{"@type":"ImageObject","inLanguage":"es","@id":"https://ccpe.org.ar/web/actividades/memorias-de-exilio-espana-1939-1975-argentina-1976-1983/#primaryimage","url":"https://ccpe.org.ar/web/wp-content/uploads/2026/03/b_memoria_del_exilio.jpg","contentUrl":"https://ccpe.org.ar/web/wp-content/uploads/2026/03/b_memoria_del_exilio.jpg","width":980,"height":544,"caption":"collage de fotos de valijas, barcos, postales antiguas"},{"@type":"BreadcrumbList","@id":"https://ccpe.org.ar/web/actividades/memorias-de-exilio-espana-1939-1975-argentina-1976-1983/#breadcrumb","itemListElement":[{"@type":"ListItem","position":1,"name":"Portada","item":"https://ccpe.org.ar/web/"},{"@type":"ListItem","position":2,"name":"Memorias de exilio. España 1939/1975 &#8211; Argentina 1976/1983"}]},{"@type":"WebSite","@id":"https://ccpe.org.ar/web/#website","url":"https://ccpe.org.ar/web/","name":"Centro Cultural Parque de España/AECID","description":"Sitio web del Centro Cultural Parque de España/AECID","potentialAction":[{"@type":"SearchAction","target":{"@type":"EntryPoint","urlTemplate":"https://ccpe.org.ar/web/?s={search_term_string}"},"query-input":{"@type":"PropertyValueSpecification","valueRequired":true,"valueName":"search_term_string"}}],"inLanguage":"es"}]}</script>
<!-- / Yoast SEO plugin. -->

Memorias de exilio. España 1939/1975 - Argentina 1976/1983 - Centro Cultural Parque de España/AECID

A través de los archivos personales se propone configurar un gran mosaico hecho de todas esas vidas marcadas por la violencia política.

Centro Cultural Parque de España/AECID

Sitio web del Centro Cultural Parque de España/AECID
