{"id":7855,"date":"2026-03-26T11:46:11","date_gmt":"2026-03-26T14:46:11","guid":{"rendered":"https:\/\/ccpe.org.ar\/web\/?post_type=mec-events&#038;p=7855"},"modified":"2026-04-14T13:35:16","modified_gmt":"2026-04-14T16:35:16","slug":"cartografias-del-pensamiento-feminista","status":"publish","type":"mec-events","link":"https:\/\/ccpe.org.ar\/web\/actividades\/cartografias-del-pensamiento-feminista\/","title":{"rendered":"Cartograf\u00edas del pensamiento Feminista"},"content":{"rendered":"<hr \/>\n<p>En el marco de su <a href=\"https:\/\/ccpe.org.ar\/web\/actividades\/lecturas-feministas\/\">Programa anual de formaci\u00f3n feminista<\/a>, el Centro Cultural Parque de Espa\u00f1a abre la inscripci\u00f3n para participar de Cartograf\u00edas del pensamiento Feminista. Encuentros quincenales y presenciales con el objetivo de generar espacios de reflexi\u00f3n colectiva y de sensibilizaci\u00f3n sobre igualdad de g\u00e9nero y feminismos. No se requieren conocimientos previos.<\/p>\n<p><strong>Lunes 6 y 20 de abril \/ Lunes 4 y 18 de mayo, de 17 a 19:30 h. Gratis. Cupos limitados.\u00a0<a href=\"https:\/\/docs.google.com\/forms\/d\/e\/1FAIpQLSeJWjPEjJki_cfk9GIBdQmCuodywOnMC8zSk9iGLjk0My0__g\/viewform?usp=publish-editor\">Inscripci\u00f3n ac\u00e1.\u00a0<\/a><\/strong><\/p>\n<p>Encuentros coordinados por Laura Beatriz Esteban y Mar\u00eda del Carmen Su\u00e1rez, integrantes de Indeso Mujer.<\/p>\n<p>Indeso Mujer propone esta actividad con el objetivo de sensibilizar al p\u00fablico en perspectiva de g\u00e9nero y cuidados, a trav\u00e9s de cuatro encuentros te\u00f3ricos y l\u00fadico-vivenciales. Los encuentros ser\u00e1n cuatro talleres de reflexi\u00f3n colectiva sobre memoria, cuerpo y saberes en acci\u00f3n. Se abordar\u00e1n conceptos centrales de autoras feministas a trav\u00e9s de lecturas situadas en nuestros cuerpos y biograf\u00edas como archivos vivos. Se explorar\u00e1n lecturas feministas desde las pioneras hasta las m\u00e1s recientes recuperando su potencia.<\/p>\n","protected":false},"excerpt":{"rendered":"<p>Encuentros coordinados por Laura Beatriz Esteban y Mar\u00eda del Carmen Su\u00e1rez, integrantes de Indeso Mujer.<\/p>\n","protected":false},"author":2,"featured_media":7859,"comment_status":"closed","ping_status":"closed","template":"","tags":[],"mec_category":[20],"yoast_head":"<!-- This site is optimized with the Yoast SEO plugin v23.5 - https:\/\/yoast.com\/wordpress\/plugins\/seo\/ -->\n<title>Cartograf\u00edas del pensamiento Feminista - Centro Cultural Parque de Espa\u00f1a\/AECID<\/title>\n<meta name=\"robots\" content=\"index, follow, max-snippet:-1, max-image-preview:large, max-video-preview:-1\" \/>\n<link rel=\"canonical\" href=\"https:\/\/ccpe.org.ar\/web\/actividades\/cartografias-del-pensamiento-feminista\/\" \/>\n<meta property=\"og:locale\" content=\"es_ES\" \/>\n<meta property=\"og:type\" content=\"article\" \/>\n<meta property=\"og:title\" content=\"Cartograf\u00edas del pensamiento Feminista - Centro Cultural Parque de Espa\u00f1a\/AECID\" \/>\n<meta property=\"og:description\" content=\"Encuentros coordinados por Laura Beatriz Esteban y Mar\u00eda del Carmen Su\u00e1rez, integrantes de Indeso Mujer.\" \/>\n<meta property=\"og:url\" content=\"https:\/\/ccpe.org.ar\/web\/actividades\/cartografias-del-pensamiento-feminista\/\" \/>\n<meta property=\"og:site_name\" content=\"Centro Cultural Parque de Espa\u00f1a\/AECID\" \/>\n<meta property=\"article:publisher\" content=\"https:\/\/www.facebook.com\/CCPErosario\/\" \/>\n<meta property=\"article:modified_time\" content=\"2026-04-14T16:35:16+00:00\" \/>\n<meta property=\"og:image\" content=\"https:\/\/ccpe.org.ar\/web\/wp-content\/uploads\/2026\/03\/b_lecturas_feministas3.jpg\" \/>\n\t<meta property=\"og:image:width\" content=\"980\" \/>\n\t<meta property=\"og:image:height\" content=\"544\" \/>\n\t<meta property=\"og:image:type\" content=\"image\/jpeg\" \/>\n<meta name=\"twitter:card\" content=\"summary_large_image\" \/>\n<meta name=\"twitter:site\" content=\"@ccpe\" \/>\n<meta name=\"twitter:label1\" content=\"Tiempo de lectura\" \/>\n\t<meta name=\"twitter:data1\" content=\"1 minuto\" \/>\n<script type=\"application\/ld+json\" class=\"yoast-schema-graph\">{\"@context\":\"https:\/\/schema.org\",\"@graph\":[{\"@type\":\"WebPage\",\"@id\":\"https:\/\/ccpe.org.ar\/web\/actividades\/cartografias-del-pensamiento-feminista\/\",\"url\":\"https:\/\/ccpe.org.ar\/web\/actividades\/cartografias-del-pensamiento-feminista\/\",\"name\":\"Cartograf\u00edas del pensamiento Feminista - Centro Cultural Parque de Espa\u00f1a\/AECID\",\"isPartOf\":{\"@id\":\"https:\/\/ccpe.org.ar\/web\/#website\"},\"primaryImageOfPage\":{\"@id\":\"https:\/\/ccpe.org.ar\/web\/actividades\/cartografias-del-pensamiento-feminista\/#primaryimage\"},\"image\":{\"@id\":\"https:\/\/ccpe.org.ar\/web\/actividades\/cartografias-del-pensamiento-feminista\/#primaryimage\"},\"thumbnailUrl\":\"https:\/\/ccpe.org.ar\/web\/wp-content\/uploads\/2026\/03\/b_lecturas_feministas3.jpg\",\"datePublished\":\"2026-03-26T14:46:11+00:00\",\"dateModified\":\"2026-04-14T16:35:16+00:00\",\"breadcrumb\":{\"@id\":\"https:\/\/ccpe.org.ar\/web\/actividades\/cartografias-del-pensamiento-feminista\/#breadcrumb\"},\"inLanguage\":\"es\",\"potentialAction\":[{\"@type\":\"ReadAction\",\"target\":[\"https:\/\/ccpe.org.ar\/web\/actividades\/cartografias-del-pensamiento-feminista\/\"]}]},{\"@type\":\"ImageObject\",\"inLanguage\":\"es\",\"@id\":\"https:\/\/ccpe.org.ar\/web\/actividades\/cartografias-del-pensamiento-feminista\/#primaryimage\",\"url\":\"https:\/\/ccpe.org.ar\/web\/wp-content\/uploads\/2026\/03\/b_lecturas_feministas3.jpg\",\"contentUrl\":\"https:\/\/ccpe.org.ar\/web\/wp-content\/uploads\/2026\/03\/b_lecturas_feministas3.jpg\",\"width\":980,\"height\":544},{\"@type\":\"BreadcrumbList\",\"@id\":\"https:\/\/ccpe.org.ar\/web\/actividades\/cartografias-del-pensamiento-feminista\/#breadcrumb\",\"itemListElement\":[{\"@type\":\"ListItem\",\"position\":1,\"name\":\"Portada\",\"item\":\"https:\/\/ccpe.org.ar\/web\/\"},{\"@type\":\"ListItem\",\"position\":2,\"name\":\"Cartograf\u00edas del pensamiento Feminista\"}]},{\"@type\":\"WebSite\",\"@id\":\"https:\/\/ccpe.org.ar\/web\/#website\",\"url\":\"https:\/\/ccpe.org.ar\/web\/\",\"name\":\"Centro Cultural Parque de Espa\u00f1a\/AECID\",\"description\":\"Sitio web del Centro Cultural Parque de Espa\u00f1a\/AECID\",\"potentialAction\":[{\"@type\":\"SearchAction\",\"target\":{\"@type\":\"EntryPoint\",\"urlTemplate\":\"https:\/\/ccpe.org.ar\/web\/?s={search_term_string}\"},\"query-input\":{\"@type\":\"PropertyValueSpecification\",\"valueRequired\":true,\"valueName\":\"search_term_string\"}}],\"inLanguage\":\"es\"}]}<\/script>\n<!-- \/ Yoast SEO plugin. -->","yoast_head_json":{"title":"Cartograf\u00edas del pensamiento Feminista - Centro Cultural Parque de Espa\u00f1a\/AECID","robots":{"index":"index","follow":"follow","max-snippet":"max-snippet:-1","max-image-preview":"max-image-preview:large","max-video-preview":"max-video-preview:-1"},"canonical":"https:\/\/ccpe.org.ar\/web\/actividades\/cartografias-del-pensamiento-feminista\/","og_locale":"es_ES","og_type":"article","og_title":"Cartograf\u00edas del pensamiento Feminista - Centro Cultural Parque de Espa\u00f1a\/AECID","og_description":"Encuentros coordinados por Laura Beatriz Esteban y Mar\u00eda del Carmen Su\u00e1rez, integrantes de Indeso Mujer.","og_url":"https:\/\/ccpe.org.ar\/web\/actividades\/cartografias-del-pensamiento-feminista\/","og_site_name":"Centro Cultural Parque de Espa\u00f1a\/AECID","article_publisher":"https:\/\/www.facebook.com\/CCPErosario\/","article_modified_time":"2026-04-14T16:35:16+00:00","og_image":[{"width":980,"height":544,"url":"https:\/\/ccpe.org.ar\/web\/wp-content\/uploads\/2026\/03\/b_lecturas_feministas3.jpg","type":"image\/jpeg"}],"twitter_card":"summary_large_image","twitter_site":"@ccpe","twitter_misc":{"Tiempo de lectura":"1 minuto"},"schema":{"@context":"https:\/\/schema.org","@graph":[{"@type":"WebPage","@id":"https:\/\/ccpe.org.ar\/web\/actividades\/cartografias-del-pensamiento-feminista\/","url":"https:\/\/ccpe.org.ar\/web\/actividades\/cartografias-del-pensamiento-feminista\/","name":"Cartograf\u00edas del pensamiento Feminista - Centro Cultural Parque de Espa\u00f1a\/AECID","isPartOf":{"@id":"https:\/\/ccpe.org.ar\/web\/#website"},"primaryImageOfPage":{"@id":"https:\/\/ccpe.org.ar\/web\/actividades\/cartografias-del-pensamiento-feminista\/#primaryimage"},"image":{"@id":"https:\/\/ccpe.org.ar\/web\/actividades\/cartografias-del-pensamiento-feminista\/#primaryimage"},"thumbnailUrl":"https:\/\/ccpe.org.ar\/web\/wp-content\/uploads\/2026\/03\/b_lecturas_feministas3.jpg","datePublished":"2026-03-26T14:46:11+00:00","dateModified":"2026-04-14T16:35:16+00:00","breadcrumb":{"@id":"https:\/\/ccpe.org.ar\/web\/actividades\/cartografias-del-pensamiento-feminista\/#breadcrumb"},"inLanguage":"es","potentialAction":[{"@type":"ReadAction","target":["https:\/\/ccpe.org.ar\/web\/actividades\/cartografias-del-pensamiento-feminista\/"]}]},{"@type":"ImageObject","inLanguage":"es","@id":"https:\/\/ccpe.org.ar\/web\/actividades\/cartografias-del-pensamiento-feminista\/#primaryimage","url":"https:\/\/ccpe.org.ar\/web\/wp-content\/uploads\/2026\/03\/b_lecturas_feministas3.jpg","contentUrl":"https:\/\/ccpe.org.ar\/web\/wp-content\/uploads\/2026\/03\/b_lecturas_feministas3.jpg","width":980,"height":544},{"@type":"BreadcrumbList","@id":"https:\/\/ccpe.org.ar\/web\/actividades\/cartografias-del-pensamiento-feminista\/#breadcrumb","itemListElement":[{"@type":"ListItem","position":1,"name":"Portada","item":"https:\/\/ccpe.org.ar\/web\/"},{"@type":"ListItem","position":2,"name":"Cartograf\u00edas del pensamiento Feminista"}]},{"@type":"WebSite","@id":"https:\/\/ccpe.org.ar\/web\/#website","url":"https:\/\/ccpe.org.ar\/web\/","name":"Centro Cultural Parque de Espa\u00f1a\/AECID","description":"Sitio web del Centro Cultural Parque de Espa\u00f1a\/AECID","potentialAction":[{"@type":"SearchAction","target":{"@type":"EntryPoint","urlTemplate":"https:\/\/ccpe.org.ar\/web\/?s={search_term_string}"},"query-input":{"@type":"PropertyValueSpecification","valueRequired":true,"valueName":"search_term_string"}}],"inLanguage":"es"}]}},"_links":{"self":[{"href":"https:\/\/ccpe.org.ar\/web\/wp-json\/wp\/v2\/mec-events\/7855"}],"collection":[{"href":"https:\/\/ccpe.org.ar\/web\/wp-json\/wp\/v2\/mec-events"}],"about":[{"href":"https:\/\/ccpe.org.ar\/web\/wp-json\/wp\/v2\/types\/mec-events"}],"author":[{"embeddable":true,"href":"https:\/\/ccpe.org.ar\/web\/wp-json\/wp\/v2\/users\/2"}],"replies":[{"embeddable":true,"href":"https:\/\/ccpe.org.ar\/web\/wp-json\/wp\/v2\/comments?post=7855"}],"wp:featuredmedia":[{"embeddable":true,"href":"https:\/\/ccpe.org.ar\/web\/wp-json\/wp\/v2\/media\/7859"}],"wp:attachment":[{"href":"https:\/\/ccpe.org.ar\/web\/wp-json\/wp\/v2\/media?parent=7855"}],"wp:term":[{"taxonomy":"post_tag","embeddable":true,"href":"https:\/\/ccpe.org.ar\/web\/wp-json\/wp\/v2\/tags?post=7855"},{"taxonomy":"mec_category","embeddable":true,"href":"https:\/\/ccpe.org.ar\/web\/wp-json\/wp\/v2\/mec_category?post=7855"}],"curies":[{"name":"wp","href":"https:\/\/api.w.org\/{rel}","templated":true}]}}

Cartografías del pensamiento Feminista

<hr />
<p>En el marco de su <a href="https://ccpe.org.ar/web/actividades/lecturas-feministas/">Programa anual de formación feminista</a>, el Centro Cultural Parque de España abre la inscripción para participar de Cartografías del pensamiento Feminista. Encuentros quincenales y presenciales con el objetivo de generar espacios de reflexión colectiva y de sensibilización sobre igualdad de género y feminismos. No se requieren conocimientos previos.</p>
<p><strong>Lunes 6 y 20 de abril / Lunes 4 y 18 de mayo, de 17 a 19:30 h. Gratis. Cupos limitados. <a href="https://docs.google.com/forms/d/e/1FAIpQLSeJWjPEjJki_cfk9GIBdQmCuodywOnMC8zSk9iGLjk0My0__g/viewform?usp=publish-editor">Inscripción acá. </a></strong></p>
<p>Encuentros coordinados por Laura Beatriz Esteban y María del Carmen Suárez, integrantes de Indeso Mujer.</p>
<p>Indeso Mujer propone esta actividad con el objetivo de sensibilizar al público en perspectiva de género y cuidados, a través de cuatro encuentros teóricos y lúdico-vivenciales. Los encuentros serán cuatro talleres de reflexión colectiva sobre memoria, cuerpo y saberes en acción. Se abordarán conceptos centrales de autoras feministas a través de lecturas situadas en nuestros cuerpos y biografías como archivos vivos. Se explorarán lecturas feministas desde las pioneras hasta las más recientes recuperando su potencia.</p>

<p>Encuentros coordinados por Laura Beatriz Esteban y María del Carmen Suárez, integrantes de Indeso Mujer.</p>

<!-- This site is optimized with the Yoast SEO plugin v23.5 - https://yoast.com/wordpress/plugins/seo/ -->
<title>Cartografías del pensamiento Feminista - Centro Cultural Parque de España/AECID</title>
<meta name="robots" content="index, follow, max-snippet:-1, max-image-preview:large, max-video-preview:-1" />
<link rel="canonical" href="https://ccpe.org.ar/web/actividades/cartografias-del-pensamiento-feminista/" />
<meta property="og:locale" content="es_ES" />
<meta property="og:type" content="article" />
<meta property="og:title" content="Cartografías del pensamiento Feminista - Centro Cultural Parque de España/AECID" />
<meta property="og:description" content="Encuentros coordinados por Laura Beatriz Esteban y María del Carmen Suárez, integrantes de Indeso Mujer." />
<meta property="og:url" content="https://ccpe.org.ar/web/actividades/cartografias-del-pensamiento-feminista/" />
<meta property="og:site_name" content="Centro Cultural Parque de España/AECID" />
<meta property="article:publisher" content="https://www.facebook.com/CCPErosario/" />
<meta property="article:modified_time" content="2026-04-14T16:35:16+00:00" />
<meta property="og:image" content="https://ccpe.org.ar/web/wp-content/uploads/2026/03/b_lecturas_feministas3.jpg" />
	<meta property="og:image:width" content="980" />
	<meta property="og:image:height" content="544" />
	<meta property="og:image:type" content="image/jpeg" />
<meta name="twitter:card" content="summary_large_image" />
<meta name="twitter:site" content="@ccpe" />
<meta name="twitter:label1" content="Tiempo de lectura" />
	<meta name="twitter:data1" content="1 minuto" />
<script type="application/ld+json" class="yoast-schema-graph">{"@context":"https://schema.org","@graph":[{"@type":"WebPage","@id":"https://ccpe.org.ar/web/actividades/cartografias-del-pensamiento-feminista/","url":"https://ccpe.org.ar/web/actividades/cartografias-del-pensamiento-feminista/","name":"Cartografías del pensamiento Feminista - Centro Cultural Parque de España/AECID","isPartOf":{"@id":"https://ccpe.org.ar/web/#website"},"primaryImageOfPage":{"@id":"https://ccpe.org.ar/web/actividades/cartografias-del-pensamiento-feminista/#primaryimage"},"image":{"@id":"https://ccpe.org.ar/web/actividades/cartografias-del-pensamiento-feminista/#primaryimage"},"thumbnailUrl":"https://ccpe.org.ar/web/wp-content/uploads/2026/03/b_lecturas_feministas3.jpg","datePublished":"2026-03-26T14:46:11+00:00","dateModified":"2026-04-14T16:35:16+00:00","breadcrumb":{"@id":"https://ccpe.org.ar/web/actividades/cartografias-del-pensamiento-feminista/#breadcrumb"},"inLanguage":"es","potentialAction":[{"@type":"ReadAction","target":["https://ccpe.org.ar/web/actividades/cartografias-del-pensamiento-feminista/"]}]},{"@type":"ImageObject","inLanguage":"es","@id":"https://ccpe.org.ar/web/actividades/cartografias-del-pensamiento-feminista/#primaryimage","url":"https://ccpe.org.ar/web/wp-content/uploads/2026/03/b_lecturas_feministas3.jpg","contentUrl":"https://ccpe.org.ar/web/wp-content/uploads/2026/03/b_lecturas_feministas3.jpg","width":980,"height":544},{"@type":"BreadcrumbList","@id":"https://ccpe.org.ar/web/actividades/cartografias-del-pensamiento-feminista/#breadcrumb","itemListElement":[{"@type":"ListItem","position":1,"name":"Portada","item":"https://ccpe.org.ar/web/"},{"@type":"ListItem","position":2,"name":"Cartografías del pensamiento Feminista"}]},{"@type":"WebSite","@id":"https://ccpe.org.ar/web/#website","url":"https://ccpe.org.ar/web/","name":"Centro Cultural Parque de España/AECID","description":"Sitio web del Centro Cultural Parque de España/AECID","potentialAction":[{"@type":"SearchAction","target":{"@type":"EntryPoint","urlTemplate":"https://ccpe.org.ar/web/?s={search_term_string}"},"query-input":{"@type":"PropertyValueSpecification","valueRequired":true,"valueName":"search_term_string"}}],"inLanguage":"es"}]}</script>
<!-- / Yoast SEO plugin. -->

Cartografías del pensamiento Feminista - Centro Cultural Parque de España/AECID

Encuentros coordinados por Laura Beatriz Esteban y María del Carmen Suárez, integrantes de Indeso Mujer.

Centro Cultural Parque de España/AECID

Sitio web del Centro Cultural Parque de España/AECID
