{"id":7890,"date":"2026-04-27T13:31:48","date_gmt":"2026-04-27T16:31:48","guid":{"rendered":"https:\/\/ccpe.org.ar\/web\/?post_type=mec-events&#038;p=7890"},"modified":"2026-04-27T13:31:48","modified_gmt":"2026-04-27T16:31:48","slug":"abiertos-2026","status":"publish","type":"mec-events","link":"https:\/\/ccpe.org.ar\/web\/actividades\/abiertos-2026\/","title":{"rendered":"ABIERTOS 2026"},"content":{"rendered":"<p>La Secretaria de Cultura y Educaci\u00f3n de la Municipalidad de Rosario abre su convocatoria a una nueva edici\u00f3n del Programa Abiertos, una iniciativa que pone a disposici\u00f3n de manera gratuita las instalaciones de museos, bibliotecas y centros culturales municipales para el desarrollo de propuestas de formaci\u00f3n por parte de artistas, docentes y trabajadores culturales de la ciudad de Rosario.<\/p>\n<p>La convocatoria est\u00e1 destinada a artistas productores\/as, docentes, investigadores\/as, etc. con residencia permanente en la ciudad de Rosario, que cuenten con un proyecto de formaci\u00f3n a realizarse en un espacio cultural municipal.<\/p>\n<p>La convocatoria se dirige a proyectos formativos independientes (clases, cursos, talleres, seminarios, workshops, cl\u00ednicas, encuentros de formaci\u00f3n, etc.), con una duraci\u00f3n de entre 1 y 12 encuentros, a desarrollarse durante un periodo determinado y en d\u00edas y horarios estipulados por las instituciones sede. La selecci\u00f3n de los proyectos estar\u00e1 orientada a las posibilidades que cada espacio pueda atender conforme a las necesidades espec\u00edficas de cada propuesta.<\/p>\n<p>En el marco del Plan Mil+65, se valorar\u00e1n propuestas que fomenten la participaci\u00f3n y el protagonismo cultural de ni\u00f1os y ni\u00f1as en su primera infancia (Primeros 1000 d\u00edas), as\u00ed como aquellas iniciativas destinadas a personas de 65 a\u00f1os y m\u00e1s, y\/o coordinadas por personas de 65 a\u00f1os y m\u00e1s.<\/p>\n<p>A trav\u00e9s de las convocatorias de Abiertos, los espacios municipales ceden el uso gratuito de sus instalaciones y los recursos t\u00e9cnicos disponibles para el desarrollo de las actividades formativas seleccionadas, que contar\u00e1n adem\u00e1s con apoyo comunicacional y con la posibilidad de generar ingresos a partir del cobro de aranceles por la actividad.<\/p>\n<p>Las presentaciones se realizan \u00fanicamente a trav\u00e9s del formulario online disponible al final de esta p\u00e1gina, presentando todos los requisitos solicitados, disponible\u00a0<strong>hasta el 3 de mayo de 2026<\/strong>.<\/p>\n<p><a href=\"https:\/\/www.rosario.gob.ar\/inicio\/convocatoria-programa-abiertos\">M\u00c1S INFO AC\u00c1<\/a><\/p>\n<p>&nbsp;<\/p>\n","protected":false},"excerpt":{"rendered":"<p>Para el desarrollo de propuestas de formaci\u00f3n por parte de artistas, docentes y trabajadores culturales de la ciudad de Rosario.<\/p>\n","protected":false},"author":2,"featured_media":7528,"comment_status":"closed","ping_status":"closed","template":"","tags":[],"mec_category":[20,19],"yoast_head":"<!-- This site is optimized with the Yoast SEO plugin v23.5 - https:\/\/yoast.com\/wordpress\/plugins\/seo\/ -->\n<title>ABIERTOS 2026 - Centro Cultural Parque de Espa\u00f1a\/AECID<\/title>\n<meta name=\"robots\" content=\"index, follow, max-snippet:-1, max-image-preview:large, max-video-preview:-1\" \/>\n<link rel=\"canonical\" href=\"https:\/\/ccpe.org.ar\/web\/actividades\/abiertos-2026\/\" \/>\n<meta property=\"og:locale\" content=\"es_ES\" \/>\n<meta property=\"og:type\" content=\"article\" \/>\n<meta property=\"og:title\" content=\"ABIERTOS 2026 - Centro Cultural Parque de Espa\u00f1a\/AECID\" \/>\n<meta property=\"og:description\" content=\"Para el desarrollo de propuestas de formaci\u00f3n por parte de artistas, docentes y trabajadores culturales de la ciudad de Rosario.\" \/>\n<meta property=\"og:url\" content=\"https:\/\/ccpe.org.ar\/web\/actividades\/abiertos-2026\/\" \/>\n<meta property=\"og:site_name\" content=\"Centro Cultural Parque de Espa\u00f1a\/AECID\" \/>\n<meta property=\"article:publisher\" content=\"https:\/\/www.facebook.com\/CCPErosario\/\" \/>\n<meta property=\"og:image\" content=\"https:\/\/ccpe.org.ar\/web\/wp-content\/uploads\/2025\/08\/abiertos.jpeg.webp\" \/>\n\t<meta property=\"og:image:width\" content=\"900\" \/>\n\t<meta property=\"og:image:height\" content=\"600\" \/>\n\t<meta property=\"og:image:type\" content=\"image\/webp\" \/>\n<meta name=\"twitter:card\" content=\"summary_large_image\" \/>\n<meta name=\"twitter:site\" content=\"@ccpe\" \/>\n<meta name=\"twitter:label1\" content=\"Tiempo de lectura\" \/>\n\t<meta name=\"twitter:data1\" content=\"2 minutos\" \/>\n<script type=\"application\/ld+json\" class=\"yoast-schema-graph\">{\"@context\":\"https:\/\/schema.org\",\"@graph\":[{\"@type\":\"WebPage\",\"@id\":\"https:\/\/ccpe.org.ar\/web\/actividades\/abiertos-2026\/\",\"url\":\"https:\/\/ccpe.org.ar\/web\/actividades\/abiertos-2026\/\",\"name\":\"ABIERTOS 2026 - Centro Cultural Parque de Espa\u00f1a\/AECID\",\"isPartOf\":{\"@id\":\"https:\/\/ccpe.org.ar\/web\/#website\"},\"primaryImageOfPage\":{\"@id\":\"https:\/\/ccpe.org.ar\/web\/actividades\/abiertos-2026\/#primaryimage\"},\"image\":{\"@id\":\"https:\/\/ccpe.org.ar\/web\/actividades\/abiertos-2026\/#primaryimage\"},\"thumbnailUrl\":\"https:\/\/ccpe.org.ar\/web\/wp-content\/uploads\/2025\/08\/abiertos.jpeg.webp\",\"datePublished\":\"2026-04-27T16:31:48+00:00\",\"dateModified\":\"2026-04-27T16:31:48+00:00\",\"breadcrumb\":{\"@id\":\"https:\/\/ccpe.org.ar\/web\/actividades\/abiertos-2026\/#breadcrumb\"},\"inLanguage\":\"es\",\"potentialAction\":[{\"@type\":\"ReadAction\",\"target\":[\"https:\/\/ccpe.org.ar\/web\/actividades\/abiertos-2026\/\"]}]},{\"@type\":\"ImageObject\",\"inLanguage\":\"es\",\"@id\":\"https:\/\/ccpe.org.ar\/web\/actividades\/abiertos-2026\/#primaryimage\",\"url\":\"https:\/\/ccpe.org.ar\/web\/wp-content\/uploads\/2025\/08\/abiertos.jpeg.webp\",\"contentUrl\":\"https:\/\/ccpe.org.ar\/web\/wp-content\/uploads\/2025\/08\/abiertos.jpeg.webp\",\"width\":900,\"height\":600,\"caption\":\"logotipo abeirtos\"},{\"@type\":\"BreadcrumbList\",\"@id\":\"https:\/\/ccpe.org.ar\/web\/actividades\/abiertos-2026\/#breadcrumb\",\"itemListElement\":[{\"@type\":\"ListItem\",\"position\":1,\"name\":\"Portada\",\"item\":\"https:\/\/ccpe.org.ar\/web\/\"},{\"@type\":\"ListItem\",\"position\":2,\"name\":\"ABIERTOS 2026\"}]},{\"@type\":\"WebSite\",\"@id\":\"https:\/\/ccpe.org.ar\/web\/#website\",\"url\":\"https:\/\/ccpe.org.ar\/web\/\",\"name\":\"Centro Cultural Parque de Espa\u00f1a\/AECID\",\"description\":\"Sitio web del Centro Cultural Parque de Espa\u00f1a\/AECID\",\"potentialAction\":[{\"@type\":\"SearchAction\",\"target\":{\"@type\":\"EntryPoint\",\"urlTemplate\":\"https:\/\/ccpe.org.ar\/web\/?s={search_term_string}\"},\"query-input\":{\"@type\":\"PropertyValueSpecification\",\"valueRequired\":true,\"valueName\":\"search_term_string\"}}],\"inLanguage\":\"es\"}]}<\/script>\n<!-- \/ Yoast SEO plugin. -->","yoast_head_json":{"title":"ABIERTOS 2026 - Centro Cultural Parque de Espa\u00f1a\/AECID","robots":{"index":"index","follow":"follow","max-snippet":"max-snippet:-1","max-image-preview":"max-image-preview:large","max-video-preview":"max-video-preview:-1"},"canonical":"https:\/\/ccpe.org.ar\/web\/actividades\/abiertos-2026\/","og_locale":"es_ES","og_type":"article","og_title":"ABIERTOS 2026 - Centro Cultural Parque de Espa\u00f1a\/AECID","og_description":"Para el desarrollo de propuestas de formaci\u00f3n por parte de artistas, docentes y trabajadores culturales de la ciudad de Rosario.","og_url":"https:\/\/ccpe.org.ar\/web\/actividades\/abiertos-2026\/","og_site_name":"Centro Cultural Parque de Espa\u00f1a\/AECID","article_publisher":"https:\/\/www.facebook.com\/CCPErosario\/","og_image":[{"width":900,"height":600,"url":"https:\/\/ccpe.org.ar\/web\/wp-content\/uploads\/2025\/08\/abiertos.jpeg.webp","type":"image\/webp"}],"twitter_card":"summary_large_image","twitter_site":"@ccpe","twitter_misc":{"Tiempo de lectura":"2 minutos"},"schema":{"@context":"https:\/\/schema.org","@graph":[{"@type":"WebPage","@id":"https:\/\/ccpe.org.ar\/web\/actividades\/abiertos-2026\/","url":"https:\/\/ccpe.org.ar\/web\/actividades\/abiertos-2026\/","name":"ABIERTOS 2026 - Centro Cultural Parque de Espa\u00f1a\/AECID","isPartOf":{"@id":"https:\/\/ccpe.org.ar\/web\/#website"},"primaryImageOfPage":{"@id":"https:\/\/ccpe.org.ar\/web\/actividades\/abiertos-2026\/#primaryimage"},"image":{"@id":"https:\/\/ccpe.org.ar\/web\/actividades\/abiertos-2026\/#primaryimage"},"thumbnailUrl":"https:\/\/ccpe.org.ar\/web\/wp-content\/uploads\/2025\/08\/abiertos.jpeg.webp","datePublished":"2026-04-27T16:31:48+00:00","dateModified":"2026-04-27T16:31:48+00:00","breadcrumb":{"@id":"https:\/\/ccpe.org.ar\/web\/actividades\/abiertos-2026\/#breadcrumb"},"inLanguage":"es","potentialAction":[{"@type":"ReadAction","target":["https:\/\/ccpe.org.ar\/web\/actividades\/abiertos-2026\/"]}]},{"@type":"ImageObject","inLanguage":"es","@id":"https:\/\/ccpe.org.ar\/web\/actividades\/abiertos-2026\/#primaryimage","url":"https:\/\/ccpe.org.ar\/web\/wp-content\/uploads\/2025\/08\/abiertos.jpeg.webp","contentUrl":"https:\/\/ccpe.org.ar\/web\/wp-content\/uploads\/2025\/08\/abiertos.jpeg.webp","width":900,"height":600,"caption":"logotipo abeirtos"},{"@type":"BreadcrumbList","@id":"https:\/\/ccpe.org.ar\/web\/actividades\/abiertos-2026\/#breadcrumb","itemListElement":[{"@type":"ListItem","position":1,"name":"Portada","item":"https:\/\/ccpe.org.ar\/web\/"},{"@type":"ListItem","position":2,"name":"ABIERTOS 2026"}]},{"@type":"WebSite","@id":"https:\/\/ccpe.org.ar\/web\/#website","url":"https:\/\/ccpe.org.ar\/web\/","name":"Centro Cultural Parque de Espa\u00f1a\/AECID","description":"Sitio web del Centro Cultural Parque de Espa\u00f1a\/AECID","potentialAction":[{"@type":"SearchAction","target":{"@type":"EntryPoint","urlTemplate":"https:\/\/ccpe.org.ar\/web\/?s={search_term_string}"},"query-input":{"@type":"PropertyValueSpecification","valueRequired":true,"valueName":"search_term_string"}}],"inLanguage":"es"}]}},"_links":{"self":[{"href":"https:\/\/ccpe.org.ar\/web\/wp-json\/wp\/v2\/mec-events\/7890"}],"collection":[{"href":"https:\/\/ccpe.org.ar\/web\/wp-json\/wp\/v2\/mec-events"}],"about":[{"href":"https:\/\/ccpe.org.ar\/web\/wp-json\/wp\/v2\/types\/mec-events"}],"author":[{"embeddable":true,"href":"https:\/\/ccpe.org.ar\/web\/wp-json\/wp\/v2\/users\/2"}],"replies":[{"embeddable":true,"href":"https:\/\/ccpe.org.ar\/web\/wp-json\/wp\/v2\/comments?post=7890"}],"wp:featuredmedia":[{"embeddable":true,"href":"https:\/\/ccpe.org.ar\/web\/wp-json\/wp\/v2\/media\/7528"}],"wp:attachment":[{"href":"https:\/\/ccpe.org.ar\/web\/wp-json\/wp\/v2\/media?parent=7890"}],"wp:term":[{"taxonomy":"post_tag","embeddable":true,"href":"https:\/\/ccpe.org.ar\/web\/wp-json\/wp\/v2\/tags?post=7890"},{"taxonomy":"mec_category","embeddable":true,"href":"https:\/\/ccpe.org.ar\/web\/wp-json\/wp\/v2\/mec_category?post=7890"}],"curies":[{"name":"wp","href":"https:\/\/api.w.org\/{rel}","templated":true}]}}

<p>La Secretaria de Cultura y Educación de la Municipalidad de Rosario abre su convocatoria a una nueva edición del Programa Abiertos, una iniciativa que pone a disposición de manera gratuita las instalaciones de museos, bibliotecas y centros culturales municipales para el desarrollo de propuestas de formación por parte de artistas, docentes y trabajadores culturales de la ciudad de Rosario.</p>
<p>La convocatoria está destinada a artistas productores/as, docentes, investigadores/as, etc. con residencia permanente en la ciudad de Rosario, que cuenten con un proyecto de formación a realizarse en un espacio cultural municipal.</p>
<p>La convocatoria se dirige a proyectos formativos independientes (clases, cursos, talleres, seminarios, workshops, clínicas, encuentros de formación, etc.), con una duración de entre 1 y 12 encuentros, a desarrollarse durante un periodo determinado y en días y horarios estipulados por las instituciones sede. La selección de los proyectos estará orientada a las posibilidades que cada espacio pueda atender conforme a las necesidades específicas de cada propuesta.</p>
<p>En el marco del Plan Mil+65, se valorarán propuestas que fomenten la participación y el protagonismo cultural de niños y niñas en su primera infancia (Primeros 1000 días), así como aquellas iniciativas destinadas a personas de 65 años y más, y/o coordinadas por personas de 65 años y más.</p>
<p>A través de las convocatorias de Abiertos, los espacios municipales ceden el uso gratuito de sus instalaciones y los recursos técnicos disponibles para el desarrollo de las actividades formativas seleccionadas, que contarán además con apoyo comunicacional y con la posibilidad de generar ingresos a partir del cobro de aranceles por la actividad.</p>
<p>Las presentaciones se realizan únicamente a través del formulario online disponible al final de esta página, presentando todos los requisitos solicitados, disponible <strong>hasta el 3 de mayo de 2026</strong>.</p>
<p><a href="https://www.rosario.gob.ar/inicio/convocatoria-programa-abiertos">MÁS INFO ACÁ</a></p>
<p>&nbsp;</p>

<p>Para el desarrollo de propuestas de formación por parte de artistas, docentes y trabajadores culturales de la ciudad de Rosario.</p>

<!-- This site is optimized with the Yoast SEO plugin v23.5 - https://yoast.com/wordpress/plugins/seo/ -->
<title>ABIERTOS 2026 - Centro Cultural Parque de España/AECID</title>
<meta name="robots" content="index, follow, max-snippet:-1, max-image-preview:large, max-video-preview:-1" />
<link rel="canonical" href="https://ccpe.org.ar/web/actividades/abiertos-2026/" />
<meta property="og:locale" content="es_ES" />
<meta property="og:type" content="article" />
<meta property="og:title" content="ABIERTOS 2026 - Centro Cultural Parque de España/AECID" />
<meta property="og:description" content="Para el desarrollo de propuestas de formación por parte de artistas, docentes y trabajadores culturales de la ciudad de Rosario." />
<meta property="og:url" content="https://ccpe.org.ar/web/actividades/abiertos-2026/" />
<meta property="og:site_name" content="Centro Cultural Parque de España/AECID" />
<meta property="article:publisher" content="https://www.facebook.com/CCPErosario/" />
<meta property="og:image" content="https://ccpe.org.ar/web/wp-content/uploads/2025/08/abiertos.jpeg.webp" />
	<meta property="og:image:width" content="900" />
	<meta property="og:image:height" content="600" />
	<meta property="og:image:type" content="image/webp" />
<meta name="twitter:card" content="summary_large_image" />
<meta name="twitter:site" content="@ccpe" />
<meta name="twitter:label1" content="Tiempo de lectura" />
	<meta name="twitter:data1" content="2 minutos" />
<script type="application/ld+json" class="yoast-schema-graph">{"@context":"https://schema.org","@graph":[{"@type":"WebPage","@id":"https://ccpe.org.ar/web/actividades/abiertos-2026/","url":"https://ccpe.org.ar/web/actividades/abiertos-2026/","name":"ABIERTOS 2026 - Centro Cultural Parque de España/AECID","isPartOf":{"@id":"https://ccpe.org.ar/web/#website"},"primaryImageOfPage":{"@id":"https://ccpe.org.ar/web/actividades/abiertos-2026/#primaryimage"},"image":{"@id":"https://ccpe.org.ar/web/actividades/abiertos-2026/#primaryimage"},"thumbnailUrl":"https://ccpe.org.ar/web/wp-content/uploads/2025/08/abiertos.jpeg.webp","datePublished":"2026-04-27T16:31:48+00:00","dateModified":"2026-04-27T16:31:48+00:00","breadcrumb":{"@id":"https://ccpe.org.ar/web/actividades/abiertos-2026/#breadcrumb"},"inLanguage":"es","potentialAction":[{"@type":"ReadAction","target":["https://ccpe.org.ar/web/actividades/abiertos-2026/"]}]},{"@type":"ImageObject","inLanguage":"es","@id":"https://ccpe.org.ar/web/actividades/abiertos-2026/#primaryimage","url":"https://ccpe.org.ar/web/wp-content/uploads/2025/08/abiertos.jpeg.webp","contentUrl":"https://ccpe.org.ar/web/wp-content/uploads/2025/08/abiertos.jpeg.webp","width":900,"height":600,"caption":"logotipo abeirtos"},{"@type":"BreadcrumbList","@id":"https://ccpe.org.ar/web/actividades/abiertos-2026/#breadcrumb","itemListElement":[{"@type":"ListItem","position":1,"name":"Portada","item":"https://ccpe.org.ar/web/"},{"@type":"ListItem","position":2,"name":"ABIERTOS 2026"}]},{"@type":"WebSite","@id":"https://ccpe.org.ar/web/#website","url":"https://ccpe.org.ar/web/","name":"Centro Cultural Parque de España/AECID","description":"Sitio web del Centro Cultural Parque de España/AECID","potentialAction":[{"@type":"SearchAction","target":{"@type":"EntryPoint","urlTemplate":"https://ccpe.org.ar/web/?s={search_term_string}"},"query-input":{"@type":"PropertyValueSpecification","valueRequired":true,"valueName":"search_term_string"}}],"inLanguage":"es"}]}</script>
<!-- / Yoast SEO plugin. -->

ABIERTOS 2026 - Centro Cultural Parque de España/AECID

Para el desarrollo de propuestas de formación por parte de artistas, docentes y trabajadores culturales de la ciudad de Rosario.

Centro Cultural Parque de España/AECID

Sitio web del Centro Cultural Parque de España/AECID
