{"id":2680,"date":"2021-03-03T10:20:10","date_gmt":"2021-03-03T13:20:10","guid":{"rendered":"https:\/\/ccpe.org.ar\/web\/?page_id=2680"},"modified":"2021-03-03T10:20:10","modified_gmt":"2021-03-03T13:20:10","slug":"mujeres-qom","status":"publish","type":"page","link":"https:\/\/ccpe.org.ar\/web\/mujeres-qom\/","title":{"rendered":"Mujeres QOM"},"content":{"rendered":"<p><strong>QOM <\/strong>es una colectiva ind\u00edgena cuya poblaci\u00f3n asentada en la provincia de Santa Fe vive en las zonas perif\u00e9ricas de las ciudades de Santa Fe y Rosario. Se compone de migrantes provenientes del Chaco, principalmente de las localidades de Castelli y Miraflores.<\/p>\n<p>Sus primeros referentes llegaron a esta provincia en la d\u00e9cada del 80 luego de padecer el proceso de reestructuracio\u0301n econo\u0301mica que afecto\u0301 el agro, algo que se evidencio\u0301 en la pe\u0301rdida de sus -ya precarizados- puestos de trabajo en la cosecha del algodo\u0301n.<\/p>\n<p>Las mujeres que forman parte de esta comunidad trabajan en red, impulsando estrategias de sustentabilidad a trav\u00e9s de creaciones colaborativas que forjan para sostener la memoria ancestral de la cultura qom, uno de los pueblos originarios que habitan el noroeste argentino desde el siglo XVI.<\/p>\n<p>Haciendo una gran labor en la visibilizaci\u00f3n de su lengua y sus modos de vincularse con el medio ambiente, transmiten saberes que hacen que sus objetos oficien como eslabones de una memoria hist\u00f3rica.<\/p>\n<p>Sus producciones de cester\u00eda dan cuenta de sus tareas de recolecci\u00f3n, de b\u00fasqueda de materiales naturales, de su estrecha relaci\u00f3n con la tierra y con la vegetaci\u00f3n.<\/p>\n<p>La tradici\u00f3n de tejer a mano piezas hechas con hojas de palma es transmitida de generaci\u00f3n a generaci\u00f3n y la venta de sus productos es concebida como una forma de subsistencia familiar.<\/p>\n<p>En este cuerpo de trabajos se encuentran tanto objetos de cester\u00eda como piezas de cer\u00e1mica, telares y tejidos de chaguar.<\/p>\n<p>Una parte de esta producci\u00f3n forma parte del proyecto <strong>QOMI<\/strong>, un emprendimiento colectivo de creaci\u00f3n de objetos sustentables que incentiva y posibilita el trabajo comunitario. El emprendimiento se lleva adelante por un grupo de tejedoras del Centro Cultural El Obrador (Rosario), que recupera las t\u00e9cnicas artesanales tradicionales qom reutilizando materiales textiles descartados.<\/p>\n<p>&nbsp;<\/p>\n<p>Artistas artesanas <strong>QOM<\/strong>: <strong>Ruperta P\u00e9rez<\/strong>, <strong>Filomena Talero<\/strong>, <strong>Roberta Catori<\/strong><\/p>\n<p><strong>QOMI <\/strong>colectivo de tejedoras: <strong>Ruperta P\u00e9rez<\/strong>, <strong>Margarita Genes<\/strong>, <strong>Roberta Catori<\/strong><\/p>\n","protected":false},"excerpt":{"rendered":"<p>QOM es una colectiva ind\u00edgena cuya poblaci\u00f3n asentada en la provincia de Santa Fe vive en las zonas perif\u00e9ricas de las ciudades de Santa Fe y Rosario. Se compone de migrantes provenientes del Chaco, principalmente de las localidades de Castelli y Miraflores. Sus primeros referentes llegaron a esta provincia en la d\u00e9cada del 80 luego [&hellip;]<\/p>\n","protected":false},"author":2,"featured_media":0,"parent":0,"menu_order":0,"comment_status":"closed","ping_status":"closed","template":"","meta":{"_et_pb_use_builder":"","_et_pb_old_content":"","_et_gb_content_width":"","_exactmetrics_skip_tracking":false,"_exactmetrics_sitenote_active":false,"_exactmetrics_sitenote_note":"","_exactmetrics_sitenote_category":0,"footnotes":""},"yoast_head":"<!-- This site is optimized with the Yoast SEO plugin v23.5 - https:\/\/yoast.com\/wordpress\/plugins\/seo\/ -->\n<title>Mujeres QOM - Centro Cultural Parque de Espa\u00f1a\/AECID<\/title>\n<meta name=\"robots\" content=\"index, follow, max-snippet:-1, max-image-preview:large, max-video-preview:-1\" \/>\n<link rel=\"canonical\" href=\"https:\/\/ccpe.org.ar\/web\/mujeres-qom\/\" \/>\n<meta property=\"og:locale\" content=\"es_ES\" \/>\n<meta property=\"og:type\" content=\"article\" \/>\n<meta property=\"og:title\" content=\"Mujeres QOM - Centro Cultural Parque de Espa\u00f1a\/AECID\" \/>\n<meta property=\"og:description\" content=\"QOM es una colectiva ind\u00edgena cuya poblaci\u00f3n asentada en la provincia de Santa Fe vive en las zonas perif\u00e9ricas de las ciudades de Santa Fe y Rosario. Se compone de migrantes provenientes del Chaco, principalmente de las localidades de Castelli y Miraflores. Sus primeros referentes llegaron a esta provincia en la d\u00e9cada del 80 luego [&hellip;]\" \/>\n<meta property=\"og:url\" content=\"https:\/\/ccpe.org.ar\/web\/mujeres-qom\/\" \/>\n<meta property=\"og:site_name\" content=\"Centro Cultural Parque de Espa\u00f1a\/AECID\" \/>\n<meta property=\"article:publisher\" content=\"https:\/\/www.facebook.com\/CCPErosario\/\" \/>\n<meta name=\"twitter:card\" content=\"summary_large_image\" \/>\n<meta name=\"twitter:site\" content=\"@ccpe\" \/>\n<meta name=\"twitter:label1\" content=\"Tiempo de lectura\" \/>\n\t<meta name=\"twitter:data1\" content=\"2 minutos\" \/>\n<script type=\"application\/ld+json\" class=\"yoast-schema-graph\">{\"@context\":\"https:\/\/schema.org\",\"@graph\":[{\"@type\":\"WebPage\",\"@id\":\"https:\/\/ccpe.org.ar\/web\/mujeres-qom\/\",\"url\":\"https:\/\/ccpe.org.ar\/web\/mujeres-qom\/\",\"name\":\"Mujeres QOM - Centro Cultural Parque de Espa\u00f1a\/AECID\",\"isPartOf\":{\"@id\":\"https:\/\/ccpe.org.ar\/web\/#website\"},\"datePublished\":\"2021-03-03T13:20:10+00:00\",\"dateModified\":\"2021-03-03T13:20:10+00:00\",\"breadcrumb\":{\"@id\":\"https:\/\/ccpe.org.ar\/web\/mujeres-qom\/#breadcrumb\"},\"inLanguage\":\"es\",\"potentialAction\":[{\"@type\":\"ReadAction\",\"target\":[\"https:\/\/ccpe.org.ar\/web\/mujeres-qom\/\"]}]},{\"@type\":\"BreadcrumbList\",\"@id\":\"https:\/\/ccpe.org.ar\/web\/mujeres-qom\/#breadcrumb\",\"itemListElement\":[{\"@type\":\"ListItem\",\"position\":1,\"name\":\"Portada\",\"item\":\"https:\/\/ccpe.org.ar\/web\/\"},{\"@type\":\"ListItem\",\"position\":2,\"name\":\"Mujeres QOM\"}]},{\"@type\":\"WebSite\",\"@id\":\"https:\/\/ccpe.org.ar\/web\/#website\",\"url\":\"https:\/\/ccpe.org.ar\/web\/\",\"name\":\"Centro Cultural Parque de Espa\u00f1a\/AECID\",\"description\":\"Sitio web del Centro Cultural Parque de Espa\u00f1a\/AECID\",\"potentialAction\":[{\"@type\":\"SearchAction\",\"target\":{\"@type\":\"EntryPoint\",\"urlTemplate\":\"https:\/\/ccpe.org.ar\/web\/?s={search_term_string}\"},\"query-input\":{\"@type\":\"PropertyValueSpecification\",\"valueRequired\":true,\"valueName\":\"search_term_string\"}}],\"inLanguage\":\"es\"}]}<\/script>\n<!-- \/ Yoast SEO plugin. -->","yoast_head_json":{"title":"Mujeres QOM - Centro Cultural Parque de Espa\u00f1a\/AECID","robots":{"index":"index","follow":"follow","max-snippet":"max-snippet:-1","max-image-preview":"max-image-preview:large","max-video-preview":"max-video-preview:-1"},"canonical":"https:\/\/ccpe.org.ar\/web\/mujeres-qom\/","og_locale":"es_ES","og_type":"article","og_title":"Mujeres QOM - Centro Cultural Parque de Espa\u00f1a\/AECID","og_description":"QOM es una colectiva ind\u00edgena cuya poblaci\u00f3n asentada en la provincia de Santa Fe vive en las zonas perif\u00e9ricas de las ciudades de Santa Fe y Rosario. Se compone de migrantes provenientes del Chaco, principalmente de las localidades de Castelli y Miraflores. Sus primeros referentes llegaron a esta provincia en la d\u00e9cada del 80 luego [&hellip;]","og_url":"https:\/\/ccpe.org.ar\/web\/mujeres-qom\/","og_site_name":"Centro Cultural Parque de Espa\u00f1a\/AECID","article_publisher":"https:\/\/www.facebook.com\/CCPErosario\/","twitter_card":"summary_large_image","twitter_site":"@ccpe","twitter_misc":{"Tiempo de lectura":"2 minutos"},"schema":{"@context":"https:\/\/schema.org","@graph":[{"@type":"WebPage","@id":"https:\/\/ccpe.org.ar\/web\/mujeres-qom\/","url":"https:\/\/ccpe.org.ar\/web\/mujeres-qom\/","name":"Mujeres QOM - Centro Cultural Parque de Espa\u00f1a\/AECID","isPartOf":{"@id":"https:\/\/ccpe.org.ar\/web\/#website"},"datePublished":"2021-03-03T13:20:10+00:00","dateModified":"2021-03-03T13:20:10+00:00","breadcrumb":{"@id":"https:\/\/ccpe.org.ar\/web\/mujeres-qom\/#breadcrumb"},"inLanguage":"es","potentialAction":[{"@type":"ReadAction","target":["https:\/\/ccpe.org.ar\/web\/mujeres-qom\/"]}]},{"@type":"BreadcrumbList","@id":"https:\/\/ccpe.org.ar\/web\/mujeres-qom\/#breadcrumb","itemListElement":[{"@type":"ListItem","position":1,"name":"Portada","item":"https:\/\/ccpe.org.ar\/web\/"},{"@type":"ListItem","position":2,"name":"Mujeres QOM"}]},{"@type":"WebSite","@id":"https:\/\/ccpe.org.ar\/web\/#website","url":"https:\/\/ccpe.org.ar\/web\/","name":"Centro Cultural Parque de Espa\u00f1a\/AECID","description":"Sitio web del Centro Cultural Parque de Espa\u00f1a\/AECID","potentialAction":[{"@type":"SearchAction","target":{"@type":"EntryPoint","urlTemplate":"https:\/\/ccpe.org.ar\/web\/?s={search_term_string}"},"query-input":{"@type":"PropertyValueSpecification","valueRequired":true,"valueName":"search_term_string"}}],"inLanguage":"es"}]}},"_links":{"self":[{"href":"https:\/\/ccpe.org.ar\/web\/wp-json\/wp\/v2\/pages\/2680"}],"collection":[{"href":"https:\/\/ccpe.org.ar\/web\/wp-json\/wp\/v2\/pages"}],"about":[{"href":"https:\/\/ccpe.org.ar\/web\/wp-json\/wp\/v2\/types\/page"}],"author":[{"embeddable":true,"href":"https:\/\/ccpe.org.ar\/web\/wp-json\/wp\/v2\/users\/2"}],"replies":[{"embeddable":true,"href":"https:\/\/ccpe.org.ar\/web\/wp-json\/wp\/v2\/comments?post=2680"}],"version-history":[{"count":0,"href":"https:\/\/ccpe.org.ar\/web\/wp-json\/wp\/v2\/pages\/2680\/revisions"}],"wp:attachment":[{"href":"https:\/\/ccpe.org.ar\/web\/wp-json\/wp\/v2\/media?parent=2680"}],"curies":[{"name":"wp","href":"https:\/\/api.w.org\/{rel}","templated":true}]}}