{"id":2682,"date":"2021-03-03T10:21:21","date_gmt":"2021-03-03T13:21:21","guid":{"rendered":"https:\/\/ccpe.org.ar\/web\/?page_id=2682"},"modified":"2021-03-03T10:21:21","modified_gmt":"2021-03-03T13:21:21","slug":"mujeres-tras-las-rejas","status":"publish","type":"page","link":"https:\/\/ccpe.org.ar\/web\/mujeres-tras-las-rejas\/","title":{"rendered":"Mujeres tras las rejas"},"content":{"rendered":"<p>Desde 2006 la ONG <strong>Mujeres tras las rejas <\/strong>trabaja con mujeres privadas de su libertad con el fin de visibilizar la situacio\u0301n de desigualdad que viven las mujeres en situaci\u00f3n de encierro.<\/p>\n<p>El universo femenino es olvidado por el sistema penal por lo que esta ONG se propone derribar los muros que invisibilizan a estas mujeres, a trave\u0301s de diferentes intervenciones, dentro y fuera de la ca\u0301rcel.<\/p>\n<p>Su misi\u00f3n es tambi\u00e9n sensibilizar a la sociedad respecto de la cruenta situacio\u0301n carcelaria y promover el ejercicio de derechos y la inclusi\u00f3n psico-socio-educativa y laboral de identidades femeninas, masculinas, gays, lesbianas, trans y travestis, poniendo en foco la problema\u0301tica carcelaria en su conjunto.<\/p>\n<p>&nbsp;<\/p>\n<p>Presidenta: Brenda Brex<\/p>\n<p>Fundadora: Graciela Rojas<\/p>\n<p>&nbsp;<\/p>\n<p><em>El enredo: Taller de experiencias creativas en el Penal n\u00ba 5 de Rosario<\/em><\/p>\n<p>&nbsp;<\/p>\n<p><strong>El enredo <\/strong>es un taller de experiencias textiles que se desarrolla en el penal n\u00ba 5 de Rosario, como una de las propuestas de la ONG <strong>Mujeres tras las Rejas<\/strong>.<\/p>\n<p>Desde 2013, el proyecto consiste en la realizaci\u00f3n de un taller semanal de aprendizaje de t\u00e9cnicas textiles, de intercambio de saberes y de experiencias de producci\u00f3n a trav\u00e9s de distintos abordajes arti\u0301sticos.<\/p>\n<p>Se trabaja con t\u00e9cnicas de bordado, tejido, macrame\u0301, cesteri\u0301a, pintura y dibujo con las que se realizan objetos utilitarios y arti\u0301sticos.<\/p>\n<p>Una vez por semana las mujeres del penal participan voluntariamente del espacio. El taller les provee material y herramientas para que ellas tambi\u00e9n puedan trabajar durante la semana en sus celdas.<\/p>\n<p>El objetivo es brindar recursos sensibles para que las mujeres del penal desarrollen sus capacidades arti\u0301sticas y t\u00e9cnicas colaborando, de este modo, en su insercio\u0301n laboral y social.<\/p>\n<p>&nbsp;<\/p>\n<p>Talleristas de <strong>El enredo<\/strong>:<\/p>\n<p><strong>Marina Gryciuk<\/strong>, <strong>Mari\u0301a Blanco<\/strong>, <strong>Florencia Sa\u0301nchez<\/strong>, <strong>Gimena Galli <\/strong>y <strong>Olga Moyano<\/strong><\/p>\n<p>&nbsp;<\/p>\n<p>Algunas de las personas privadas de la libertad que concurren al taller:<\/p>\n<p><strong>Ayel\u00e9n Dur\u00e9<\/strong>, <strong>Patricia Sayago<\/strong>, <strong>Cintia Salve<\/strong>, <strong>Alan Zapata <\/strong>y <strong>Eli Torrano<\/strong><\/p>\n","protected":false},"excerpt":{"rendered":"<p>Desde 2006 la ONG Mujeres tras las rejas trabaja con mujeres privadas de su libertad con el fin de visibilizar la situacio\u0301n de desigualdad que viven las mujeres en situaci\u00f3n de encierro. El universo femenino es olvidado por el sistema penal por lo que esta ONG se propone derribar los muros que invisibilizan a estas [&hellip;]<\/p>\n","protected":false},"author":2,"featured_media":0,"parent":0,"menu_order":0,"comment_status":"closed","ping_status":"closed","template":"","meta":{"_et_pb_use_builder":"","_et_pb_old_content":"","_et_gb_content_width":"","_exactmetrics_skip_tracking":false,"_exactmetrics_sitenote_active":false,"_exactmetrics_sitenote_note":"","_exactmetrics_sitenote_category":0,"footnotes":""},"yoast_head":"<!-- This site is optimized with the Yoast SEO plugin v23.5 - https:\/\/yoast.com\/wordpress\/plugins\/seo\/ -->\n<title>Mujeres tras las rejas - Centro Cultural Parque de Espa\u00f1a\/AECID<\/title>\n<meta name=\"robots\" content=\"index, follow, max-snippet:-1, max-image-preview:large, max-video-preview:-1\" \/>\n<link rel=\"canonical\" href=\"https:\/\/ccpe.org.ar\/web\/mujeres-tras-las-rejas\/\" \/>\n<meta property=\"og:locale\" content=\"es_ES\" \/>\n<meta property=\"og:type\" content=\"article\" \/>\n<meta property=\"og:title\" content=\"Mujeres tras las rejas - Centro Cultural Parque de Espa\u00f1a\/AECID\" \/>\n<meta property=\"og:description\" content=\"Desde 2006 la ONG Mujeres tras las rejas trabaja con mujeres privadas de su libertad con el fin de visibilizar la situacio\u0301n de desigualdad que viven las mujeres en situaci\u00f3n de encierro. El universo femenino es olvidado por el sistema penal por lo que esta ONG se propone derribar los muros que invisibilizan a estas [&hellip;]\" \/>\n<meta property=\"og:url\" content=\"https:\/\/ccpe.org.ar\/web\/mujeres-tras-las-rejas\/\" \/>\n<meta property=\"og:site_name\" content=\"Centro Cultural Parque de Espa\u00f1a\/AECID\" \/>\n<meta property=\"article:publisher\" content=\"https:\/\/www.facebook.com\/CCPErosario\/\" \/>\n<meta name=\"twitter:card\" content=\"summary_large_image\" \/>\n<meta name=\"twitter:site\" content=\"@ccpe\" \/>\n<meta name=\"twitter:label1\" content=\"Tiempo de lectura\" \/>\n\t<meta name=\"twitter:data1\" content=\"2 minutos\" \/>\n<script type=\"application\/ld+json\" class=\"yoast-schema-graph\">{\"@context\":\"https:\/\/schema.org\",\"@graph\":[{\"@type\":\"WebPage\",\"@id\":\"https:\/\/ccpe.org.ar\/web\/mujeres-tras-las-rejas\/\",\"url\":\"https:\/\/ccpe.org.ar\/web\/mujeres-tras-las-rejas\/\",\"name\":\"Mujeres tras las rejas - Centro Cultural Parque de Espa\u00f1a\/AECID\",\"isPartOf\":{\"@id\":\"https:\/\/ccpe.org.ar\/web\/#website\"},\"datePublished\":\"2021-03-03T13:21:21+00:00\",\"dateModified\":\"2021-03-03T13:21:21+00:00\",\"breadcrumb\":{\"@id\":\"https:\/\/ccpe.org.ar\/web\/mujeres-tras-las-rejas\/#breadcrumb\"},\"inLanguage\":\"es\",\"potentialAction\":[{\"@type\":\"ReadAction\",\"target\":[\"https:\/\/ccpe.org.ar\/web\/mujeres-tras-las-rejas\/\"]}]},{\"@type\":\"BreadcrumbList\",\"@id\":\"https:\/\/ccpe.org.ar\/web\/mujeres-tras-las-rejas\/#breadcrumb\",\"itemListElement\":[{\"@type\":\"ListItem\",\"position\":1,\"name\":\"Portada\",\"item\":\"https:\/\/ccpe.org.ar\/web\/\"},{\"@type\":\"ListItem\",\"position\":2,\"name\":\"Mujeres tras las rejas\"}]},{\"@type\":\"WebSite\",\"@id\":\"https:\/\/ccpe.org.ar\/web\/#website\",\"url\":\"https:\/\/ccpe.org.ar\/web\/\",\"name\":\"Centro Cultural Parque de Espa\u00f1a\/AECID\",\"description\":\"Sitio web del Centro Cultural Parque de Espa\u00f1a\/AECID\",\"potentialAction\":[{\"@type\":\"SearchAction\",\"target\":{\"@type\":\"EntryPoint\",\"urlTemplate\":\"https:\/\/ccpe.org.ar\/web\/?s={search_term_string}\"},\"query-input\":{\"@type\":\"PropertyValueSpecification\",\"valueRequired\":true,\"valueName\":\"search_term_string\"}}],\"inLanguage\":\"es\"}]}<\/script>\n<!-- \/ Yoast SEO plugin. -->","yoast_head_json":{"title":"Mujeres tras las rejas - Centro Cultural Parque de Espa\u00f1a\/AECID","robots":{"index":"index","follow":"follow","max-snippet":"max-snippet:-1","max-image-preview":"max-image-preview:large","max-video-preview":"max-video-preview:-1"},"canonical":"https:\/\/ccpe.org.ar\/web\/mujeres-tras-las-rejas\/","og_locale":"es_ES","og_type":"article","og_title":"Mujeres tras las rejas - Centro Cultural Parque de Espa\u00f1a\/AECID","og_description":"Desde 2006 la ONG Mujeres tras las rejas trabaja con mujeres privadas de su libertad con el fin de visibilizar la situacio\u0301n de desigualdad que viven las mujeres en situaci\u00f3n de encierro. El universo femenino es olvidado por el sistema penal por lo que esta ONG se propone derribar los muros que invisibilizan a estas [&hellip;]","og_url":"https:\/\/ccpe.org.ar\/web\/mujeres-tras-las-rejas\/","og_site_name":"Centro Cultural Parque de Espa\u00f1a\/AECID","article_publisher":"https:\/\/www.facebook.com\/CCPErosario\/","twitter_card":"summary_large_image","twitter_site":"@ccpe","twitter_misc":{"Tiempo de lectura":"2 minutos"},"schema":{"@context":"https:\/\/schema.org","@graph":[{"@type":"WebPage","@id":"https:\/\/ccpe.org.ar\/web\/mujeres-tras-las-rejas\/","url":"https:\/\/ccpe.org.ar\/web\/mujeres-tras-las-rejas\/","name":"Mujeres tras las rejas - Centro Cultural Parque de Espa\u00f1a\/AECID","isPartOf":{"@id":"https:\/\/ccpe.org.ar\/web\/#website"},"datePublished":"2021-03-03T13:21:21+00:00","dateModified":"2021-03-03T13:21:21+00:00","breadcrumb":{"@id":"https:\/\/ccpe.org.ar\/web\/mujeres-tras-las-rejas\/#breadcrumb"},"inLanguage":"es","potentialAction":[{"@type":"ReadAction","target":["https:\/\/ccpe.org.ar\/web\/mujeres-tras-las-rejas\/"]}]},{"@type":"BreadcrumbList","@id":"https:\/\/ccpe.org.ar\/web\/mujeres-tras-las-rejas\/#breadcrumb","itemListElement":[{"@type":"ListItem","position":1,"name":"Portada","item":"https:\/\/ccpe.org.ar\/web\/"},{"@type":"ListItem","position":2,"name":"Mujeres tras las rejas"}]},{"@type":"WebSite","@id":"https:\/\/ccpe.org.ar\/web\/#website","url":"https:\/\/ccpe.org.ar\/web\/","name":"Centro Cultural Parque de Espa\u00f1a\/AECID","description":"Sitio web del Centro Cultural Parque de Espa\u00f1a\/AECID","potentialAction":[{"@type":"SearchAction","target":{"@type":"EntryPoint","urlTemplate":"https:\/\/ccpe.org.ar\/web\/?s={search_term_string}"},"query-input":{"@type":"PropertyValueSpecification","valueRequired":true,"valueName":"search_term_string"}}],"inLanguage":"es"}]}},"_links":{"self":[{"href":"https:\/\/ccpe.org.ar\/web\/wp-json\/wp\/v2\/pages\/2682"}],"collection":[{"href":"https:\/\/ccpe.org.ar\/web\/wp-json\/wp\/v2\/pages"}],"about":[{"href":"https:\/\/ccpe.org.ar\/web\/wp-json\/wp\/v2\/types\/page"}],"author":[{"embeddable":true,"href":"https:\/\/ccpe.org.ar\/web\/wp-json\/wp\/v2\/users\/2"}],"replies":[{"embeddable":true,"href":"https:\/\/ccpe.org.ar\/web\/wp-json\/wp\/v2\/comments?post=2682"}],"version-history":[{"count":0,"href":"https:\/\/ccpe.org.ar\/web\/wp-json\/wp\/v2\/pages\/2682\/revisions"}],"wp:attachment":[{"href":"https:\/\/ccpe.org.ar\/web\/wp-json\/wp\/v2\/media?parent=2682"}],"curies":[{"name":"wp","href":"https:\/\/api.w.org\/{rel}","templated":true}]}}

<p>Desde 2006 la ONG <strong>Mujeres tras las rejas </strong>trabaja con mujeres privadas de su libertad con el fin de visibilizar la situación de desigualdad que viven las mujeres en situación de encierro.</p>
<p>El universo femenino es olvidado por el sistema penal por lo que esta ONG se propone derribar los muros que invisibilizan a estas mujeres, a través de diferentes intervenciones, dentro y fuera de la cárcel.</p>
<p>Su misión es también sensibilizar a la sociedad respecto de la cruenta situación carcelaria y promover el ejercicio de derechos y la inclusión psico-socio-educativa y laboral de identidades femeninas, masculinas, gays, lesbianas, trans y travestis, poniendo en foco la problemática carcelaria en su conjunto.</p>
<p>&nbsp;</p>
<p>Presidenta: Brenda Brex</p>
<p>Fundadora: Graciela Rojas</p>
<p>&nbsp;</p>
<p><em>El enredo: Taller de experiencias creativas en el Penal nº 5 de Rosario</em></p>
<p>&nbsp;</p>
<p><strong>El enredo </strong>es un taller de experiencias textiles que se desarrolla en el penal nº 5 de Rosario, como una de las propuestas de la ONG <strong>Mujeres tras las Rejas</strong>.</p>
<p>Desde 2013, el proyecto consiste en la realización de un taller semanal de aprendizaje de técnicas textiles, de intercambio de saberes y de experiencias de producción a través de distintos abordajes artísticos.</p>
<p>Se trabaja con técnicas de bordado, tejido, macramé, cestería, pintura y dibujo con las que se realizan objetos utilitarios y artísticos.</p>
<p>Una vez por semana las mujeres del penal participan voluntariamente del espacio. El taller les provee material y herramientas para que ellas también puedan trabajar durante la semana en sus celdas.</p>
<p>El objetivo es brindar recursos sensibles para que las mujeres del penal desarrollen sus capacidades artísticas y técnicas colaborando, de este modo, en su inserción laboral y social.</p>
<p>&nbsp;</p>
<p>Talleristas de <strong>El enredo</strong>:</p>
<p><strong>Marina Gryciuk</strong>, <strong>María Blanco</strong>, <strong>Florencia Sánchez</strong>, <strong>Gimena Galli </strong>y <strong>Olga Moyano</strong></p>
<p>&nbsp;</p>
<p>Algunas de las personas privadas de la libertad que concurren al taller:</p>
<p><strong>Ayelén Duré</strong>, <strong>Patricia Sayago</strong>, <strong>Cintia Salve</strong>, <strong>Alan Zapata </strong>y <strong>Eli Torrano</strong></p>

<p>Desde 2006 la ONG Mujeres tras las rejas trabaja con mujeres privadas de su libertad con el fin de visibilizar la situación de desigualdad que viven las mujeres en situación de encierro. El universo femenino es olvidado por el sistema penal por lo que esta ONG se propone derribar los muros que invisibilizan a estas [&hellip;]</p>

<!-- This site is optimized with the Yoast SEO plugin v23.5 - https://yoast.com/wordpress/plugins/seo/ -->
<title>Mujeres tras las rejas - Centro Cultural Parque de España/AECID</title>
<meta name="robots" content="index, follow, max-snippet:-1, max-image-preview:large, max-video-preview:-1" />
<link rel="canonical" href="https://ccpe.org.ar/web/mujeres-tras-las-rejas/" />
<meta property="og:locale" content="es_ES" />
<meta property="og:type" content="article" />
<meta property="og:title" content="Mujeres tras las rejas - Centro Cultural Parque de España/AECID" />
<meta property="og:description" content="Desde 2006 la ONG Mujeres tras las rejas trabaja con mujeres privadas de su libertad con el fin de visibilizar la situación de desigualdad que viven las mujeres en situación de encierro. El universo femenino es olvidado por el sistema penal por lo que esta ONG se propone derribar los muros que invisibilizan a estas [&hellip;]" />
<meta property="og:url" content="https://ccpe.org.ar/web/mujeres-tras-las-rejas/" />
<meta property="og:site_name" content="Centro Cultural Parque de España/AECID" />
<meta property="article:publisher" content="https://www.facebook.com/CCPErosario/" />
<meta name="twitter:card" content="summary_large_image" />
<meta name="twitter:site" content="@ccpe" />
<meta name="twitter:label1" content="Tiempo de lectura" />
	<meta name="twitter:data1" content="2 minutos" />
<script type="application/ld+json" class="yoast-schema-graph">{"@context":"https://schema.org","@graph":[{"@type":"WebPage","@id":"https://ccpe.org.ar/web/mujeres-tras-las-rejas/","url":"https://ccpe.org.ar/web/mujeres-tras-las-rejas/","name":"Mujeres tras las rejas - Centro Cultural Parque de España/AECID","isPartOf":{"@id":"https://ccpe.org.ar/web/#website"},"datePublished":"2021-03-03T13:21:21+00:00","dateModified":"2021-03-03T13:21:21+00:00","breadcrumb":{"@id":"https://ccpe.org.ar/web/mujeres-tras-las-rejas/#breadcrumb"},"inLanguage":"es","potentialAction":[{"@type":"ReadAction","target":["https://ccpe.org.ar/web/mujeres-tras-las-rejas/"]}]},{"@type":"BreadcrumbList","@id":"https://ccpe.org.ar/web/mujeres-tras-las-rejas/#breadcrumb","itemListElement":[{"@type":"ListItem","position":1,"name":"Portada","item":"https://ccpe.org.ar/web/"},{"@type":"ListItem","position":2,"name":"Mujeres tras las rejas"}]},{"@type":"WebSite","@id":"https://ccpe.org.ar/web/#website","url":"https://ccpe.org.ar/web/","name":"Centro Cultural Parque de España/AECID","description":"Sitio web del Centro Cultural Parque de España/AECID","potentialAction":[{"@type":"SearchAction","target":{"@type":"EntryPoint","urlTemplate":"https://ccpe.org.ar/web/?s={search_term_string}"},"query-input":{"@type":"PropertyValueSpecification","valueRequired":true,"valueName":"search_term_string"}}],"inLanguage":"es"}]}</script>
<!-- / Yoast SEO plugin. -->

Mujeres tras las rejas - Centro Cultural Parque de España/AECID

Desde 2006 la ONG Mujeres tras las rejas trabaja con mujeres privadas de su libertad con el fin de visibilizar la situación de desigualdad que viven las mujeres en situación de encierro. El universo femenino es olvidado por el sistema penal por lo que esta ONG se propone derribar los muros que invisibilizan a estas [&hellip;]

Centro Cultural Parque de España/AECID

Sitio web del Centro Cultural Parque de España/AECID
