{"id":2688,"date":"2021-03-03T10:24:44","date_gmt":"2021-03-03T13:24:44","guid":{"rendered":"https:\/\/ccpe.org.ar\/web\/?page_id=2688"},"modified":"2021-03-03T10:24:44","modified_gmt":"2021-03-03T13:24:44","slug":"mujeres-de-negro-rosario","status":"publish","type":"page","link":"https:\/\/ccpe.org.ar\/web\/mujeres-de-negro-rosario\/","title":{"rendered":"Mujeres de Negro Rosario"},"content":{"rendered":"<p><strong>Mujeres de Negro <\/strong>es un movimiento internacional que naci\u00f3 en Jerusal\u00e9n en 1987, cuando un grupo de mujeres israelitas y palestinas decidieron salir vestidas de negro y en silencio para protestar contra la ocupaci\u00f3n israel\u00ed de los territorios palestinos. Desde ese d\u00eda se manifiestan todos los viernes una hora.<\/p>\n<p>La l\u00ednea de actuaci\u00f3n de <strong>Mujeres de Negro <\/strong>implica la denuncia continua de la violencia que se ejerce desde los diferentes espacios de poder (gubernamentales, estatales, nacionalistas, culturales, religiosos o familiares) contra los grupos poblacionales o personas o culturas que est\u00e1n en situaci\u00f3n de \u201cno poder\u201d.<\/p>\n<p>En todos y cada uno de estos espacios, y no casualmente, las mujeres son las v\u00edctimas prioritarias y mayoritarias de todos los tipos de violencia: asesinatos, violaciones, mutilaciones, maltratos f\u00edsicos y\/o psicol\u00f3gicos, tr\u00e1fico de sus cuerpos y sus \u00f3rganos, pobreza extrema, negaci\u00f3n de su ser y estar (de sus necesidades y deseos, de sus palabras y sus hechos).<\/p>\n<p>Una de las acciones \u201cbase\u201d de <strong>Mujeres de Negro <\/strong>es el rechazo taxativo y absoluto a los conflictos b\u00e9licos y a las sociedades militarizadas, entendidos ambos como la expresi\u00f3n m\u00e1xima de la estructura patriarcal y de sus medios de apoyo y reproducci\u00f3n. Tambi\u00e9n, el an\u00e1lisis y b\u00fasqueda de alternativas, desde una \u00e9tica feminista, para deconstruir un sistema basado en las relaciones de violencia y conseguir una convivencia pac\u00edfica y respetuosa entre diferentes.<\/p>\n<p>La red re\u00fane a las mujeres de todos los pa\u00edses de la ex Yugoslavia, Europa, EEUU, Am\u00e9rica Latina, Asia y \u00c1frica. Como parte de la misma, <strong>Mujeres de Negro Rosario <\/strong>trabaja y ha trabajado situadamente desde 2012 visibilizando los femicidios, los travesticidios y las muertes por abortos clandestinos integrando tambi\u00e9n la <strong>Red de Mujeres del Noroeste <\/strong>de la ciudad. Su primera intervenci\u00f3n fue en la esquina de C\u00f3rdoba y Moreno el 5 de abril de 2012.<\/p>\n<p>En su documento de presentaci\u00f3n la agrupaci\u00f3n se\u00f1ala:<\/p>\n<p>\u201cNos manifestamos p\u00fablicamente (generalmente en plazas) contra la violencia, con una imagen com\u00fan:<\/p>\n<p>DE NEGRO: en se\u00f1al de duelo, para ser m\u00e1s visibles.<\/p>\n<p>EN SILENCIO: porque faltan palabras para poder explicar todos los horrores que sufren las mujeres en el mundo y en denuncia por la ausencia de voz de las mujeres en la historia\u201d.<\/p>\n<p>&nbsp;<\/p>\n<p><strong>Redes sociales:<\/strong><\/p>\n<p><a href=\"https:\/\/www.instagram.com\/mdn_rosario\/\">https:\/\/www.instagram.com\/mdn_rosario\/<\/a><\/p>\n<p>&nbsp;<\/p>\n<p>&nbsp;<\/p>\n","protected":false},"excerpt":{"rendered":"<p>Mujeres de Negro es un movimiento internacional que naci\u00f3 en Jerusal\u00e9n en 1987, cuando un grupo de mujeres israelitas y palestinas decidieron salir vestidas de negro y en silencio para protestar contra la ocupaci\u00f3n israel\u00ed de los territorios palestinos. Desde ese d\u00eda se manifiestan todos los viernes una hora. La l\u00ednea de actuaci\u00f3n de Mujeres [&hellip;]<\/p>\n","protected":false},"author":2,"featured_media":0,"parent":0,"menu_order":0,"comment_status":"closed","ping_status":"closed","template":"","meta":{"_et_pb_use_builder":"","_et_pb_old_content":"","_et_gb_content_width":"","_exactmetrics_skip_tracking":false,"_exactmetrics_sitenote_active":false,"_exactmetrics_sitenote_note":"","_exactmetrics_sitenote_category":0,"footnotes":""},"yoast_head":"<!-- This site is optimized with the Yoast SEO plugin v23.5 - https:\/\/yoast.com\/wordpress\/plugins\/seo\/ -->\n<title>Mujeres de Negro Rosario - Centro Cultural Parque de Espa\u00f1a\/AECID<\/title>\n<meta name=\"robots\" content=\"index, follow, max-snippet:-1, max-image-preview:large, max-video-preview:-1\" \/>\n<link rel=\"canonical\" href=\"https:\/\/ccpe.org.ar\/web\/mujeres-de-negro-rosario\/\" \/>\n<meta property=\"og:locale\" content=\"es_ES\" \/>\n<meta property=\"og:type\" content=\"article\" \/>\n<meta property=\"og:title\" content=\"Mujeres de Negro Rosario - Centro Cultural Parque de Espa\u00f1a\/AECID\" \/>\n<meta property=\"og:description\" content=\"Mujeres de Negro es un movimiento internacional que naci\u00f3 en Jerusal\u00e9n en 1987, cuando un grupo de mujeres israelitas y palestinas decidieron salir vestidas de negro y en silencio para protestar contra la ocupaci\u00f3n israel\u00ed de los territorios palestinos. Desde ese d\u00eda se manifiestan todos los viernes una hora. La l\u00ednea de actuaci\u00f3n de Mujeres [&hellip;]\" \/>\n<meta property=\"og:url\" content=\"https:\/\/ccpe.org.ar\/web\/mujeres-de-negro-rosario\/\" \/>\n<meta property=\"og:site_name\" content=\"Centro Cultural Parque de Espa\u00f1a\/AECID\" \/>\n<meta property=\"article:publisher\" content=\"https:\/\/www.facebook.com\/CCPErosario\/\" \/>\n<meta name=\"twitter:card\" content=\"summary_large_image\" \/>\n<meta name=\"twitter:site\" content=\"@ccpe\" \/>\n<meta name=\"twitter:label1\" content=\"Tiempo de lectura\" \/>\n\t<meta name=\"twitter:data1\" content=\"2 minutos\" \/>\n<script type=\"application\/ld+json\" class=\"yoast-schema-graph\">{\"@context\":\"https:\/\/schema.org\",\"@graph\":[{\"@type\":\"WebPage\",\"@id\":\"https:\/\/ccpe.org.ar\/web\/mujeres-de-negro-rosario\/\",\"url\":\"https:\/\/ccpe.org.ar\/web\/mujeres-de-negro-rosario\/\",\"name\":\"Mujeres de Negro Rosario - Centro Cultural Parque de Espa\u00f1a\/AECID\",\"isPartOf\":{\"@id\":\"https:\/\/ccpe.org.ar\/web\/#website\"},\"datePublished\":\"2021-03-03T13:24:44+00:00\",\"dateModified\":\"2021-03-03T13:24:44+00:00\",\"breadcrumb\":{\"@id\":\"https:\/\/ccpe.org.ar\/web\/mujeres-de-negro-rosario\/#breadcrumb\"},\"inLanguage\":\"es\",\"potentialAction\":[{\"@type\":\"ReadAction\",\"target\":[\"https:\/\/ccpe.org.ar\/web\/mujeres-de-negro-rosario\/\"]}]},{\"@type\":\"BreadcrumbList\",\"@id\":\"https:\/\/ccpe.org.ar\/web\/mujeres-de-negro-rosario\/#breadcrumb\",\"itemListElement\":[{\"@type\":\"ListItem\",\"position\":1,\"name\":\"Portada\",\"item\":\"https:\/\/ccpe.org.ar\/web\/\"},{\"@type\":\"ListItem\",\"position\":2,\"name\":\"Mujeres de Negro Rosario\"}]},{\"@type\":\"WebSite\",\"@id\":\"https:\/\/ccpe.org.ar\/web\/#website\",\"url\":\"https:\/\/ccpe.org.ar\/web\/\",\"name\":\"Centro Cultural Parque de Espa\u00f1a\/AECID\",\"description\":\"Sitio web del Centro Cultural Parque de Espa\u00f1a\/AECID\",\"potentialAction\":[{\"@type\":\"SearchAction\",\"target\":{\"@type\":\"EntryPoint\",\"urlTemplate\":\"https:\/\/ccpe.org.ar\/web\/?s={search_term_string}\"},\"query-input\":{\"@type\":\"PropertyValueSpecification\",\"valueRequired\":true,\"valueName\":\"search_term_string\"}}],\"inLanguage\":\"es\"}]}<\/script>\n<!-- \/ Yoast SEO plugin. -->","yoast_head_json":{"title":"Mujeres de Negro Rosario - Centro Cultural Parque de Espa\u00f1a\/AECID","robots":{"index":"index","follow":"follow","max-snippet":"max-snippet:-1","max-image-preview":"max-image-preview:large","max-video-preview":"max-video-preview:-1"},"canonical":"https:\/\/ccpe.org.ar\/web\/mujeres-de-negro-rosario\/","og_locale":"es_ES","og_type":"article","og_title":"Mujeres de Negro Rosario - Centro Cultural Parque de Espa\u00f1a\/AECID","og_description":"Mujeres de Negro es un movimiento internacional que naci\u00f3 en Jerusal\u00e9n en 1987, cuando un grupo de mujeres israelitas y palestinas decidieron salir vestidas de negro y en silencio para protestar contra la ocupaci\u00f3n israel\u00ed de los territorios palestinos. Desde ese d\u00eda se manifiestan todos los viernes una hora. La l\u00ednea de actuaci\u00f3n de Mujeres [&hellip;]","og_url":"https:\/\/ccpe.org.ar\/web\/mujeres-de-negro-rosario\/","og_site_name":"Centro Cultural Parque de Espa\u00f1a\/AECID","article_publisher":"https:\/\/www.facebook.com\/CCPErosario\/","twitter_card":"summary_large_image","twitter_site":"@ccpe","twitter_misc":{"Tiempo de lectura":"2 minutos"},"schema":{"@context":"https:\/\/schema.org","@graph":[{"@type":"WebPage","@id":"https:\/\/ccpe.org.ar\/web\/mujeres-de-negro-rosario\/","url":"https:\/\/ccpe.org.ar\/web\/mujeres-de-negro-rosario\/","name":"Mujeres de Negro Rosario - Centro Cultural Parque de Espa\u00f1a\/AECID","isPartOf":{"@id":"https:\/\/ccpe.org.ar\/web\/#website"},"datePublished":"2021-03-03T13:24:44+00:00","dateModified":"2021-03-03T13:24:44+00:00","breadcrumb":{"@id":"https:\/\/ccpe.org.ar\/web\/mujeres-de-negro-rosario\/#breadcrumb"},"inLanguage":"es","potentialAction":[{"@type":"ReadAction","target":["https:\/\/ccpe.org.ar\/web\/mujeres-de-negro-rosario\/"]}]},{"@type":"BreadcrumbList","@id":"https:\/\/ccpe.org.ar\/web\/mujeres-de-negro-rosario\/#breadcrumb","itemListElement":[{"@type":"ListItem","position":1,"name":"Portada","item":"https:\/\/ccpe.org.ar\/web\/"},{"@type":"ListItem","position":2,"name":"Mujeres de Negro Rosario"}]},{"@type":"WebSite","@id":"https:\/\/ccpe.org.ar\/web\/#website","url":"https:\/\/ccpe.org.ar\/web\/","name":"Centro Cultural Parque de Espa\u00f1a\/AECID","description":"Sitio web del Centro Cultural Parque de Espa\u00f1a\/AECID","potentialAction":[{"@type":"SearchAction","target":{"@type":"EntryPoint","urlTemplate":"https:\/\/ccpe.org.ar\/web\/?s={search_term_string}"},"query-input":{"@type":"PropertyValueSpecification","valueRequired":true,"valueName":"search_term_string"}}],"inLanguage":"es"}]}},"_links":{"self":[{"href":"https:\/\/ccpe.org.ar\/web\/wp-json\/wp\/v2\/pages\/2688"}],"collection":[{"href":"https:\/\/ccpe.org.ar\/web\/wp-json\/wp\/v2\/pages"}],"about":[{"href":"https:\/\/ccpe.org.ar\/web\/wp-json\/wp\/v2\/types\/page"}],"author":[{"embeddable":true,"href":"https:\/\/ccpe.org.ar\/web\/wp-json\/wp\/v2\/users\/2"}],"replies":[{"embeddable":true,"href":"https:\/\/ccpe.org.ar\/web\/wp-json\/wp\/v2\/comments?post=2688"}],"version-history":[{"count":0,"href":"https:\/\/ccpe.org.ar\/web\/wp-json\/wp\/v2\/pages\/2688\/revisions"}],"wp:attachment":[{"href":"https:\/\/ccpe.org.ar\/web\/wp-json\/wp\/v2\/media?parent=2688"}],"curies":[{"name":"wp","href":"https:\/\/api.w.org\/{rel}","templated":true}]}}

<p><strong>Mujeres de Negro </strong>es un movimiento internacional que nació en Jerusalén en 1987, cuando un grupo de mujeres israelitas y palestinas decidieron salir vestidas de negro y en silencio para protestar contra la ocupación israelí de los territorios palestinos. Desde ese día se manifiestan todos los viernes una hora.</p>
<p>La línea de actuación de <strong>Mujeres de Negro </strong>implica la denuncia continua de la violencia que se ejerce desde los diferentes espacios de poder (gubernamentales, estatales, nacionalistas, culturales, religiosos o familiares) contra los grupos poblacionales o personas o culturas que están en situación de “no poder”.</p>
<p>En todos y cada uno de estos espacios, y no casualmente, las mujeres son las víctimas prioritarias y mayoritarias de todos los tipos de violencia: asesinatos, violaciones, mutilaciones, maltratos físicos y/o psicológicos, tráfico de sus cuerpos y sus órganos, pobreza extrema, negación de su ser y estar (de sus necesidades y deseos, de sus palabras y sus hechos).</p>
<p>Una de las acciones “base” de <strong>Mujeres de Negro </strong>es el rechazo taxativo y absoluto a los conflictos bélicos y a las sociedades militarizadas, entendidos ambos como la expresión máxima de la estructura patriarcal y de sus medios de apoyo y reproducción. También, el análisis y búsqueda de alternativas, desde una ética feminista, para deconstruir un sistema basado en las relaciones de violencia y conseguir una convivencia pacífica y respetuosa entre diferentes.</p>
<p>La red reúne a las mujeres de todos los países de la ex Yugoslavia, Europa, EEUU, América Latina, Asia y África. Como parte de la misma, <strong>Mujeres de Negro Rosario </strong>trabaja y ha trabajado situadamente desde 2012 visibilizando los femicidios, los travesticidios y las muertes por abortos clandestinos integrando también la <strong>Red de Mujeres del Noroeste </strong>de la ciudad. Su primera intervención fue en la esquina de Córdoba y Moreno el 5 de abril de 2012.</p>
<p>En su documento de presentación la agrupación señala:</p>
<p>“Nos manifestamos públicamente (generalmente en plazas) contra la violencia, con una imagen común:</p>
<p>DE NEGRO: en señal de duelo, para ser más visibles.</p>
<p>EN SILENCIO: porque faltan palabras para poder explicar todos los horrores que sufren las mujeres en el mundo y en denuncia por la ausencia de voz de las mujeres en la historia”.</p>
<p>&nbsp;</p>
<p><strong>Redes sociales:</strong></p>
<p><a href="https://www.instagram.com/mdn_rosario/">https://www.instagram.com/mdn_rosario/</a></p>
<p>&nbsp;</p>
<p>&nbsp;</p>

<p>Mujeres de Negro es un movimiento internacional que nació en Jerusalén en 1987, cuando un grupo de mujeres israelitas y palestinas decidieron salir vestidas de negro y en silencio para protestar contra la ocupación israelí de los territorios palestinos. Desde ese día se manifiestan todos los viernes una hora. La línea de actuación de Mujeres [&hellip;]</p>

<!-- This site is optimized with the Yoast SEO plugin v23.5 - https://yoast.com/wordpress/plugins/seo/ -->
<title>Mujeres de Negro Rosario - Centro Cultural Parque de España/AECID</title>
<meta name="robots" content="index, follow, max-snippet:-1, max-image-preview:large, max-video-preview:-1" />
<link rel="canonical" href="https://ccpe.org.ar/web/mujeres-de-negro-rosario/" />
<meta property="og:locale" content="es_ES" />
<meta property="og:type" content="article" />
<meta property="og:title" content="Mujeres de Negro Rosario - Centro Cultural Parque de España/AECID" />
<meta property="og:description" content="Mujeres de Negro es un movimiento internacional que nació en Jerusalén en 1987, cuando un grupo de mujeres israelitas y palestinas decidieron salir vestidas de negro y en silencio para protestar contra la ocupación israelí de los territorios palestinos. Desde ese día se manifiestan todos los viernes una hora. La línea de actuación de Mujeres [&hellip;]" />
<meta property="og:url" content="https://ccpe.org.ar/web/mujeres-de-negro-rosario/" />
<meta property="og:site_name" content="Centro Cultural Parque de España/AECID" />
<meta property="article:publisher" content="https://www.facebook.com/CCPErosario/" />
<meta name="twitter:card" content="summary_large_image" />
<meta name="twitter:site" content="@ccpe" />
<meta name="twitter:label1" content="Tiempo de lectura" />
	<meta name="twitter:data1" content="2 minutos" />
<script type="application/ld+json" class="yoast-schema-graph">{"@context":"https://schema.org","@graph":[{"@type":"WebPage","@id":"https://ccpe.org.ar/web/mujeres-de-negro-rosario/","url":"https://ccpe.org.ar/web/mujeres-de-negro-rosario/","name":"Mujeres de Negro Rosario - Centro Cultural Parque de España/AECID","isPartOf":{"@id":"https://ccpe.org.ar/web/#website"},"datePublished":"2021-03-03T13:24:44+00:00","dateModified":"2021-03-03T13:24:44+00:00","breadcrumb":{"@id":"https://ccpe.org.ar/web/mujeres-de-negro-rosario/#breadcrumb"},"inLanguage":"es","potentialAction":[{"@type":"ReadAction","target":["https://ccpe.org.ar/web/mujeres-de-negro-rosario/"]}]},{"@type":"BreadcrumbList","@id":"https://ccpe.org.ar/web/mujeres-de-negro-rosario/#breadcrumb","itemListElement":[{"@type":"ListItem","position":1,"name":"Portada","item":"https://ccpe.org.ar/web/"},{"@type":"ListItem","position":2,"name":"Mujeres de Negro Rosario"}]},{"@type":"WebSite","@id":"https://ccpe.org.ar/web/#website","url":"https://ccpe.org.ar/web/","name":"Centro Cultural Parque de España/AECID","description":"Sitio web del Centro Cultural Parque de España/AECID","potentialAction":[{"@type":"SearchAction","target":{"@type":"EntryPoint","urlTemplate":"https://ccpe.org.ar/web/?s={search_term_string}"},"query-input":{"@type":"PropertyValueSpecification","valueRequired":true,"valueName":"search_term_string"}}],"inLanguage":"es"}]}</script>
<!-- / Yoast SEO plugin. -->

Mujeres de Negro Rosario - Centro Cultural Parque de España/AECID

Mujeres de Negro es un movimiento internacional que nació en Jerusalén en 1987, cuando un grupo de mujeres israelitas y palestinas decidieron salir vestidas de negro y en silencio para protestar contra la ocupación israelí de los territorios palestinos. Desde ese día se manifiestan todos los viernes una hora. La línea de actuación de Mujeres [&hellip;]

Centro Cultural Parque de España/AECID

Sitio web del Centro Cultural Parque de España/AECID
